CRAN Package Check Results for Package simplexreg

Last updated on 2018-04-29 01:47:24 CEST.

Flavor Version Tinstall Tcheck Ttotal Status Flags
r-devel-linux-x86_64-debian-clang 1.3 4.68 30.96 35.64 NOTE
r-devel-linux-x86_64-debian-gcc 1.3 3.61 24.67 28.28 NOTE
r-devel-linux-x86_64-fedora-clang 1.3 42.94 NOTE
r-devel-linux-x86_64-fedora-gcc 1.3 40.46 NOTE
r-devel-windows-ix86+x86_64 1.3 14.00 55.00 69.00 OK
r-patched-linux-x86_64 1.3 4.96 30.69 35.65 NOTE
r-patched-solaris-x86 1.3 67.70 OK
r-release-linux-x86_64 1.3 4.29 30.77 35.06 NOTE
r-release-windows-ix86+x86_64 1.3 14.00 55.00 69.00 OK
r-release-osx-x86_64 1.3 OK
r-oldrel-windows-ix86+x86_64 1.3 7.00 57.00 64.00 OK
r-oldrel-osx-x86_64 1.3 OK

Check Details

Version: 1.3
Check: compiled code
Result: NOTE
    File ‘simplexreg/libs/simplexreg.so’:
     Found no calls to: ‘R_registerRoutines’, ‘R_useDynamicSymbols’
    
    It is good practice to register native routines and to disable symbol
    search.
    
    See ‘Writing portable packages’ in the ‘Writing R Extensions’ manual.
Flavors: r-devel-linux-x86_64-debian-clang, r-devel-linux-x86_64-debian-gcc, r-devel-linux-x86_64-fedora-clang, r-devel-linux-x86_64-fedora-gcc, r-patched-linux-x86_64, r-release-linux-x86_64