Last updated on 2018-04-29 01:47:24 CEST.
Flavor | Version | Tinstall | Tcheck | Ttotal | Status | Flags |
---|---|---|---|---|---|---|
r-devel-linux-x86_64-debian-clang | 2.4.1 | 23.75 | 317.09 | 340.84 | OK | |
r-devel-linux-x86_64-debian-gcc | 2.4.1 | 15.03 | 253.35 | 268.38 | OK | |
r-devel-linux-x86_64-fedora-clang | 2.4.1 | 421.18 | OK | |||
r-devel-linux-x86_64-fedora-gcc | 2.4.1 | 416.10 | OK | |||
r-devel-windows-ix86+x86_64 | 2.4.1 | 12.00 | 12.00 | 24.00 | ERROR | |
r-patched-linux-x86_64 | 2.4.1 | 16.98 | 311.38 | 328.36 | OK | |
r-patched-solaris-x86 | 2.4.1 | 581.90 | OK | |||
r-release-linux-x86_64 | 2.4.1 | 23.31 | 306.05 | 329.36 | OK | |
r-release-windows-ix86+x86_64 | 2.4.1 | 12.00 | 12.00 | 24.00 | ERROR | |
r-release-osx-x86_64 | 2.4.1 | OK | ||||
r-oldrel-windows-ix86+x86_64 | 2.4.1 | 25.00 | 344.00 | 369.00 | OK | |
r-oldrel-osx-x86_64 | 2.4.1 | OK |
Version: 2.4.1
Check: whether package can be installed
Result: ERROR
Installation failed.
Flavors: r-devel-windows-ix86+x86_64, r-release-windows-ix86+x86_64