Last updated on 2018-04-29 01:47:24 CEST.
Flavor | Version | Tinstall | Tcheck | Ttotal | Status | Flags |
---|---|---|---|---|---|---|
r-devel-linux-x86_64-debian-clang | 2.4.1 | 68.37 | 400.26 | 468.63 | OK | |
r-devel-linux-x86_64-debian-gcc | 2.4.1 | 62.37 | 317.01 | 379.38 | OK | |
r-devel-linux-x86_64-fedora-clang | 2.4.1 | 582.43 | NOTE | |||
r-devel-linux-x86_64-fedora-gcc | 2.4.1 | 556.32 | NOTE | |||
r-devel-windows-ix86+x86_64 | 2.4.1 | 162.00 | 625.00 | 787.00 | OK | |
r-patched-linux-x86_64 | 2.4.1 | 69.33 | 390.66 | 459.99 | OK | |
r-patched-solaris-x86 | 2.4.1 | 663.30 | OK | |||
r-release-linux-x86_64 | 2.4.1 | 68.44 | 401.98 | 470.42 | OK | |
r-release-windows-ix86+x86_64 | 2.4.1 | 162.00 | 625.00 | 787.00 | OK | |
r-release-osx-x86_64 | 2.4.1 | NOTE | ||||
r-oldrel-windows-ix86+x86_64 | 2.4.1 | 115.00 | 550.00 | 665.00 | OK | |
r-oldrel-osx-x86_64 | 2.4.1 | NOTE |
Version: 2.4.1
Check: installed package size
Result: NOTE
installed size is 8.8Mb
sub-directories of 1Mb or more:
doc 1.7Mb
libs 6.2Mb
Flavors: r-devel-linux-x86_64-fedora-clang, r-devel-linux-x86_64-fedora-gcc, r-release-osx-x86_64, r-oldrel-osx-x86_64