Last updated on 2018-04-29 01:47:25 CEST.
Flavor | Version | Tinstall | Tcheck | Ttotal | Status | Flags |
---|---|---|---|---|---|---|
r-devel-linux-x86_64-debian-clang | 1.0.1 | 14.32 | 66.73 | 81.05 | OK | |
r-devel-linux-x86_64-debian-gcc | 1.0.1 | 14.25 | 54.02 | 68.27 | OK | |
r-devel-linux-x86_64-fedora-clang | 1.0.1 | 105.31 | NOTE | |||
r-devel-linux-x86_64-fedora-gcc | 1.0.1 | 100.61 | NOTE | |||
r-devel-windows-ix86+x86_64 | 1.0.1 | 28.00 | 117.00 | 145.00 | OK | |
r-patched-linux-x86_64 | 1.0.1 | 12.47 | 65.54 | 78.01 | OK | |
r-patched-solaris-x86 | 1.0.1 | 132.00 | NOTE | |||
r-release-linux-x86_64 | 1.0.1 | 12.27 | 67.02 | 79.29 | OK | |
r-release-windows-ix86+x86_64 | 1.0.1 | 28.00 | 117.00 | 145.00 | OK | |
r-release-osx-x86_64 | 1.0.1 | NOTE | ||||
r-oldrel-windows-ix86+x86_64 | 1.0.1 | 7.00 | 92.00 | 99.00 | OK | |
r-oldrel-osx-x86_64 | 1.0.1 | NOTE |
Version: 1.0.1
Check: dependencies in R code
Result: NOTE
Namespaces in Imports field not imported from:
‘gtools’ ‘hashmap’ ‘reshape2’
All declared Imports should be used.
Flavors: r-devel-linux-x86_64-fedora-clang, r-devel-linux-x86_64-fedora-gcc, r-patched-solaris-x86, r-release-osx-x86_64, r-oldrel-osx-x86_64