CRAN Package Check Results for Package sp

Last updated on 2018-04-29 01:47:25 CEST.

Flavor Version Tinstall Tcheck Ttotal Status Flags
r-devel-linux-x86_64-debian-clang 1.2-7 15.88 122.24 138.12 OK
r-devel-linux-x86_64-debian-gcc 1.2-7 11.47 100.20 111.67 OK
r-devel-linux-x86_64-fedora-clang 1.2-7 175.51 OK
r-devel-linux-x86_64-fedora-gcc 1.2-7 164.07 OK
r-devel-windows-ix86+x86_64 1.2-7 48.00 252.00 300.00 OK
r-patched-linux-x86_64 1.2-7 14.25 121.18 135.43 OK
r-patched-solaris-x86 1.2-7 247.20 OK
r-release-linux-x86_64 1.2-7 13.28 122.72 136.00 OK
r-release-windows-ix86+x86_64 1.2-7 48.00 252.00 300.00 OK
r-release-osx-x86_64 1.2-7 ERROR
r-oldrel-windows-ix86+x86_64 1.2-7 18.00 212.00 230.00 OK
r-oldrel-osx-x86_64 1.2-7 OK

Check Details

Version: 1.2-7
Check: S3 generic/method consistency
Result: WARN
    row.names<-:
     function(x, make.names, value)
    row.names<-.SpatialPoints:
     function(x, value)
    
    row.names<-:
     function(x, make.names, value)
    row.names<-.SpatialMultiPoints:
     function(x, value)
    
    row.names<-:
     function(x, make.names, value)
    row.names<-.SpatialPointsDataFrame:
     function(x, value)
    
    row.names<-:
     function(x, make.names, value)
    row.names<-.SpatialPolygons:
     function(x, value)
    
    row.names<-:
     function(x, make.names, value)
    row.names<-.SpatialPolygonsDataFrame:
     function(x, value)
    
    row.names<-:
     function(x, make.names, value)
    row.names<-.SpatialLines:
     function(x, value)
    
    row.names<-:
     function(x, make.names, value)
    row.names<-.SpatialLinesDataFrame:
     function(x, value)
    
    See section ‘Generic functions and methods’ in the ‘Writing R
    Extensions’ manual.
Flavor: r-release-osx-x86_64

Version: 1.2-7
Check: tests
Result: ERROR
     Running ‘agg.R’ [1s/2s]
    Running the tests in ‘tests/agg.R’ failed.
    Complete output:
     > library(sp)
     > g = SpatialGrid(GridTopology(c(5,5), c(10,10), c(3,3)))
     > p = as(g, "SpatialPolygons")
     > p$z = c(1,0,1,0,1,0,1,0,1)
     > cc = coordinates(g)
     > p$ag1 = aggregate(p, p, mean)[[1]]
     Error in (function (classes, fdef, mtable) :
     unable to find an inherited method for function 'row.names<-' for signature '"data.frame", "NULL"'
     Calls: aggregate ... over -> over -> .local -> row.names<- -> <Anonymous>
     Execution halted
Flavor: r-release-osx-x86_64

Version: 1.2-7
Check: running R code from vignettes
Result: ERROR
    Errors in running code in vignettes:
    when running code in ‘over.Rnw’
     ...
    
    > image(agg)
    
    > points(meuse.grid, pch = 3, cex = 0.2, col = "#80808080")
    
    > sl.agg = aggregate(meuse.grid[, 1:3], sl, mean)
    
     When sourcing ‘over.R’:
    Error: unable to find an inherited method for function ‘row.names<-’ for signature ‘"data.frame", "NULL"’
    Execution halted
Flavor: r-release-osx-x86_64

Version: 1.2-7
Check: re-building of vignette outputs
Result: NOTE
    Error in re-building vignettes:
     ...
    Found more than one class "SpatialMultiPoints" in cache; using the first, from namespace 'sp'
    Also defined by ‘.GlobalEnv’
    Found more than one class "SpatialMultiPointsDataFrame" in cache; using the first, from namespace 'sp'
    Also defined by ‘.GlobalEnv’
    Found more than one class "SpatialMultiPointsDataFrame" in cache; using the first, from namespace 'sp'
    Also defined by ‘.GlobalEnv’
    rgdal: version: 1.2-16, (SVN revision 701)
     Geospatial Data Abstraction Library extensions to R successfully loaded
     Loaded GDAL runtime: GDAL 2.1.3, released 2017/20/01
     Path to GDAL shared files: /Volumes/SSD-Data/Builds/R-dev-web/QA/Simon/packages/el-capitan-x86_64/Rlib/3.5/rgdal/gdal
     GDAL binary built with GEOS: FALSE
     Loaded PROJ.4 runtime: Rel. 4.9.3, 15 August 2016, [PJ_VERSION: 493]
     Path to PROJ.4 shared files: /Volumes/SSD-Data/Builds/R-dev-web/QA/Simon/packages/el-capitan-x86_64/Rlib/3.5/rgdal/proj
     Linking to sp version: 1.2-7
    rgeos version: 0.3-26, (SVN revision 560)
     GEOS runtime version: 3.6.1-CAPI-1.10.1 r0
     Linking to sp version: 1.2-7
     Polygon checking: TRUE
    
    
    Error: processing vignette 'over.Rnw' failed with diagnostics:
     chunk 30
    Error in (function (classes, fdef, mtable) :
     unable to find an inherited method for function ‘row.names<-’ for signature ‘"data.frame", "NULL"’
    Execution halted
Flavor: r-release-osx-x86_64