CRAN Package Check Results for Package spBayesSurv

Last updated on 2018-04-29 01:47:26 CEST.

Flavor Version Tinstall Tcheck Ttotal Status Flags
r-devel-linux-x86_64-debian-clang 1.1.3 392.16 85.94 478.10 OK
r-devel-linux-x86_64-debian-gcc 1.1.3 327.31 68.80 396.11 OK
r-devel-linux-x86_64-fedora-clang 1.1.3 573.88 NOTE
r-devel-linux-x86_64-fedora-gcc 1.1.3 531.92 NOTE
r-devel-windows-ix86+x86_64 1.1.3 682.00 211.00 893.00 NOTE
r-patched-linux-x86_64 1.1.3 387.85 86.13 473.98 OK
r-patched-solaris-x86 1.1.3 511.40 NOTE
r-release-linux-x86_64 1.1.3 388.55 85.07 473.62 OK
r-release-windows-ix86+x86_64 1.1.3 682.00 211.00 893.00 NOTE
r-release-osx-x86_64 1.1.2 NOTE
r-oldrel-windows-ix86+x86_64 1.1.3 671.00 149.00 820.00 NOTE
r-oldrel-osx-x86_64 1.1.2 NOTE

Check Details

Version: 1.1.3
Check: installed package size
Result: NOTE
     installed size is 27.4Mb
     sub-directories of 1Mb or more:
     libs 25.6Mb
Flavors: r-devel-linux-x86_64-fedora-clang, r-devel-linux-x86_64-fedora-gcc, r-devel-windows-ix86+x86_64, r-release-windows-ix86+x86_64, r-oldrel-windows-ix86+x86_64

Version: 1.1.3
Check: dependencies in R code
Result: NOTE
    Namespace in Imports field not imported from: ‘MASS’
     All declared Imports should be used.
Flavors: r-devel-linux-x86_64-fedora-clang, r-devel-linux-x86_64-fedora-gcc, r-patched-solaris-x86

Version: 1.1.2
Check: installed package size
Result: NOTE
     installed size is 15.9Mb
     sub-directories of 1Mb or more:
     doc 1.2Mb
     libs 13.9Mb
Flavors: r-release-osx-x86_64, r-oldrel-osx-x86_64

Version: 1.1.2
Check: dependencies in R code
Result: NOTE
    Namespace in Imports field not imported from: ‘MASS’
     All declared Imports should be used.
Flavors: r-release-osx-x86_64, r-oldrel-osx-x86_64