CRAN Package Check Results for Package sparsebnUtils

Last updated on 2018-04-29 01:47:26 CEST.

Flavor Version Tinstall Tcheck Ttotal Status Flags
r-devel-linux-x86_64-debian-clang 0.0.6 3.42 42.76 46.18 OK
r-devel-linux-x86_64-debian-gcc 0.0.6 2.71 37.84 40.55 OK
r-devel-linux-x86_64-fedora-clang 0.0.6 57.30 OK
r-devel-linux-x86_64-fedora-gcc 0.0.6 55.81 OK
r-devel-windows-ix86+x86_64 0.0.6 9.00 70.00 79.00 OK
r-patched-linux-x86_64 0.0.6 3.36 43.31 46.67 OK
r-patched-solaris-x86 0.0.6 90.60 OK
r-release-linux-x86_64 0.0.6 3.38 43.44 46.82 OK
r-release-windows-ix86+x86_64 0.0.6 9.00 70.00 79.00 OK
r-release-osx-x86_64 0.0.6 NOTE
r-oldrel-windows-ix86+x86_64 0.0.6 3.00 49.00 52.00 OK
r-oldrel-osx-x86_64 0.0.6 NOTE

Check Details

Version: 0.0.6
Check: package dependencies
Result: NOTE
    Package suggested but not available for checking: ‘RCy3’
Flavors: r-release-osx-x86_64, r-oldrel-osx-x86_64

Version: 0.0.6
Check: Rd cross-references
Result: NOTE
    Package unavailable to check Rd xrefs: ‘RCy3’
Flavors: r-release-osx-x86_64, r-oldrel-osx-x86_64