CRAN Package Check Results for Package spatstat

Last updated on 2018-04-29 01:47:26 CEST.

Flavor Version Tinstall Tcheck Ttotal Status Flags
r-devel-linux-x86_64-debian-clang 1.55-1 134.19 803.31 937.50 OK --no-tests
r-devel-linux-x86_64-debian-gcc 1.55-1 134.53 633.90 768.43 OK --no-tests
r-devel-linux-x86_64-fedora-clang 1.55-1 1528.26 NOTE
r-devel-linux-x86_64-fedora-gcc 1.55-1 1487.24 NOTE
r-devel-windows-ix86+x86_64 1.55-1 362.00 392.00 754.00 NOTE --no-examples --no-tests --no-vignettes
r-patched-linux-x86_64 1.55-1 153.76 818.88 972.64 OK --no-tests
r-patched-solaris-x86 1.55-1 2120.10 NOTE
r-release-linux-x86_64 1.55-1 146.92 809.97 956.89 OK --no-tests
r-release-windows-ix86+x86_64 1.55-1 362.00 392.00 754.00 NOTE --no-examples --no-tests --no-vignettes
r-release-osx-x86_64 1.55-1 NOTE
r-oldrel-windows-ix86+x86_64 1.55-1 270.00 529.00 799.00 NOTE --no-examples --no-tests --no-vignettes
r-oldrel-osx-x86_64 1.55-1 NOTE

Check Details

Version: 1.55-1
Check: installed package size
Result: NOTE
     installed size is 17.4Mb
     sub-directories of 1Mb or more:
     R 5.0Mb
     doc 4.7Mb
     help 5.0Mb
     libs 1.8Mb
Flavors: r-devel-linux-x86_64-fedora-clang, r-devel-linux-x86_64-fedora-gcc, r-patched-solaris-x86, r-release-osx-x86_64, r-oldrel-osx-x86_64

Version: 1.55-1
Flags: --no-examples --no-tests --no-vignettes
Check: installed package size
Result: NOTE
     installed size is 16.8Mb
     sub-directories of 1Mb or more:
     R 5.0Mb
     doc 4.7Mb
     help 5.0Mb
     libs 1.2Mb
Flavors: r-devel-windows-ix86+x86_64, r-release-windows-ix86+x86_64, r-oldrel-windows-ix86+x86_64

Version: 1.55-1
Check: package dependencies
Result: NOTE
    Package suggested but not available for checking: ‘rpanel’
Flavor: r-release-osx-x86_64