CRAN Package Check Results for Package spduration

Last updated on 2018-04-29 01:47:26 CEST.

Flavor Version Tinstall Tcheck Ttotal Status Flags
r-devel-linux-x86_64-debian-clang 0.17.0 54.50 103.61 158.11 OK
r-devel-linux-x86_64-debian-gcc 0.17.0 46.93 83.22 130.15 WARN
r-devel-linux-x86_64-fedora-clang 0.17.0 201.84 OK
r-devel-linux-x86_64-fedora-gcc 0.17.0 190.77 WARN
r-devel-windows-ix86+x86_64 0.17.0 142.00 240.00 382.00 WARN
r-patched-linux-x86_64 0.17.0 53.44 105.70 159.14 WARN
r-patched-solaris-x86 0.17.0 252.90 OK
r-release-linux-x86_64 0.17.0 57.66 103.84 161.50 WARN
r-release-windows-ix86+x86_64 0.17.0 142.00 240.00 382.00 WARN
r-release-osx-x86_64 0.17.0 OK
r-oldrel-windows-ix86+x86_64 0.17.0 106.00 207.00 313.00 OK
r-oldrel-osx-x86_64 0.17.0 OK

Check Details

Version: 0.17.0
Check: whether package can be installed
Result: WARN
    Found the following significant warnings:
     loglog_lnl.cpp:34:15: warning: suggest parentheses around comparison in operand of ‘|’ [-Wparentheses]
     loglog_lnl.cpp:43:15: warning: suggest parentheses around comparison in operand of ‘&’ [-Wparentheses]
     sploglog_lnl.cpp:40:15: warning: suggest parentheses around comparison in operand of ‘|’ [-Wparentheses]
     sploglog_lnl.cpp:49:15: warning: suggest parentheses around comparison in operand of ‘&’ [-Wparentheses]
     spweib_lnl.cpp:40:15: warning: suggest parentheses around comparison in operand of ‘|’ [-Wparentheses]
     spweib_lnl.cpp:49:15: warning: suggest parentheses around comparison in operand of ‘&’ [-Wparentheses]
     weib_lnl.cpp:34:14: warning: suggest parentheses around comparison in operand of ‘|’ [-Wparentheses]
     weib_lnl.cpp:43:14: warning: suggest parentheses around comparison in operand of ‘&’ [-Wparentheses]
Flavors: r-devel-linux-x86_64-debian-gcc, r-devel-linux-x86_64-fedora-gcc, r-devel-windows-ix86+x86_64, r-patched-linux-x86_64, r-release-linux-x86_64, r-release-windows-ix86+x86_64