Last updated on 2018-04-29 01:47:26 CEST.
Flavor | Version | Tinstall | Tcheck | Ttotal | Status | Flags |
---|---|---|---|---|---|---|
r-devel-linux-x86_64-debian-clang | 0.9.5 | 9.10 | 96.36 | 105.46 | OK | |
r-devel-linux-x86_64-debian-gcc | 0.9.5 | 9.13 | 76.27 | 85.40 | OK | |
r-devel-linux-x86_64-fedora-clang | 0.9.5 | 128.06 | OK | |||
r-devel-linux-x86_64-fedora-gcc | 0.9.5 | 123.63 | OK | |||
r-devel-windows-ix86+x86_64 | 0.9.5 | 24.00 | 155.00 | 179.00 | OK | |
r-patched-linux-x86_64 | 0.9.5 | 8.85 | 94.89 | 103.74 | NOTE | |
r-patched-solaris-x86 | 0.9.5 | 186.00 | OK | |||
r-release-linux-x86_64 | 0.9.5 | 9.11 | 94.64 | 103.75 | NOTE | |
r-release-windows-ix86+x86_64 | 0.9.5 | 24.00 | 155.00 | 179.00 | OK | |
r-release-osx-x86_64 | 0.9.5 | OK | ||||
r-oldrel-windows-ix86+x86_64 | 0.9.5 | 12.00 | 139.00 | 151.00 | OK | |
r-oldrel-osx-x86_64 | 0.9.5 | OK |
Version: 0.9.5
Check: DESCRIPTION meta-information
Result: NOTE
Dependence on R version ‘3.3.3’ not with patchlevel 0
Flavors: r-patched-linux-x86_64, r-release-linux-x86_64