CRAN Package Check Results for Package stratbr

Last updated on 2018-04-29 01:47:27 CEST.

Flavor Version Tinstall Tcheck Ttotal Status Flags
r-devel-linux-x86_64-debian-clang 1.2 1.10 18.93 20.03 OK
r-devel-linux-x86_64-debian-gcc 1.2 1.11 15.93 17.04 OK
r-devel-linux-x86_64-fedora-clang 1.2 23.68 OK
r-devel-linux-x86_64-fedora-gcc 1.2 22.80 OK
r-devel-windows-ix86+x86_64 1.2 6.00 57.00 63.00 OK
r-patched-linux-x86_64 1.2 1.43 18.78 20.21 OK
r-patched-solaris-x86 1.2 51.00 OK
r-release-linux-x86_64 1.2 1.36 18.79 20.15 OK
r-release-windows-ix86+x86_64 1.2 6.00 57.00 63.00 OK
r-release-osx-x86_64 1.2 ERROR
r-oldrel-windows-ix86+x86_64 1.2 3.00 36.00 39.00 OK
r-oldrel-osx-x86_64 1.2 ERROR

Check Details

Version: 1.2
Check: package dependencies
Result: ERROR
    Package required but not available: ‘Rglpk’
    
    See section ‘The DESCRIPTION file’ in the ‘Writing R Extensions’
    manual.
Flavors: r-release-osx-x86_64, r-oldrel-osx-x86_64