Last updated on 2018-04-29 01:47:27 CEST.
Flavor | Version | Tinstall | Tcheck | Ttotal | Status | Flags |
---|---|---|---|---|---|---|
r-devel-linux-x86_64-debian-clang | 1.0.6 | 302.06 | 149.60 | 451.66 | NOTE | |
r-devel-linux-x86_64-debian-gcc | 1.0.6 | 243.85 | 136.92 | 380.77 | NOTE | |
r-devel-linux-x86_64-fedora-clang | 1.0.6 | 619.22 | NOTE | |||
r-devel-linux-x86_64-fedora-gcc | 1.0.6 | 540.65 | NOTE | |||
r-devel-windows-ix86+x86_64 | 1.0.6 | 571.00 | 329.00 | 900.00 | NOTE | |
r-patched-linux-x86_64 | 1.0.6 | 248.96 | 148.08 | 397.04 | NOTE | |
r-patched-solaris-x86 | 1.0.6 | 563.50 | NOTE | |||
r-release-linux-x86_64 | 1.0.6 | 254.44 | 147.69 | 402.13 | NOTE | |
r-release-windows-ix86+x86_64 | 1.0.6 | 571.00 | 329.00 | 900.00 | NOTE | |
r-release-osx-x86_64 | 1.0.6 | NOTE | ||||
r-oldrel-windows-ix86+x86_64 | 1.0.6 | 424.00 | 362.00 | 786.00 | NOTE | |
r-oldrel-osx-x86_64 | 1.0.6 | NOTE |
Version: 1.0.6
Check: package dependencies
Result: NOTE
Package suggested but not available for checking: ‘INLA’
Flavors: r-devel-linux-x86_64-debian-clang, r-devel-linux-x86_64-debian-gcc, r-patched-linux-x86_64, r-patched-solaris-x86, r-release-linux-x86_64, r-release-osx-x86_64, r-oldrel-osx-x86_64
Version: 1.0.6
Check: installed package size
Result: NOTE
installed size is 69.6Mb
sub-directories of 1Mb or more:
libs 68.7Mb
Flavors: r-devel-linux-x86_64-fedora-clang, r-devel-linux-x86_64-fedora-gcc, r-devel-windows-ix86+x86_64, r-patched-solaris-x86, r-release-windows-ix86+x86_64, r-release-osx-x86_64, r-oldrel-windows-ix86+x86_64, r-oldrel-osx-x86_64