CRAN Package Check Results for Package synbreed

Last updated on 2018-04-29 01:47:27 CEST.

Flavor Version Tinstall Tcheck Ttotal Status Flags
r-devel-linux-x86_64-debian-clang 0.12-9 10.64 136.57 147.21 OK
r-devel-linux-x86_64-debian-gcc 0.12-9 10.16 114.42 124.58 OK
r-devel-linux-x86_64-fedora-clang 0.12-9 179.44 OK
r-devel-linux-x86_64-fedora-gcc 0.12-9 176.85 OK
r-devel-windows-ix86+x86_64 0.12-9 30.00 186.00 216.00 OK
r-patched-linux-x86_64 0.12-9 12.23 129.65 141.88 OK
r-patched-solaris-x86 0.12-9 251.50 OK
r-release-linux-x86_64 0.12-9 10.18 136.89 147.07 OK
r-release-windows-ix86+x86_64 0.12-9 30.00 186.00 216.00 OK
r-release-osx-x86_64 0.12-9 ERROR
r-oldrel-windows-ix86+x86_64 0.12-9 13.00 203.00 216.00 OK
r-oldrel-osx-x86_64 0.12-9 ERROR

Check Details

Version: 0.12-9
Check: package dependencies
Result: ERROR
    Package required but not available: ‘LDheatmap’
    
    See section ‘The DESCRIPTION file’ in the ‘Writing R Extensions’
    manual.
Flavors: r-release-osx-x86_64, r-oldrel-osx-x86_64