Last updated on 2018-04-29 01:47:28 CEST.
Flavor | Version | Tinstall | Tcheck | Ttotal | Status | Flags |
---|---|---|---|---|---|---|
r-devel-linux-x86_64-debian-clang | 0.16.0 | 8.29 | 100.99 | 109.28 | OK | |
r-devel-linux-x86_64-debian-gcc | 0.16.0 | 7.53 | 92.02 | 99.55 | OK | |
r-devel-linux-x86_64-fedora-clang | 0.16.0 | 132.64 | NOTE | |||
r-devel-linux-x86_64-fedora-gcc | 0.16.0 | 128.36 | NOTE | |||
r-devel-windows-ix86+x86_64 | 0.16.0 | 20.00 | 162.00 | 182.00 | OK | |
r-patched-linux-x86_64 | 0.16.0 | 6.91 | 100.17 | 107.08 | OK | |
r-patched-solaris-x86 | 0.16.0 | 198.90 | NOTE | |||
r-release-linux-x86_64 | 0.16.0 | 6.55 | 99.94 | 106.49 | OK | |
r-release-windows-ix86+x86_64 | 0.16.0 | 20.00 | 162.00 | 182.00 | OK | |
r-release-osx-x86_64 | 0.16.0 | NOTE | ||||
r-oldrel-windows-ix86+x86_64 | 0.16.0 | 14.00 | 219.00 | 233.00 | OK | |
r-oldrel-osx-x86_64 | 0.16.0 | NOTE |
Version: 0.16.0
Check: data for non-ASCII characters
Result: NOTE
Note: found 3 marked UTF-8 strings
Flavors: r-devel-linux-x86_64-fedora-clang, r-devel-linux-x86_64-fedora-gcc, r-patched-solaris-x86, r-release-osx-x86_64, r-oldrel-osx-x86_64