Last updated on 2018-04-29 01:47:28 CEST.
Flavor | Version | Tinstall | Tcheck | Ttotal | Status | Flags |
---|---|---|---|---|---|---|
r-devel-linux-x86_64-debian-clang | 0.6 | 15.13 | 34.98 | 50.11 | NOTE | |
r-devel-linux-x86_64-debian-gcc | 0.6 | 14.05 | 29.04 | 43.09 | NOTE | |
r-devel-linux-x86_64-fedora-clang | 0.6 | 65.50 | NOTE | |||
r-devel-linux-x86_64-fedora-gcc | 0.6 | 64.53 | NOTE | |||
r-devel-windows-ix86+x86_64 | 0.6 | 59.00 | 87.00 | 146.00 | OK | |
r-patched-linux-x86_64 | 0.6 | 17.82 | 34.70 | 52.52 | NOTE | |
r-patched-solaris-x86 | 0.6 | 86.30 | OK | |||
r-release-linux-x86_64 | 0.6 | 17.17 | 34.88 | 52.05 | NOTE | |
r-release-windows-ix86+x86_64 | 0.6 | 59.00 | 87.00 | 146.00 | OK | |
r-release-osx-x86_64 | 0.6 | OK | ||||
r-oldrel-windows-ix86+x86_64 | 0.6 | 38.00 | 96.00 | 134.00 | OK | |
r-oldrel-osx-x86_64 | 0.6 | OK |
Version: 0.6
Check: compiled code
Result: NOTE
File ‘tagcloud/libs/tagcloud.so’:
Found no calls to: ‘R_registerRoutines’, ‘R_useDynamicSymbols’
It is good practice to register native routines and to disable symbol
search.
See ‘Writing portable packages’ in the ‘Writing R Extensions’ manual.
Flavors: r-devel-linux-x86_64-debian-clang, r-devel-linux-x86_64-debian-gcc, r-devel-linux-x86_64-fedora-clang, r-devel-linux-x86_64-fedora-gcc, r-patched-linux-x86_64, r-release-linux-x86_64