CRAN Package Check Results for Package trelliscope

Last updated on 2018-04-29 01:47:30 CEST.

Flavor Version Tinstall Tcheck Ttotal Status Flags
r-devel-linux-x86_64-debian-clang 0.9.8 4.97 90.56 95.53 OK
r-devel-linux-x86_64-debian-gcc 0.9.8 5.77 72.97 78.74 OK
r-devel-linux-x86_64-fedora-clang 0.9.8 116.80 OK
r-devel-linux-x86_64-fedora-gcc 0.9.8 109.02 OK
r-devel-windows-ix86+x86_64 0.9.8 23.00 157.00 180.00 OK
r-patched-linux-x86_64 0.9.8 6.29 86.21 92.50 OK
r-patched-solaris-x86 0.9.8 176.20 OK
r-release-linux-x86_64 0.9.8 6.84 83.60 90.44 OK
r-release-windows-ix86+x86_64 0.9.8 23.00 157.00 180.00 OK
r-release-osx-x86_64 0.9.8 NOTE
r-oldrel-windows-ix86+x86_64 0.9.8 12.00 112.00 124.00 OK
r-oldrel-osx-x86_64 0.9.8 OK

Check Details

Version: 0.9.8
Check: package dependencies
Result: NOTE
    Package suggested but not available for checking: ‘Cairo’
Flavor: r-release-osx-x86_64