Last updated on 2018-04-29 01:47:30 CEST.
Flavor | Version | Tinstall | Tcheck | Ttotal | Status | Flags |
---|---|---|---|---|---|---|
r-devel-linux-x86_64-debian-clang | 0.4 | 26.12 | 83.31 | 109.43 | WARN | |
r-devel-linux-x86_64-debian-gcc | 0.4 | 22.51 | 77.99 | 100.50 | OK | |
r-devel-linux-x86_64-fedora-clang | 0.4 | 143.64 | WARN | |||
r-devel-linux-x86_64-fedora-gcc | 0.4 | 133.20 | OK | |||
r-devel-windows-ix86+x86_64 | 0.4 | 74.00 | 206.00 | 280.00 | OK | |
r-patched-linux-x86_64 | 0.4 | 26.05 | 82.89 | 108.94 | OK | |
r-patched-solaris-x86 | 0.4 | 215.50 | OK | |||
r-release-linux-x86_64 | 0.4 | 27.12 | 81.54 | 108.66 | OK | |
r-release-windows-ix86+x86_64 | 0.4 | 74.00 | 206.00 | 280.00 | OK | |
r-release-osx-x86_64 | 0.4 | WARN | ||||
r-oldrel-windows-ix86+x86_64 | 0.4 | 54.00 | 198.00 | 252.00 | OK | |
r-oldrel-osx-x86_64 | 0.4 | WARN |
Version: 0.4
Check: whether package can be installed
Result: WARN
Found the following significant warnings:
./tsBSS.h:10:22: warning: 'varExx_k' has C-linkage specified, but returns user-defined type 'arma::mat' (aka 'Mat<double>') which is incompatible with C [-Wreturn-type-c-linkage]
Flavors: r-devel-linux-x86_64-debian-clang, r-devel-linux-x86_64-fedora-clang, r-release-osx-x86_64, r-oldrel-osx-x86_64