CRAN Package Check Results for Package udpipe

Last updated on 2018-04-29 01:47:30 CEST.

Flavor Version Tinstall Tcheck Ttotal Status Flags
r-devel-linux-x86_64-debian-clang 0.5 112.41 282.56 394.97 OK
r-devel-linux-x86_64-debian-gcc 0.5 100.46 239.92 340.38 OK
r-devel-linux-x86_64-fedora-clang 0.5 508.33 NOTE
r-devel-linux-x86_64-fedora-gcc 0.5 537.45 NOTE
r-devel-windows-ix86+x86_64 0.5 292.00 513.00 805.00 NOTE
r-patched-linux-x86_64 0.5 110.56 314.17 424.73 OK
r-patched-solaris-x86 0.5 675.60 NOTE
r-release-linux-x86_64 0.5 119.28 314.12 433.40 OK
r-release-windows-ix86+x86_64 0.5 292.00 513.00 805.00 NOTE
r-release-osx-x86_64 0.5 NOTE
r-oldrel-windows-ix86+x86_64 0.5 218.00 525.00 743.00 NOTE
r-oldrel-osx-x86_64 0.5 NOTE

Check Details

Version: 0.5
Check: installed package size
Result: NOTE
     installed size is 30.1Mb
     sub-directories of 1Mb or more:
     doc 5.3Mb
     dummydata 1.4Mb
     libs 22.3Mb
Flavors: r-devel-linux-x86_64-fedora-clang, r-devel-linux-x86_64-fedora-gcc, r-devel-windows-ix86+x86_64, r-patched-solaris-x86, r-release-windows-ix86+x86_64, r-release-osx-x86_64, r-oldrel-windows-ix86+x86_64, r-oldrel-osx-x86_64