CRAN Package Check Results for Package udunits2

Last updated on 2018-04-29 01:47:30 CEST.

Flavor Version Tinstall Tcheck Ttotal Status Flags
r-devel-linux-x86_64-debian-clang 0.13 3.92 16.46 20.38 NOTE
r-devel-linux-x86_64-debian-gcc 0.13 2.49 13.80 16.29 NOTE
r-devel-linux-x86_64-fedora-clang 0.13 23.44 NOTE
r-devel-linux-x86_64-fedora-gcc 0.13 22.54 NOTE
r-devel-windows-ix86+x86_64 0.13 15.00 39.00 54.00 OK
r-patched-linux-x86_64 0.13 2.65 16.19 18.84 NOTE
r-patched-solaris-x86 0.13 38.00 OK
r-release-linux-x86_64 0.13 2.79 16.14 18.93 NOTE
r-release-windows-ix86+x86_64 0.13 15.00 39.00 54.00 OK
r-release-osx-x86_64 0.13 OK
r-oldrel-windows-ix86+x86_64 0.13 9.00 34.00 43.00 OK
r-oldrel-osx-x86_64 0.13 OK

Check Details

Version: 0.13
Check: compiled code
Result: NOTE
    File ‘udunits2/libs/udunits2.so’:
     Found no calls to: ‘R_registerRoutines’, ‘R_useDynamicSymbols’
    
    It is good practice to register native routines and to disable symbol
    search.
    
    See ‘Writing portable packages’ in the ‘Writing R Extensions’ manual.
Flavors: r-devel-linux-x86_64-debian-clang, r-devel-linux-x86_64-debian-gcc, r-devel-linux-x86_64-fedora-clang, r-devel-linux-x86_64-fedora-gcc, r-patched-linux-x86_64, r-release-linux-x86_64