Last updated on 2018-04-29 01:47:30 CEST.
Flavor | Version | Tinstall | Tcheck | Ttotal | Status | Flags |
---|---|---|---|---|---|---|
r-devel-linux-x86_64-debian-clang | 0.2.0 | 4.10 | 30.58 | 34.68 | OK | |
r-devel-linux-x86_64-debian-gcc | 0.2.0 | 3.72 | 24.95 | 28.67 | OK | |
r-devel-linux-x86_64-fedora-clang | 0.2.0 | 43.54 | NOTE | |||
r-devel-linux-x86_64-fedora-gcc | 0.2.0 | 42.39 | NOTE | |||
r-devel-windows-ix86+x86_64 | 0.2.0 | 12.00 | 59.00 | 71.00 | OK | |
r-patched-linux-x86_64 | 0.2.0 | 4.51 | 29.88 | 34.39 | OK | |
r-patched-solaris-x86 | 0.2.0 | 68.40 | NOTE | |||
r-release-linux-x86_64 | 0.2.0 | 3.82 | 29.78 | 33.60 | OK | |
r-release-windows-ix86+x86_64 | 0.2.0 | 12.00 | 59.00 | 71.00 | OK | |
r-release-osx-x86_64 | 0.2.0 | NOTE | ||||
r-oldrel-windows-ix86+x86_64 | 0.2.0 | 8.00 | 61.00 | 69.00 | OK | |
r-oldrel-osx-x86_64 | 0.2.0 | NOTE |
Version: 0.2.0
Check: data for non-ASCII characters
Result: NOTE
Note: found 4494 marked UTF-8 strings
Flavors: r-devel-linux-x86_64-fedora-clang, r-devel-linux-x86_64-fedora-gcc, r-patched-solaris-x86, r-release-osx-x86_64, r-oldrel-osx-x86_64