CRAN Package Check Results for Package urltools

Last updated on 2018-04-29 01:47:30 CEST.

Flavor Version Tinstall Tcheck Ttotal Status Flags
r-devel-linux-x86_64-debian-clang 1.7.0 58.23 31.00 89.23 OK
r-devel-linux-x86_64-debian-gcc 1.7.0 48.38 26.12 74.50 OK
r-devel-linux-x86_64-fedora-clang 1.7.0 121.26 NOTE
r-devel-linux-x86_64-fedora-gcc 1.7.0 112.13 NOTE
r-devel-windows-ix86+x86_64 1.7.0 140.00 116.00 256.00 OK
r-patched-linux-x86_64 1.7.0 60.57 29.99 90.56 OK
r-patched-solaris-x86 1.7.0 121.80 NOTE
r-release-linux-x86_64 1.7.0 56.57 30.55 87.12 OK
r-release-windows-ix86+x86_64 1.7.0 140.00 116.00 256.00 OK
r-release-osx-x86_64 1.7.0 ERROR
r-oldrel-windows-ix86+x86_64 1.7.0 99.00 122.00 221.00 OK
r-oldrel-osx-x86_64 1.7.0 NOTE

Check Details

Version: 1.7.0
Check: data for non-ASCII characters
Result: NOTE
     Note: found 407 marked UTF-8 strings
Flavors: r-devel-linux-x86_64-fedora-clang, r-devel-linux-x86_64-fedora-gcc, r-patched-solaris-x86, r-release-osx-x86_64, r-oldrel-osx-x86_64

Version: 1.7.0
Check: examples
Result: ERROR
    Running examples in ‘urltools-Ex.R’ failed
    The error most likely occurred in:
    
    > ### Name: suffix_extract
    > ### Title: extract the suffix from domain names
    > ### Aliases: suffix_extract
    >
    > ### ** Examples
    >
    >
    > # Using url_parse
    > domain_name <- url_parse("http://en.wikipedia.org")$domain
    > suffix_extract(domain_name)
     host subdomain domain suffix
    1 en.wikipedia.org en wikipedia org
    >
    > # Using domain()
    > domain_name <- domain("http://en.wikipedia.org")
    > suffix_extract(domain_name)
     host subdomain domain suffix
    1 en.wikipedia.org en wikipedia org
    >
    > #Relying on a fresh version of the suffix dataset
    > suffix_extract(domain("http://en.wikipedia.org"), suffix_refresh())
    Warning in readLines(connection) :
     URL 'https://www.publicsuffix.org/list/effective_tld_names.dat': status was 'Couldn't resolve host name'
    Error in readLines(connection) :
     cannot open the connection to 'https://www.publicsuffix.org/list/effective_tld_names.dat'
    Calls: suffix_extract -> suffix_refresh -> readLines
    Execution halted
Flavor: r-release-osx-x86_64

Version: 1.7.0
Check: tests
Result: ERROR
     Running ‘testthat.R’ [1s/32s]
    Running the tests in ‘tests/testthat.R’ failed.
    Last 13 lines of output:
     > library(urltools)
     >
     > test_check("urltools")
     ── 1. Error: Suffix extraction works with new suffixes (@test_suffixes.R#75) ──
     cannot open the connection to 'https://www.publicsuffix.org/list/effective_tld_names.dat'
     1: suffix_extract("en.wikipedia.org", suffix_refresh()) at testthat/test_suffixes.R:75
     2: suffix_refresh()
     3: readLines(connection)
    
     ══ testthat results ═══════════════════════════════════════════════════════════
     OK: 191 SKIPPED: 0 FAILED: 1
     1. Error: Suffix extraction works with new suffixes (@test_suffixes.R#75)
    
     Error: testthat unit tests failed
     Execution halted
Flavor: r-release-osx-x86_64