CRAN Package Check Results for Package vdiffr

Last updated on 2018-04-29 01:47:30 CEST.

Flavor Version Tinstall Tcheck Ttotal Status Flags
r-devel-linux-x86_64-debian-clang 0.2.2 14.87 36.06 50.93 ERROR
r-devel-linux-x86_64-debian-gcc 0.2.3 11.87 24.59 36.46 OK
r-devel-linux-x86_64-fedora-clang 0.2.3 35.52 OK
r-devel-linux-x86_64-fedora-gcc 0.2.3 38.39 OK
r-devel-windows-ix86+x86_64 0.2.3 29.00 57.00 86.00 OK
r-patched-linux-x86_64 0.2.3 16.42 27.93 44.35 OK
r-patched-solaris-x86 0.2.3 63.70 OK
r-release-linux-x86_64 0.2.3 15.59 27.80 43.39 OK
r-release-windows-ix86+x86_64 0.2.3 29.00 57.00 86.00 OK
r-release-osx-x86_64 0.2.2 OK
r-oldrel-windows-ix86+x86_64 0.2.2 30.00 56.00 86.00 OK
r-oldrel-osx-x86_64 0.2.2 OK

Check Details

Version: 0.2.2
Check: tests
Result: ERROR
     Running ‘testthat.R’ [9s/15s]
    Running the tests in ‘tests/mock.[rR]’ failed.
    Complete output:
     >> Failed doppelganger: myplot
     > Original SVG:
     <?xml version='1.0' encoding='UTF-8' ?>
     <svg xmlns='http://www.w3.org/2000/svg' xmlns:xlink='http://www.w3.org/1999/xlink' viewBox='0 0 720.00 576.00'>
     <defs>
     <style type='text/css'><![CDATA[
     line, polyline, path, rect, circle {
     fill: none;
     stroke: #000000;
     stroke-linecap: round;
     stroke-linejoin: round;
     stroke-miterlimit: 10.00;
     }
     ]]></style>
     </defs>
     <rect width='100%' height='100%' style='stroke: none; fill: #FFFFFF;'/>
     <rect x='0.00' y='0.00' width='720.00' height='576.00' style='stroke-width: 1.07; stroke: #FFFFFF; fill: #FFFFFF;' />
     <defs>
     <clipPath id='cpMjguNDY5Nnw3MTQuNTIxfDU0My45OTd8MjMuNjI2NQ=='>
     <rect x='28.47' y='23.63' width='686.05' height='520.37' />
     </clipPath>
     </defs>
     <rect x='28.47' y='23.63' width='686.05' height='520.37' style='stroke-width: 1.07; stroke: none; fill: #FFFFFF;' clip-path='url(#cpMjguNDY5Nnw3MTQuNTIxfDU0My45OTd8MjMuNjI2NQ==)' />
     <rect x='59.65' y='283.81' width='20.79' height='236.53' style='stroke-width: 1.07; stroke: none; stroke-linecap: butt; fill: #595959;' clip-path='url(#cpMjguNDY5Nnw3MTQuNTIxfDU0My45OTd8MjMuNjI2NQ==)' />
     <rect x='80.44' y='283.81' width='20.79' height='236.53' style='stroke-width: 1.07; stroke: none; stroke-linecap: butt; fill: #595959;' clip-path='url(#cpMjguNDY5Nnw3MTQuNTIxfDU0My45OTd8MjMuNjI2NQ==)' />
     <rect x='101.23' y='402.08' width='20.79' height='118.27' style='stroke-width: 1.07; stroke: none; stroke-linecap: butt; fill: #595959;' clip-path='url(#cpMjguNDY5Nnw3MTQuNTIxfDU0My45OTd8MjMuNjI2NQ==)' />
     <rect x='122.02' y='402.08' width='20.79' height='118.27' style='stroke-width: 1.07; stroke: none; stroke-linecap: butt; fill: #595959;' clip-path='url(#cpMjguNDY5Nnw3MTQuNTIxfDU0My45OTd8MjMuNjI2NQ==)' />
     <rect x='142.81' y='165.55' width='20.79' height='354.80' style='stroke-width: 1.07; stroke: none; stroke-linecap: butt; fill: #595959;' clip-path='url(#cpMjguNDY5Nnw3MTQuNTIxfDU0My45OTd8MjMuNjI2NQ==)' />
     <rect x='163.60' y='283.81' width='20.79' height='236.53' style='stroke-width: 1.07; stroke: none; stroke-linecap: butt; fill: #595959;' clip-path='url(#cpMjguNDY5Nnw3MTQuNTIxfDU0My45OTd8MjMuNjI2NQ==)' />
     <rect x='184.39' y='402.08' width='20.79' height='118.27' style='stroke-width: 1.07; stroke: none; stroke-linecap: butt; fill: #595959;' clip-path='url(#cpMjguNDY5Nnw3MTQuNTIxfDU0My45OTd8MjMuNjI2NQ==)' />
     <rect x='205.18' y='47.28' width='20.79' height='473.06' style='stroke-width: 1.07; stroke: none; stroke-linecap: butt; fill: #595959;' clip-path='url(#cpMjguNDY5Nnw3MTQuNTIxfDU0My45OTd8MjMuNjI2NQ==)' />
     <rect x='225.97' y='520.34' width='20.79' height='0.00' style='stroke-width: 1.07; stroke: none; stroke-linecap: butt; fill: #595959;' clip-path='url(#cpMjguNDY5Nnw3MTQuNTIxfDU0My45OTd8MjMuNjI2NQ==)' />
     <rect x='246.76' y='520.34' width='20.79' height='0.00' style='stroke-width: 1.07; stroke: none; stroke-linecap: butt; fill: #595959;' clip-path='url(#cpMjguNDY5Nnw3MTQuNTIxfDU0My45OTd8MjMuNjI2NQ==)' />
     <rect x='267.55' y='520.34' width='20.79' height='0.00' style='stroke-width: 1.07; stroke: none; stroke-linecap: butt; fill: #595959;' clip-path='url(#cpMjguNDY5Nnw3MTQuNTIxfDU0My45OTd8MjMuNjI2NQ==)' />
     <rect x='288.34' y='402.08' width='20.79' height='118.27' style='stroke-width: 1.07; stroke: none; stroke-linecap: butt; fill: #595959;' clip-path='url(#cpMjguNDY5Nnw3MTQuNTIxfDU0My45OTd8MjMuNjI2NQ==)' />
     <rect x='309.13' y='520.34' width='20.79' height='0.00' style='stroke-width: 1.07; stroke: none; stroke-linecap: butt; fill: #595959;' clip-path='url(#cpMjguNDY5Nnw3MTQuNTIxfDU0My45OTd8MjMuNjI2NQ==)' />
     <rect x='329.92' y='520.34' width='20.79' height='0.00' style='stroke-width: 1.07; stroke: none; stroke-linecap: butt; fill: #595959;' clip-path='url(#cpMjguNDY5Nnw3MTQuNTIxfDU0My45OTd8MjMuNjI2NQ==)' />
     <rect x='350.71' y='402.08' width='20.79' height='118.27' style='stroke-width: 1.07; stroke: none; stroke-linecap: butt; fill: #595959;' clip-path='url(#cpMjguNDY5Nnw3MTQuNTIxfDU0My45OTd8MjMuNjI2NQ==)' />
     <rect x='371.50' y='165.55' width='20.79' height='354.80' style='stroke-width: 1.07; stroke: none; stroke-linecap: butt; fill: #595959;' clip-path='url(#cpMjguNDY5Nnw3MTQuNTIxfDU0My45OTd8MjMuNjI2NQ==)' />
     <rect x='392.28' y='520.34' width='20.79' height='0.00' style='stroke-width: 1.07; stroke: none; stroke-linecap: butt; fill: #595959;' clip-path='url(#cpMjguNDY5Nnw3MTQuNTIxfDU0My45OTd8MjMuNjI2NQ==)' />
     <rect x='413.07' y='283.81' width='20.79' height='236.53' style='stroke-width: 1.07; stroke: none; stroke-linecap: butt; fill: #595959;' clip-path='url(#cpMjguNDY5Nnw3MTQuNTIxfDU0My45OTd8MjMuNjI2NQ==)' />
     <rect x='433.86' y='402.08' width='20.79' height='118.27' style='stroke-width: 1.07; stroke: none; stroke-linecap: butt; fill: #595959;' clip-path='url(#cpMjguNDY5Nnw3MTQuNTIxfDU0My45OTd8MjMuNjI2NQ==)' />
     <rect x='454.65' y='520.34' width='20.79' height='0.00' style='stroke-width: 1.07; stroke: none; stroke-linecap: butt; fill: #595959;' clip-path='url(#cpMjguNDY5Nnw3MTQuNTIxfDU0My45OTd8MjMuNjI2NQ==)' />
     <rect x='475.44' y='283.81' width='20.79' height='236.53' style='stroke-width: 1.07; stroke: none; stroke-linecap: butt; fill: #595959;' clip-path='url(#cpMjguNDY5Nnw3MTQuNTIxfDU0My45OTd8MjMuNjI2NQ==)' />
     <rect x='496.23' y='283.81' width='20.79' height='236.53' style='stroke-width: 1.07; stroke: none; stroke-linecap: butt; fill: #595959;' clip-path='url(#cpMjguNDY5Nnw3MTQuNTIxfDU0My45OTd8MjMuNjI2NQ==)' />
     <rect x='517.02' y='520.34' width='20.79' height='0.00' style='stroke-width: 1.07; stroke: none; stroke-linecap: butt; fill: #595959;' clip-path='url(#cpMjguNDY5Nnw3MTQuNTIxfDU0My45OTd8MjMuNjI2NQ==)' />
     <rect x='537.81' y='520.34' width='20.79' height='0.00' style='stroke-width: 1.07; stroke: none; stroke-linecap: butt; fill: #595959;' clip-path='url(#cpMjguNDY5Nnw3MTQuNTIxfDU0My45OTd8MjMuNjI2NQ==)' />
     <rect x='558.60' y='402.08' width='20.79' height='118.27' style='stroke-width: 1.07; stroke: none; stroke-linecap: butt; fill: #595959;' clip-path='url(#cpMjguNDY5Nnw3MTQuNTIxfDU0My45OTd8MjMuNjI2NQ==)' />
     <rect x='579.39' y='520.34' width='20.79' height='0.00' style='stroke-width: 1.07; stroke: none; stroke-linecap: butt; fill: #595959;' clip-path='url(#cpMjguNDY5Nnw3MTQuNTIxfDU0My45OTd8MjMuNjI2NQ==)' />
     <rect x='600.18' y='520.34' width='20.79' height='0.00' style='stroke-width: 1.07; stroke: none; stroke-linecap: butt; fill: #595959;' clip-path='url(#cpMjguNDY5Nnw3MTQuNTIxfDU0My45OTd8MjMuNjI2NQ==)' />
     <rect x='620.97' y='402.08' width='20.79' height='118.27' style='stroke-width: 1.07; stroke: none; stroke-linecap: butt; fill: #595959;' clip-path='url(#cpMjguNDY5Nnw3MTQuNTIxfDU0My45OTd8MjMuNjI2NQ==)' />
     <rect x='641.76' y='402.08' width='20.79' height='118.27' style='stroke-width: 1.07; stroke: none; stroke-linecap: butt; fill: #595959;' clip-path='url(#cpMjguNDY5Nnw3MTQuNTIxfDU0My45OTd8MjMuNjI2NQ==)' />
     <rect x='662.55' y='402.08' width='20.79' height='118.27' style='stroke-width: 1.07; stroke: none; stroke-linecap: butt; fill: #595959;' clip-path='url(#cpMjguNDY5Nnw3MTQuNTIxfDU0My45OTd8MjMuNjI2NQ==)' />
     <rect x='28.47' y='23.63' width='686.05' height='520.37' style='stroke-width: 1.07; stroke: #333333;' clip-path='url(#cpMjguNDY5Nnw3MTQuNTIxfDU0My45OTd8MjMuNjI2NQ==)' />
     <defs>
     <clipPath id='cpMHw3MjB8NTc2fDA='>
     <rect x='0.00' y='0.00' width='720.00' height='576.00' />
     </clipPath>
     </defs>
     <g clip-path='url(#cpMHw3MjB8NTc2fDA=)'><text x='18.64' y='523.37' style='font-size: 8.80px; fill: #4D4D4D; font-family: Liberation Sans;' textLength='4.89px' lengthAdjust='spacingAndGlyphs'>0</text></g>
     <g clip-path='url(#cpMHw3MjB8NTc2fDA=)'><text x='18.64' y='405.11' style='font-size: 8.80px; fill: #4D4D4D; font-family: Liberation Sans;' textLength='4.89px' lengthAdjust='spacingAndGlyphs'>1</text></g>
     <g clip-path='url(#cpMHw3MjB8NTc2fDA=)'><text x='18.64' y='286.84' style='font-size: 8.80px; fill: #4D4D4D; font-family: Liberation Sans;' textLength='4.89px' lengthAdjust='spacingAndGlyphs'>2</text></g>
     <g clip-path='url(#cpMHw3MjB8NTc2fDA=)'><text x='18.64' y='168.57' style='font-size: 8.80px; fill: #4D4D4D; font-family: Liberation Sans;' textLength='4.89px' lengthAdjust='spacingAndGlyphs'>3</text></g>
     <g clip-path='url(#cpMHw3MjB8NTc2fDA=)'><text x='18.64' y='50.31' style='font-size: 8.80px; fill: #4D4D4D; font-family: Liberation Sans;' textLength='4.89px' lengthAdjust='spacingAndGlyphs'>4</text></g>
     <polyline points='25.73,520.34 28.47,520.34 ' style='stroke-width: 1.07; stroke: #333333; stroke-linecap: butt;' clip-path='url(#cpMHw3MjB8NTc2fDA=)' />
     <polyline points='25.73,402.08 28.47,402.08 ' style='stroke-width: 1.07; stroke: #333333; stroke-linecap: butt;' clip-path='url(#cpMHw3MjB8NTc2fDA=)' />
     <polyline points='25.73,283.81 28.47,283.81 ' style='stroke-width: 1.07; stroke: #333333; stroke-linecap: butt;' clip-path='url(#cpMHw3MjB8NTc2fDA=)' />
     <polyline points='25.73,165.55 28.47,165.55 ' style='stroke-width: 1.07; stroke: #333333; stroke-linecap: butt;' clip-path='url(#cpMHw3MjB8NTc2fDA=)' />
     <polyline points='25.73,47.28 28.47,47.28 ' style='stroke-width: 1.07; stroke: #333333; stroke-linecap: butt;' clip-path='url(#cpMHw3MjB8NTc2fDA=)' />
     <polyline points='116.49,546.74 116.49,544.00 ' style='stroke-width: 1.07; stroke: #333333; stroke-linecap: butt;' clip-path='url(#cpMHw3MjB8NTc2fDA=)' />
     <polyline points='266.87,546.74 266.87,544.00 ' style='stroke-width: 1.07; stroke: #333333; stroke-linecap: butt;' clip-path='url(#cpMHw3MjB8NTc2fDA=)' />
     <polyline points='417.26,546.74 417.26,544.00 ' style='stroke-width: 1.07; stroke: #333333; stroke-linecap: butt;' clip-path='url(#cpMHw3MjB8NTc2fDA=)' />
     <polyline points='567.64,546.74 567.64,544.00 ' style='stroke-width: 1.07; stroke: #333333; stroke-linecap: butt;' clip-path='url(#cpMHw3MjB8NTc2fDA=)' />
     <g clip-path='url(#cpMHw3MjB8NTc2fDA=)'><text x='109.15' y='554.98' style='font-size: 8.80px; fill: #4D4D4D; font-family: Liberation Sans;' textLength='14.68px' lengthAdjust='spacingAndGlyphs'>100</text></g>
     <g clip-path='url(#cpMHw3MjB8NTc2fDA=)'><text x='259.53' y='554.98' style='font-size: 8.80px; fill: #4D4D4D; font-family: Liberation Sans;' textLength='14.68px' lengthAdjust='spacingAndGlyphs'>200</text></g>
     <g clip-path='url(#cpMHw3MjB8NTc2fDA=)'><text x='409.91' y='554.98' style='font-size: 8.80px; fill: #4D4D4D; font-family: Liberation Sans;' textLength='14.68px' lengthAdjust='spacingAndGlyphs'>300</text></g>
     <g clip-path='url(#cpMHw3MjB8NTc2fDA=)'><text x='560.30' y='554.98' style='font-size: 8.80px; fill: #4D4D4D; font-family: Liberation Sans;' textLength='14.68px' lengthAdjust='spacingAndGlyphs'>400</text></g>
     <g clip-path='url(#cpMHw3MjB8NTc2fDA=)'><text x='361.41' y='568.03' style='font-size: 11.00px; font-family: Liberation Sans;' textLength='20.18px' lengthAdjust='spacingAndGlyphs'>disp</text></g>
     <g clip-path='url(#cpMHw3MjB8NTc2fDA=)'><text transform='translate(13.05,297.27) rotate(-90)' style='font-size: 11.00px; font-family: Liberation Sans;' textLength='26.91px' lengthAdjust='spacingAndGlyphs'>count</text></g>
     <g clip-path='url(#cpMHw3MjB8NTc2fDA=)'><text x='28.47' y='14.56' style='font-size: 13.20px; font-family: Liberation Sans;' textLength='38.88px' lengthAdjust='spacingAndGlyphs'>myplot</text></g>
     </svg>
    
     > Testcase SVG:
     <?xml version='1.0' encoding='UTF-8' ?>
     <svg xmlns='http://www.w3.org/2000/svg' xmlns:xlink='http://www.w3.org/1999/xlink' viewBox='0 0 720.00 576.00'>
     <defs>
     <style type='text/css'><![CDATA[
     line, polyline, path, rect, circle {
     fill: none;
     stroke: #000000;
     stroke-linecap: round;
     stroke-linejoin: round;
     stroke-miterlimit: 10.00;
     }
     ]]></style>
     </defs>
     <rect width='100%' height='100%' style='stroke: none; fill: #FFFFFF;'/>
     <rect x='0.00' y='0.00' width='720.00' height='576.00' style='stroke-width: 1.07; stroke: #FFFFFF; fill: #FFFFFF;' />
     <defs>
     <clipPath id='cpMjguNDY5Nnw3MTQuNTIxfDU0My45OTd8MjMuNjI2NQ=='>
     <rect x='28.47' y='23.63' width='686.05' height='520.37' />
     </clipPath>
     </defs>
     <rect x='28.47' y='23.63' width='686.05' height='520.37' style='stroke-width: 1.07; stroke: none; fill: #FFFFFF;' clip-path='url(#cpMjguNDY5Nnw3MTQuNTIxfDU0My45OTd8MjMuNjI2NQ==)' />
     <rect x='59.65' y='283.81' width='20.79' height='236.53' style='stroke-width: 1.07; stroke: none; stroke-linecap: butt; fill: #595959;' clip-path='url(#cpMjguNDY5Nnw3MTQuNTIxfDU0My45OTd8MjMuNjI2NQ==)' />
     <rect x='80.44' y='283.81' width='20.79' height='236.53' style='stroke-width: 1.07; stroke: none; stroke-linecap: butt; fill: #595959;' clip-path='url(#cpMjguNDY5Nnw3MTQuNTIxfDU0My45OTd8MjMuNjI2NQ==)' />
     <rect x='101.23' y='402.08' width='20.79' height='118.27' style='stroke-width: 1.07; stroke: none; stroke-linecap: butt; fill: #595959;' clip-path='url(#cpMjguNDY5Nnw3MTQuNTIxfDU0My45OTd8MjMuNjI2NQ==)' />
     <rect x='122.02' y='402.08' width='20.79' height='118.27' style='stroke-width: 1.07; stroke: none; stroke-linecap: butt; fill: #595959;' clip-path='url(#cpMjguNDY5Nnw3MTQuNTIxfDU0My45OTd8MjMuNjI2NQ==)' />
     <rect x='142.81' y='165.55' width='20.79' height='354.80' style='stroke-width: 1.07; stroke: none; stroke-linecap: butt; fill: #595959;' clip-path='url(#cpMjguNDY5Nnw3MTQuNTIxfDU0My45OTd8MjMuNjI2NQ==)' />
     <rect x='163.60' y='283.81' width='20.79' height='236.53' style='stroke-width: 1.07; stroke: none; stroke-linecap: butt; fill: #595959;' clip-path='url(#cpMjguNDY5Nnw3MTQuNTIxfDU0My45OTd8MjMuNjI2NQ==)' />
     <rect x='184.39' y='402.08' width='20.79' height='118.27' style='stroke-width: 1.07; stroke: none; stroke-linecap: butt; fill: #595959;' clip-path='url(#cpMjguNDY5Nnw3MTQuNTIxfDU0My45OTd8MjMuNjI2NQ==)' />
     <rect x='205.18' y='47.28' width='20.79' height='473.06' style='stroke-width: 1.07; stroke: none; stroke-linecap: butt; fill: #595959;' clip-path='url(#cpMjguNDY5Nnw3MTQuNTIxfDU0My45OTd8MjMuNjI2NQ==)' />
     <rect x='225.97' y='520.34' width='20.79' height='0.00' style='stroke-width: 1.07; stroke: none; stroke-linecap: butt; fill: #595959;' clip-path='url(#cpMjguNDY5Nnw3MTQuNTIxfDU0My45OTd8MjMuNjI2NQ==)' />
     <rect x='246.76' y='520.34' width='20.79' height='0.00' style='stroke-width: 1.07; stroke: none; stroke-linecap: butt; fill: #595959;' clip-path='url(#cpMjguNDY5Nnw3MTQuNTIxfDU0My45OTd8MjMuNjI2NQ==)' />
     <rect x='267.55' y='520.34' width='20.79' height='0.00' style='stroke-width: 1.07; stroke: none; stroke-linecap: butt; fill: #595959;' clip-path='url(#cpMjguNDY5Nnw3MTQuNTIxfDU0My45OTd8MjMuNjI2NQ==)' />
     <rect x='288.34' y='402.08' width='20.79' height='118.27' style='stroke-width: 1.07; stroke: none; stroke-linecap: butt; fill: #595959;' clip-path='url(#cpMjguNDY5Nnw3MTQuNTIxfDU0My45OTd8MjMuNjI2NQ==)' />
     <rect x='309.13' y='520.34' width='20.79' height='0.00' style='stroke-width: 1.07; stroke: none; stroke-linecap: butt; fill: #595959;' clip-path='url(#cpMjguNDY5Nnw3MTQuNTIxfDU0My45OTd8MjMuNjI2NQ==)' />
     <rect x='329.92' y='520.34' width='20.79' height='0.00' style='stroke-width: 1.07; stroke: none; stroke-linecap: butt; fill: #595959;' clip-path='url(#cpMjguNDY5Nnw3MTQuNTIxfDU0My45OTd8MjMuNjI2NQ==)' />
     <rect x='350.71' y='402.08' width='20.79' height='118.27' style='stroke-width: 1.07; stroke: none; stroke-linecap: butt; fill: #595959;' clip-path='url(#cpMjguNDY5Nnw3MTQuNTIxfDU0My45OTd8MjMuNjI2NQ==)' />
     <rect x='371.50' y='165.55' width='20.79' height='354.80' style='stroke-width: 1.07; stroke: none; stroke-linecap: butt; fill: #595959;' clip-path='url(#cpMjguNDY5Nnw3MTQuNTIxfDU0My45OTd8MjMuNjI2NQ==)' />
     <rect x='392.28' y='520.34' width='20.79' height='0.00' style='stroke-width: 1.07; stroke: none; stroke-linecap: butt; fill: #595959;' clip-path='url(#cpMjguNDY5Nnw3MTQuNTIxfDU0My45OTd8MjMuNjI2NQ==)' />
     <rect x='413.07' y='283.81' width='20.79' height='236.53' style='stroke-width: 1.07; stroke: none; stroke-linecap: butt; fill: #595959;' clip-path='url(#cpMjguNDY5Nnw3MTQuNTIxfDU0My45OTd8MjMuNjI2NQ==)' />
     <rect x='433.86' y='402.08' width='20.79' height='118.27' style='stroke-width: 1.07; stroke: none; stroke-linecap: butt; fill: #595959;' clip-path='url(#cpMjguNDY5Nnw3MTQuNTIxfDU0My45OTd8MjMuNjI2NQ==)' />
     <rect x='454.65' y='520.34' width='20.79' height='0.00' style='stroke-width: 1.07; stroke: none; stroke-linecap: butt; fill: #595959;' clip-path='url(#cpMjguNDY5Nnw3MTQuNTIxfDU0My45OTd8MjMuNjI2NQ==)' />
     <rect x='475.44' y='283.81' width='20.79' height='236.53' style='stroke-width: 1.07; stroke: none; stroke-linecap: butt; fill: #595959;' clip-path='url(#cpMjguNDY5Nnw3MTQuNTIxfDU0My45OTd8MjMuNjI2NQ==)' />
     <rect x='496.23' y='283.81' width='20.79' height='236.53' style='stroke-width: 1.07; stroke: none; stroke-linecap: butt; fill: #595959;' clip-path='url(#cpMjguNDY5Nnw3MTQuNTIxfDU0My45OTd8MjMuNjI2NQ==)' />
     <rect x='517.02' y='520.34' width='20.79' height='0.00' style='stroke-width: 1.07; stroke: none; stroke-linecap: butt; fill: #595959;' clip-path='url(#cpMjguNDY5Nnw3MTQuNTIxfDU0My45OTd8MjMuNjI2NQ==)' />
     <rect x='537.81' y='520.34' width='20.79' height='0.00' style='stroke-width: 1.07; stroke: none; stroke-linecap: butt; fill: #595959;' clip-path='url(#cpMjguNDY5Nnw3MTQuNTIxfDU0My45OTd8MjMuNjI2NQ==)' />
     <rect x='558.60' y='402.08' width='20.79' height='118.27' style='stroke-width: 1.07; stroke: none; stroke-linecap: butt; fill: #595959;' clip-path='url(#cpMjguNDY5Nnw3MTQuNTIxfDU0My45OTd8MjMuNjI2NQ==)' />
     <rect x='579.39' y='520.34' width='20.79' height='0.00' style='stroke-width: 1.07; stroke: none; stroke-linecap: butt; fill: #595959;' clip-path='url(#cpMjguNDY5Nnw3MTQuNTIxfDU0My45OTd8MjMuNjI2NQ==)' />
     <rect x='600.18' y='520.34' width='20.79' height='0.00' style='stroke-width: 1.07; stroke: none; stroke-linecap: butt; fill: #595959;' clip-path='url(#cpMjguNDY5Nnw3MTQuNTIxfDU0My45OTd8MjMuNjI2NQ==)' />
     <rect x='620.97' y='402.08' width='20.79' height='118.27' style='stroke-width: 1.07; stroke: none; stroke-linecap: butt; fill: #595959;' clip-path='url(#cpMjguNDY5Nnw3MTQuNTIxfDU0My45OTd8MjMuNjI2NQ==)' />
     <rect x='641.76' y='402.08' width='20.79' height='118.27' style='stroke-width: 1.07; stroke: none; stroke-linecap: butt; fill: #595959;' clip-path='url(#cpMjguNDY5Nnw3MTQuNTIxfDU0My45OTd8MjMuNjI2NQ==)' />
     <rect x='662.55' y='402.08' width='20.79' height='118.27' style='stroke-width: 1.07; stroke: none; stroke-linecap: butt; fill: #595959;' clip-path='url(#cpMjguNDY5Nnw3MTQuNTIxfDU0My45OTd8MjMuNjI2NQ==)' />
     <line x1='417.26' y1='544.00' x2='417.26' y2='23.63' style='stroke-width: 1.07; stroke-linecap: butt;' clip-path='url(#cpMjguNDY5Nnw3MTQuNTIxfDU0My45OTd8MjMuNjI2NQ==)' />
     <rect x='28.47' y='23.63' width='686.05' height='520.37' style='stroke-width: 1.07; stroke: #333333;' clip-path='url(#cpMjguNDY5Nnw3MTQuNTIxfDU0My45OTd8MjMuNjI2NQ==)' />
     <defs>
     <clipPath id='cpMHw3MjB8NTc2fDA='>
     <rect x='0.00' y='0.00' width='720.00' height='576.00' />
     </clipPath>
     </defs>
     <g clip-path='url(#cpMHw3MjB8NTc2fDA=)'><text x='18.64' y='523.37' style='font-size: 8.80px; fill: #4D4D4D; font-family: Liberation Sans;' textLength='4.89px' lengthAdjust='spacingAndGlyphs'>0</text></g>
     <g clip-path='url(#cpMHw3MjB8NTc2fDA=)'><text x='18.64' y='405.11' style='font-size: 8.80px; fill: #4D4D4D; font-family: Liberation Sans;' textLength='4.89px' lengthAdjust='spacingAndGlyphs'>1</text></g>
     <g clip-path='url(#cpMHw3MjB8NTc2fDA=)'><text x='18.64' y='286.84' style='font-size: 8.80px; fill: #4D4D4D; font-family: Liberation Sans;' textLength='4.89px' lengthAdjust='spacingAndGlyphs'>2</text></g>
     <g clip-path='url(#cpMHw3MjB8NTc2fDA=)'><text x='18.64' y='168.57' style='font-size: 8.80px; fill: #4D4D4D; font-family: Liberation Sans;' textLength='4.89px' lengthAdjust='spacingAndGlyphs'>3</text></g>
     <g clip-path='url(#cpMHw3MjB8NTc2fDA=)'><text x='18.64' y='50.31' style='font-size: 8.80px; fill: #4D4D4D; font-family: Liberation Sans;' textLength='4.89px' lengthAdjust='spacingAndGlyphs'>4</text></g>
     <polyline points='25.73,520.34 28.47,520.34 ' style='stroke-width: 1.07; stroke: #333333; stroke-linecap: butt;' clip-path='url(#cpMHw3MjB8NTc2fDA=)' />
     <polyline points='25.73,402.08 28.47,402.08 ' style='stroke-width: 1.07; stroke: #333333; stroke-linecap: butt;' clip-path='url(#cpMHw3MjB8NTc2fDA=)' />
     <polyline points='25.73,283.81 28.47,283.81 ' style='stroke-width: 1.07; stroke: #333333; stroke-linecap: butt;' clip-path='url(#cpMHw3MjB8NTc2fDA=)' />
     <polyline points='25.73,165.55 28.47,165.55 ' style='stroke-width: 1.07; stroke: #333333; stroke-linecap: butt;' clip-path='url(#cpMHw3MjB8NTc2fDA=)' />
     <polyline points='25.73,47.28 28.47,47.28 ' style='stroke-width: 1.07; stroke: #333333; stroke-linecap: butt;' clip-path='url(#cpMHw3MjB8NTc2fDA=)' />
     <polyline points='116.49,546.74 116.49,544.00 ' style='stroke-width: 1.07; stroke: #333333; stroke-linecap: butt;' clip-path='url(#cpMHw3MjB8NTc2fDA=)' />
     <polyline points='266.87,546.74 266.87,544.00 ' style='stroke-width: 1.07; stroke: #333333; stroke-linecap: butt;' clip-path='url(#cpMHw3MjB8NTc2fDA=)' />
     <polyline points='417.26,546.74 417.26,544.00 ' style='stroke-width: 1.07; stroke: #333333; stroke-linecap: butt;' clip-path='url(#cpMHw3MjB8NTc2fDA=)' />
     <polyline points='567.64,546.74 567.64,544.00 ' style='stroke-width: 1.07; stroke: #333333; stroke-linecap: butt;' clip-path='url(#cpMHw3MjB8NTc2fDA=)' />
     <g clip-path='url(#cpMHw3MjB8NTc2fDA=)'><text x='109.15' y='554.98' style='font-size: 8.80px; fill: #4D4D4D; font-family: Liberation Sans;' textLength='14.68px' lengthAdjust='spacingAndGlyphs'>100</text></g>
     <g clip-path='url(#cpMHw3MjB8NTc2fDA=)'><text x='259.53' y='554.98' style='font-size: 8.80px; fill: #4D4D4D; font-family: Liberation Sans;' textLength='14.68px' lengthAdjust='spacingAndGlyphs'>200</text></g>
     <g clip-path='url(#cpMHw3MjB8NTc2fDA=)'><text x='409.91' y='554.98' style='font-size: 8.80px; fill: #4D4D4D; font-family: Liberation Sans;' textLength='14.68px' lengthAdjust='spacingAndGlyphs'>300</text></g>
     <g clip-path='url(#cpMHw3MjB8NTc2fDA=)'><text x='560.30' y='554.98' style='font-size: 8.80px; fill: #4D4D4D; font-family: Liberation Sans;' textLength='14.68px' lengthAdjust='spacingAndGlyphs'>400</text></g>
     <g clip-path='url(#cpMHw3MjB8NTc2fDA=)'><text x='361.41' y='568.03' style='font-size: 11.00px; font-family: Liberation Sans;' textLength='20.18px' lengthAdjust='spacingAndGlyphs'>disp</text></g>
     <g clip-path='url(#cpMHw3MjB8NTc2fDA=)'><text transform='translate(13.05,297.27) rotate(-90)' style='font-size: 11.00px; font-family: Liberation Sans;' textLength='26.91px' lengthAdjust='spacingAndGlyphs'>count</text></g>
     <g clip-path='url(#cpMHw3MjB8NTc2fDA=)'><text x='28.47' y='14.56' style='font-size: 13.20px; font-family: Liberation Sans;' textLength='38.88px' lengthAdjust='spacingAndGlyphs'>myplot</text></g>
     </svg>
    
     >> Failed doppelganger: myplot
     > Original SVG:
     <?xml version='1.0' encoding='UTF-8' ?>
     <svg xmlns='http://www.w3.org/2000/svg' xmlns:xlink='http://www.w3.org/1999/xlink' viewBox='0 0 720.00 576.00'>
     <defs>
     <style type='text/css'><![CDATA[
     line, polyline, path, rect, circle {
     fill: none;
     stroke: #000000;
     stroke-linecap: round;
     stroke-linejoin: round;
     stroke-miterlimit: 10.00;
     }
     ]]></style>
     </defs>
     <rect width='100%' height='100%' style='stroke: none; fill: #FFFFFF;'/>
     <rect x='0.00' y='0.00' width='720.00' height='576.00' style='stroke-width: 1.07; stroke: #FFFFFF; fill: #FFFFFF;' />
     <defs>
     <clipPath id='cpMjguNDY5Nnw3MTQuNTIxfDU0My45OTd8MjMuNjI2NQ=='>
     <rect x='28.47' y='23.63' width='686.05' height='520.37' />
     </clipPath>
     </defs>
     <rect x='28.47' y='23.63' width='686.05' height='520.37' style='stroke-width: 1.07; stroke: none; fill: #FFFFFF;' clip-path='url(#cpMjguNDY5Nnw3MTQuNTIxfDU0My45OTd8MjMuNjI2NQ==)' />
     <rect x='59.65' y='283.81' width='20.79' height='236.53' style='stroke-width: 1.07; stroke: none; stroke-linecap: butt; fill: #595959;' clip-path='url(#cpMjguNDY5Nnw3MTQuNTIxfDU0My45OTd8MjMuNjI2NQ==)' />
     <rect x='80.44' y='283.81' width='20.79' height='236.53' style='stroke-width: 1.07; stroke: none; stroke-linecap: butt; fill: #595959;' clip-path='url(#cpMjguNDY5Nnw3MTQuNTIxfDU0My45OTd8MjMuNjI2NQ==)' />
     <rect x='101.23' y='402.08' width='20.79' height='118.27' style='stroke-width: 1.07; stroke: none; stroke-linecap: butt; fill: #595959;' clip-path='url(#cpMjguNDY5Nnw3MTQuNTIxfDU0My45OTd8MjMuNjI2NQ==)' />
     <rect x='122.02' y='402.08' width='20.79' height='118.27' style='stroke-width: 1.07; stroke: none; stroke-linecap: butt; fill: #595959;' clip-path='url(#cpMjguNDY5Nnw3MTQuNTIxfDU0My45OTd8MjMuNjI2NQ==)' />
     <rect x='142.81' y='165.55' width='20.79' height='354.80' style='stroke-width: 1.07; stroke: none; stroke-linecap: butt; fill: #595959;' clip-path='url(#cpMjguNDY5Nnw3MTQuNTIxfDU0My45OTd8MjMuNjI2NQ==)' />
     <rect x='163.60' y='283.81' width='20.79' height='236.53' style='stroke-width: 1.07; stroke: none; stroke-linecap: butt; fill: #595959;' clip-path='url(#cpMjguNDY5Nnw3MTQuNTIxfDU0My45OTd8MjMuNjI2NQ==)' />
     <rect x='184.39' y='402.08' width='20.79' height='118.27' style='stroke-width: 1.07; stroke: none; stroke-linecap: butt; fill: #595959;' clip-path='url(#cpMjguNDY5Nnw3MTQuNTIxfDU0My45OTd8MjMuNjI2NQ==)' />
     <rect x='205.18' y='47.28' width='20.79' height='473.06' style='stroke-width: 1.07; stroke: none; stroke-linecap: butt; fill: #595959;' clip-path='url(#cpMjguNDY5Nnw3MTQuNTIxfDU0My45OTd8MjMuNjI2NQ==)' />
     <rect x='225.97' y='520.34' width='20.79' height='0.00' style='stroke-width: 1.07; stroke: none; stroke-linecap: butt; fill: #595959;' clip-path='url(#cpMjguNDY5Nnw3MTQuNTIxfDU0My45OTd8MjMuNjI2NQ==)' />
     <rect x='246.76' y='520.34' width='20.79' height='0.00' style='stroke-width: 1.07; stroke: none; stroke-linecap: butt; fill: #595959;' clip-path='url(#cpMjguNDY5Nnw3MTQuNTIxfDU0My45OTd8MjMuNjI2NQ==)' />
     <rect x='267.55' y='520.34' width='20.79' height='0.00' style='stroke-width: 1.07; stroke: none; stroke-linecap: butt; fill: #595959;' clip-path='url(#cpMjguNDY5Nnw3MTQuNTIxfDU0My45OTd8MjMuNjI2NQ==)' />
     <rect x='288.34' y='402.08' width='20.79' height='118.27' style='stroke-width: 1.07; stroke: none; stroke-linecap: butt; fill: #595959;' clip-path='url(#cpMjguNDY5Nnw3MTQuNTIxfDU0My45OTd8MjMuNjI2NQ==)' />
     <rect x='309.13' y='520.34' width='20.79' height='0.00' style='stroke-width: 1.07; stroke: none; stroke-linecap: butt; fill: #595959;' clip-path='url(#cpMjguNDY5Nnw3MTQuNTIxfDU0My45OTd8MjMuNjI2NQ==)' />
     <rect x='329.92' y='520.34' width='20.79' height='0.00' style='stroke-width: 1.07; stroke: none; stroke-linecap: butt; fill: #595959;' clip-path='url(#cpMjguNDY5Nnw3MTQuNTIxfDU0My45OTd8MjMuNjI2NQ==)' />
     <rect x='350.71' y='402.08' width='20.79' height='118.27' style='stroke-width: 1.07; stroke: none; stroke-linecap: butt; fill: #595959;' clip-path='url(#cpMjguNDY5Nnw3MTQuNTIxfDU0My45OTd8MjMuNjI2NQ==)' />
     <rect x='371.50' y='165.55' width='20.79' height='354.80' style='stroke-width: 1.07; stroke: none; stroke-linecap: butt; fill: #595959;' clip-path='url(#cpMjguNDY5Nnw3MTQuNTIxfDU0My45OTd8MjMuNjI2NQ==)' />
     <rect x='392.28' y='520.34' width='20.79' height='0.00' style='stroke-width: 1.07; stroke: none; stroke-linecap: butt; fill: #595959;' clip-path='url(#cpMjguNDY5Nnw3MTQuNTIxfDU0My45OTd8MjMuNjI2NQ==)' />
     <rect x='413.07' y='283.81' width='20.79' height='236.53' style='stroke-width: 1.07; stroke: none; stroke-linecap: butt; fill: #595959;' clip-path='url(#cpMjguNDY5Nnw3MTQuNTIxfDU0My45OTd8MjMuNjI2NQ==)' />
     <rect x='433.86' y='402.08' width='20.79' height='118.27' style='stroke-width: 1.07; stroke: none; stroke-linecap: butt; fill: #595959;' clip-path='url(#cpMjguNDY5Nnw3MTQuNTIxfDU0My45OTd8MjMuNjI2NQ==)' />
     <rect x='454.65' y='520.34' width='20.79' height='0.00' style='stroke-width: 1.07; stroke: none; stroke-linecap: butt; fill: #595959;' clip-path='url(#cpMjguNDY5Nnw3MTQuNTIxfDU0My45OTd8MjMuNjI2NQ==)' />
     <rect x='475.44' y='283.81' width='20.79' height='236.53' style='stroke-width: 1.07; stroke: none; stroke-linecap: butt; fill: #595959;' clip-path='url(#cpMjguNDY5Nnw3MTQuNTIxfDU0My45OTd8MjMuNjI2NQ==)' />
     <rect x='496.23' y='283.81' width='20.79' height='236.53' style='stroke-width: 1.07; stroke: none; stroke-linecap: butt; fill: #595959;' clip-path='url(#cpMjguNDY5Nnw3MTQuNTIxfDU0My45OTd8MjMuNjI2NQ==)' />
     <rect x='517.02' y='520.34' width='20.79' height='0.00' style='stroke-width: 1.07; stroke: none; stroke-linecap: butt; fill: #595959;' clip-path='url(#cpMjguNDY5Nnw3MTQuNTIxfDU0My45OTd8MjMuNjI2NQ==)' />
     <rect x='537.81' y='520.34' width='20.79' height='0.00' style='stroke-width: 1.07; stroke: none; stroke-linecap: butt; fill: #595959;' clip-path='url(#cpMjguNDY5Nnw3MTQuNTIxfDU0My45OTd8MjMuNjI2NQ==)' />
     <rect x='558.60' y='402.08' width='20.79' height='118.27' style='stroke-width: 1.07; stroke: none; stroke-linecap: butt; fill: #595959;' clip-path='url(#cpMjguNDY5Nnw3MTQuNTIxfDU0My45OTd8MjMuNjI2NQ==)' />
     <rect x='579.39' y='520.34' width='20.79' height='0.00' style='stroke-width: 1.07; stroke: none; stroke-linecap: butt; fill: #595959;' clip-path='url(#cpMjguNDY5Nnw3MTQuNTIxfDU0My45OTd8MjMuNjI2NQ==)' />
     <rect x='600.18' y='520.34' width='20.79' height='0.00' style='stroke-width: 1.07; stroke: none; stroke-linecap: butt; fill: #595959;' clip-path='url(#cpMjguNDY5Nnw3MTQuNTIxfDU0My45OTd8MjMuNjI2NQ==)' />
     <rect x='620.97' y='402.08' width='20.79' height='118.27' style='stroke-width: 1.07; stroke: none; stroke-linecap: butt; fill: #595959;' clip-path='url(#cpMjguNDY5Nnw3MTQuNTIxfDU0My45OTd8MjMuNjI2NQ==)' />
     <rect x='641.76' y='402.08' width='20.79' height='118.27' style='stroke-width: 1.07; stroke: none; stroke-linecap: butt; fill: #595959;' clip-path='url(#cpMjguNDY5Nnw3MTQuNTIxfDU0My45OTd8MjMuNjI2NQ==)' />
     <rect x='662.55' y='402.08' width='20.79' height='118.27' style='stroke-width: 1.07; stroke: none; stroke-linecap: butt; fill: #595959;' clip-path='url(#cpMjguNDY5Nnw3MTQuNTIxfDU0My45OTd8MjMuNjI2NQ==)' />
     <rect x='28.47' y='23.63' width='686.05' height='520.37' style='stroke-width: 1.07; stroke: #333333;' clip-path='url(#cpMjguNDY5Nnw3MTQuNTIxfDU0My45OTd8MjMuNjI2NQ==)' />
     <defs>
     <clipPath id='cpMHw3MjB8NTc2fDA='>
     <rect x='0.00' y='0.00' width='720.00' height='576.00' />
     </clipPath>
     </defs>
     <g clip-path='url(#cpMHw3MjB8NTc2fDA=)'><text x='18.64' y='523.37' style='font-size: 8.80px; fill: #4D4D4D; font-family: Liberation Sans;' textLength='4.89px' lengthAdjust='spacingAndGlyphs'>0</text></g>
     <g clip-path='url(#cpMHw3MjB8NTc2fDA=)'><text x='18.64' y='405.11' style='font-size: 8.80px; fill: #4D4D4D; font-family: Liberation Sans;' textLength='4.89px' lengthAdjust='spacingAndGlyphs'>1</text></g>
     <g clip-path='url(#cpMHw3MjB8NTc2fDA=)'><text x='18.64' y='286.84' style='font-size: 8.80px; fill: #4D4D4D; font-family: Liberation Sans;' textLength='4.89px' lengthAdjust='spacingAndGlyphs'>2</text></g>
     <g clip-path='url(#cpMHw3MjB8NTc2fDA=)'><text x='18.64' y='168.57' style='font-size: 8.80px; fill: #4D4D4D; font-family: Liberation Sans;' textLength='4.89px' lengthAdjust='spacingAndGlyphs'>3</text></g>
     <g clip-path='url(#cpMHw3MjB8NTc2fDA=)'><text x='18.64' y='50.31' style='font-size: 8.80px; fill: #4D4D4D; font-family: Liberation Sans;' textLength='4.89px' lengthAdjust='spacingAndGlyphs'>4</text></g>
     <polyline points='25.73,520.34 28.47,520.34 ' style='stroke-width: 1.07; stroke: #333333; stroke-linecap: butt;' clip-path='url(#cpMHw3MjB8NTc2fDA=)' />
     <polyline points='25.73,402.08 28.47,402.08 ' style='stroke-width: 1.07; stroke: #333333; stroke-linecap: butt;' clip-path='url(#cpMHw3MjB8NTc2fDA=)' />
     <polyline points='25.73,283.81 28.47,283.81 ' style='stroke-width: 1.07; stroke: #333333; stroke-linecap: butt;' clip-path='url(#cpMHw3MjB8NTc2fDA=)' />
     <polyline points='25.73,165.55 28.47,165.55 ' style='stroke-width: 1.07; stroke: #333333; stroke-linecap: butt;' clip-path='url(#cpMHw3MjB8NTc2fDA=)' />
     <polyline points='25.73,47.28 28.47,47.28 ' style='stroke-width: 1.07; stroke: #333333; stroke-linecap: butt;' clip-path='url(#cpMHw3MjB8NTc2fDA=)' />
     <polyline points='116.49,546.74 116.49,544.00 ' style='stroke-width: 1.07; stroke: #333333; stroke-linecap: butt;' clip-path='url(#cpMHw3MjB8NTc2fDA=)' />
     <polyline points='266.87,546.74 266.87,544.00 ' style='stroke-width: 1.07; stroke: #333333; stroke-linecap: butt;' clip-path='url(#cpMHw3MjB8NTc2fDA=)' />
     <polyline points='417.26,546.74 417.26,544.00 ' style='stroke-width: 1.07; stroke: #333333; stroke-linecap: butt;' clip-path='url(#cpMHw3MjB8NTc2fDA=)' />
     <polyline points='567.64,546.74 567.64,544.00 ' style='stroke-width: 1.07; stroke: #333333; stroke-linecap: butt;' clip-path='url(#cpMHw3MjB8NTc2fDA=)' />
     <g clip-path='url(#cpMHw3MjB8NTc2fDA=)'><text x='109.15' y='554.98' style='font-size: 8.80px; fill: #4D4D4D; font-family: Liberation Sans;' textLength='14.68px' lengthAdjust='spacingAndGlyphs'>100</text></g>
     <g clip-path='url(#cpMHw3MjB8NTc2fDA=)'><text x='259.53' y='554.98' style='font-size: 8.80px; fill: #4D4D4D; font-family: Liberation Sans;' textLength='14.68px' lengthAdjust='spacingAndGlyphs'>200</text></g>
     <g clip-path='url(#cpMHw3MjB8NTc2fDA=)'><text x='409.91' y='554.98' style='font-size: 8.80px; fill: #4D4D4D; font-family: Liberation Sans;' textLength='14.68px' lengthAdjust='spacingAndGlyphs'>300</text></g>
     <g clip-path='url(#cpMHw3MjB8NTc2fDA=)'><text x='560.30' y='554.98' style='font-size: 8.80px; fill: #4D4D4D; font-family: Liberation Sans;' textLength='14.68px' lengthAdjust='spacingAndGlyphs'>400</text></g>
     <g clip-path='url(#cpMHw3MjB8NTc2fDA=)'><text x='361.41' y='568.03' style='font-size: 11.00px; font-family: Liberation Sans;' textLength='20.18px' lengthAdjust='spacingAndGlyphs'>disp</text></g>
     <g clip-path='url(#cpMHw3MjB8NTc2fDA=)'><text transform='translate(13.05,297.27) rotate(-90)' style='font-size: 11.00px; font-family: Liberation Sans;' textLength='26.91px' lengthAdjust='spacingAndGlyphs'>count</text></g>
     <g clip-path='url(#cpMHw3MjB8NTc2fDA=)'><text x='28.47' y='14.56' style='font-size: 13.20px; font-family: Liberation Sans;' textLength='38.88px' lengthAdjust='spacingAndGlyphs'>myplot</text></g>
     </svg>
    
     > Testcase SVG:
     <?xml version='1.0' encoding='UTF-8' ?>
     <svg xmlns='http://www.w3.org/2000/svg' xmlns:xlink='http://www.w3.org/1999/xlink' viewBox='0 0 720.00 576.00'>
     <defs>
     <style type='text/css'><![CDATA[
     line, polyline, path, rect, circle {
     fill: none;
     stroke: #000000;
     stroke-linecap: round;
     stroke-linejoin: round;
     stroke-miterlimit: 10.00;
     }
     ]]></style>
     </defs>
     <rect width='100%' height='100%' style='stroke: none; fill: #FFFFFF;'/>
     <rect x='0.00' y='0.00' width='720.00' height='576.00' style='stroke-width: 1.07; stroke: #FFFFFF; fill: #FFFFFF;' />
     <defs>
     <clipPath id='cpMjguNDY5Nnw3MTQuNTIxfDU0My45OTd8MjMuNjI2NQ=='>
     <rect x='28.47' y='23.63' width='686.05' height='520.37' />
     </clipPath>
     </defs>
     <rect x='28.47' y='23.63' width='686.05' height='520.37' style='stroke-width: 1.07; stroke: none; fill: #FFFFFF;' clip-path='url(#cpMjguNDY5Nnw3MTQuNTIxfDU0My45OTd8MjMuNjI2NQ==)' />
     <rect x='59.65' y='283.81' width='20.79' height='236.53' style='stroke-width: 1.07; stroke: none; stroke-linecap: butt; fill: #595959;' clip-path='url(#cpMjguNDY5Nnw3MTQuNTIxfDU0My45OTd8MjMuNjI2NQ==)' />
     <rect x='80.44' y='283.81' width='20.79' height='236.53' style='stroke-width: 1.07; stroke: none; stroke-linecap: butt; fill: #595959;' clip-path='url(#cpMjguNDY5Nnw3MTQuNTIxfDU0My45OTd8MjMuNjI2NQ==)' />
     <rect x='101.23' y='402.08' width='20.79' height='118.27' style='stroke-width: 1.07; stroke: none; stroke-linecap: butt; fill: #595959;' clip-path='url(#cpMjguNDY5Nnw3MTQuNTIxfDU0My45OTd8MjMuNjI2NQ==)' />
     <rect x='122.02' y='402.08' width='20.79' height='118.27' style='stroke-width: 1.07; stroke: none; stroke-linecap: butt; fill: #595959;' clip-path='url(#cpMjguNDY5Nnw3MTQuNTIxfDU0My45OTd8MjMuNjI2NQ==)' />
     <rect x='142.81' y='165.55' width='20.79' height='354.80' style='stroke-width: 1.07; stroke: none; stroke-linecap: butt; fill: #595959;' clip-path='url(#cpMjguNDY5Nnw3MTQuNTIxfDU0My45OTd8MjMuNjI2NQ==)' />
     <rect x='163.60' y='283.81' width='20.79' height='236.53' style='stroke-width: 1.07; stroke: none; stroke-linecap: butt; fill: #595959;' clip-path='url(#cpMjguNDY5Nnw3MTQuNTIxfDU0My45OTd8MjMuNjI2NQ==)' />
     <rect x='184.39' y='402.08' width='20.79' height='118.27' style='stroke-width: 1.07; stroke: none; stroke-linecap: butt; fill: #595959;' clip-path='url(#cpMjguNDY5Nnw3MTQuNTIxfDU0My45OTd8MjMuNjI2NQ==)' />
     <rect x='205.18' y='47.28' width='20.79' height='473.06' style='stroke-width: 1.07; stroke: none; stroke-linecap: butt; fill: #595959;' clip-path='url(#cpMjguNDY5Nnw3MTQuNTIxfDU0My45OTd8MjMuNjI2NQ==)' />
     <rect x='225.97' y='520.34' width='20.79' height='0.00' style='stroke-width: 1.07; stroke: none; stroke-linecap: butt; fill: #595959;' clip-path='url(#cpMjguNDY5Nnw3MTQuNTIxfDU0My45OTd8MjMuNjI2NQ==)' />
     <rect x='246.76' y='520.34' width='20.79' height='0.00' style='stroke-width: 1.07; stroke: none; stroke-linecap: butt; fill: #595959;' clip-path='url(#cpMjguNDY5Nnw3MTQuNTIxfDU0My45OTd8MjMuNjI2NQ==)' />
     <rect x='267.55' y='520.34' width='20.79' height='0.00' style='stroke-width: 1.07; stroke: none; stroke-linecap: butt; fill: #595959;' clip-path='url(#cpMjguNDY5Nnw3MTQuNTIxfDU0My45OTd8MjMuNjI2NQ==)' />
     <rect x='288.34' y='402.08' width='20.79' height='118.27' style='stroke-width: 1.07; stroke: none; stroke-linecap: butt; fill: #595959;' clip-path='url(#cpMjguNDY5Nnw3MTQuNTIxfDU0My45OTd8MjMuNjI2NQ==)' />
     <rect x='309.13' y='520.34' width='20.79' height='0.00' style='stroke-width: 1.07; stroke: none; stroke-linecap: butt; fill: #595959;' clip-path='url(#cpMjguNDY5Nnw3MTQuNTIxfDU0My45OTd8MjMuNjI2NQ==)' />
     <rect x='329.92' y='520.34' width='20.79' height='0.00' style='stroke-width: 1.07; stroke: none; stroke-linecap: butt; fill: #595959;' clip-path='url(#cpMjguNDY5Nnw3MTQuNTIxfDU0My45OTd8MjMuNjI2NQ==)' />
     <rect x='350.71' y='402.08' width='20.79' height='118.27' style='stroke-width: 1.07; stroke: none; stroke-linecap: butt; fill: #595959;' clip-path='url(#cpMjguNDY5Nnw3MTQuNTIxfDU0My45OTd8MjMuNjI2NQ==)' />
     <rect x='371.50' y='165.55' width='20.79' height='354.80' style='stroke-width: 1.07; stroke: none; stroke-linecap: butt; fill: #595959;' clip-path='url(#cpMjguNDY5Nnw3MTQuNTIxfDU0My45OTd8MjMuNjI2NQ==)' />
     <rect x='392.28' y='520.34' width='20.79' height='0.00' style='stroke-width: 1.07; stroke: none; stroke-linecap: butt; fill: #595959;' clip-path='url(#cpMjguNDY5Nnw3MTQuNTIxfDU0My45OTd8MjMuNjI2NQ==)' />
     <rect x='413.07' y='283.81' width='20.79' height='236.53' style='stroke-width: 1.07; stroke: none; stroke-linecap: butt; fill: #595959;' clip-path='url(#cpMjguNDY5Nnw3MTQuNTIxfDU0My45OTd8MjMuNjI2NQ==)' />
     <rect x='433.86' y='402.08' width='20.79' height='118.27' style='stroke-width: 1.07; stroke: none; stroke-linecap: butt; fill: #595959;' clip-path='url(#cpMjguNDY5Nnw3MTQuNTIxfDU0My45OTd8MjMuNjI2NQ==)' />
     <rect x='454.65' y='520.34' width='20.79' height='0.00' style='stroke-width: 1.07; stroke: none; stroke-linecap: butt; fill: #595959;' clip-path='url(#cpMjguNDY5Nnw3MTQuNTIxfDU0My45OTd8MjMuNjI2NQ==)' />
     <rect x='475.44' y='283.81' width='20.79' height='236.53' style='stroke-width: 1.07; stroke: none; stroke-linecap: butt; fill: #595959;' clip-path='url(#cpMjguNDY5Nnw3MTQuNTIxfDU0My45OTd8MjMuNjI2NQ==)' />
     <rect x='496.23' y='283.81' width='20.79' height='236.53' style='stroke-width: 1.07; stroke: none; stroke-linecap: butt; fill: #595959;' clip-path='url(#cpMjguNDY5Nnw3MTQuNTIxfDU0My45OTd8MjMuNjI2NQ==)' />
     <rect x='517.02' y='520.34' width='20.79' height='0.00' style='stroke-width: 1.07; stroke: none; stroke-linecap: butt; fill: #595959;' clip-path='url(#cpMjguNDY5Nnw3MTQuNTIxfDU0My45OTd8MjMuNjI2NQ==)' />
     <rect x='537.81' y='520.34' width='20.79' height='0.00' style='stroke-width: 1.07; stroke: none; stroke-linecap: butt; fill: #595959;' clip-path='url(#cpMjguNDY5Nnw3MTQuNTIxfDU0My45OTd8MjMuNjI2NQ==)' />
     <rect x='558.60' y='402.08' width='20.79' height='118.27' style='stroke-width: 1.07; stroke: none; stroke-linecap: butt; fill: #595959;' clip-path='url(#cpMjguNDY5Nnw3MTQuNTIxfDU0My45OTd8MjMuNjI2NQ==)' />
     <rect x='579.39' y='520.34' width='20.79' height='0.00' style='stroke-width: 1.07; stroke: none; stroke-linecap: butt; fill: #595959;' clip-path='url(#cpMjguNDY5Nnw3MTQuNTIxfDU0My45OTd8MjMuNjI2NQ==)' />
     <rect x='600.18' y='520.34' width='20.79' height='0.00' style='stroke-width: 1.07; stroke: none; stroke-linecap: butt; fill: #595959;' clip-path='url(#cpMjguNDY5Nnw3MTQuNTIxfDU0My45OTd8MjMuNjI2NQ==)' />
     <rect x='620.97' y='402.08' width='20.79' height='118.27' style='stroke-width: 1.07; stroke: none; stroke-linecap: butt; fill: #595959;' clip-path='url(#cpMjguNDY5Nnw3MTQuNTIxfDU0My45OTd8MjMuNjI2NQ==)' />
     <rect x='641.76' y='402.08' width='20.79' height='118.27' style='stroke-width: 1.07; stroke: none; stroke-linecap: butt; fill: #595959;' clip-path='url(#cpMjguNDY5Nnw3MTQuNTIxfDU0My45OTd8MjMuNjI2NQ==)' />
     <rect x='662.55' y='402.08' width='20.79' height='118.27' style='stroke-width: 1.07; stroke: none; stroke-linecap: butt; fill: #595959;' clip-path='url(#cpMjguNDY5Nnw3MTQuNTIxfDU0My45OTd8MjMuNjI2NQ==)' />
     <line x1='417.26' y1='544.00' x2='417.26' y2='23.63' style='stroke-width: 1.07; stroke-linecap: butt;' clip-path='url(#cpMjguNDY5Nnw3MTQuNTIxfDU0My45OTd8MjMuNjI2NQ==)' />
     <rect x='28.47' y='23.63' width='686.05' height='520.37' style='stroke-width: 1.07; stroke: #333333;' clip-path='url(#cpMjguNDY5Nnw3MTQuNTIxfDU0My45OTd8MjMuNjI2NQ==)' />
     <defs>
     <clipPath id='cpMHw3MjB8NTc2fDA='>
     <rect x='0.00' y='0.00' width='720.00' height='576.00' />
     </clipPath>
     </defs>
     <g clip-path='url(#cpMHw3MjB8NTc2fDA=)'><text x='18.64' y='523.37' style='font-size: 8.80px; fill: #4D4D4D; font-family: Liberation Sans;' textLength='4.89px' lengthAdjust='spacingAndGlyphs'>0</text></g>
     <g clip-path='url(#cpMHw3MjB8NTc2fDA=)'><text x='18.64' y='405.11' style='font-size: 8.80px; fill: #4D4D4D; font-family: Liberation Sans;' textLength='4.89px' lengthAdjust='spacingAndGlyphs'>1</text></g>
     <g clip-path='url(#cpMHw3MjB8NTc2fDA=)'><text x='18.64' y='286.84' style='font-size: 8.80px; fill: #4D4D4D; font-family: Liberation Sans;' textLength='4.89px' lengthAdjust='spacingAndGlyphs'>2</text></g>
     <g clip-path='url(#cpMHw3MjB8NTc2fDA=)'><text x='18.64' y='168.57' style='font-size: 8.80px; fill: #4D4D4D; font-family: Liberation Sans;' textLength='4.89px' lengthAdjust='spacingAndGlyphs'>3</text></g>
     <g clip-path='url(#cpMHw3MjB8NTc2fDA=)'><text x='18.64' y='50.31' style='font-size: 8.80px; fill: #4D4D4D; font-family: Liberation Sans;' textLength='4.89px' lengthAdjust='spacingAndGlyphs'>4</text></g>
     <polyline points='25.73,520.34 28.47,520.34 ' style='stroke-width: 1.07; stroke: #333333; stroke-linecap: butt;' clip-path='url(#cpMHw3MjB8NTc2fDA=)' />
     <polyline points='25.73,402.08 28.47,402.08 ' style='stroke-width: 1.07; stroke: #333333; stroke-linecap: butt;' clip-path='url(#cpMHw3MjB8NTc2fDA=)' />
     <polyline points='25.73,283.81 28.47,283.81 ' style='stroke-width: 1.07; stroke: #333333; stroke-linecap: butt;' clip-path='url(#cpMHw3MjB8NTc2fDA=)' />
     <polyline points='25.73,165.55 28.47,165.55 ' style='stroke-width: 1.07; stroke: #333333; stroke-linecap: butt;' clip-path='url(#cpMHw3MjB8NTc2fDA=)' />
     <polyline points='25.73,47.28 28.47,47.28 ' style='stroke-width: 1.07; stroke: #333333; stroke-linecap: butt;' clip-path='url(#cpMHw3MjB8NTc2fDA=)' />
     <polyline points='116.49,546.74 116.49,544.00 ' style='stroke-width: 1.07; stroke: #333333; stroke-linecap: butt;' clip-path='url(#cpMHw3MjB8NTc2fDA=)' />
     <polyline points='266.87,546.74 266.87,544.00 ' style='stroke-width: 1.07; stroke: #333333; stroke-linecap: butt;' clip-path='url(#cpMHw3MjB8NTc2fDA=)' />
     <polyline points='417.26,546.74 417.26,544.00 ' style='stroke-width: 1.07; stroke: #333333; stroke-linecap: butt;' clip-path='url(#cpMHw3MjB8NTc2fDA=)' />
     <polyline points='567.64,546.74 567.64,544.00 ' style='stroke-width: 1.07; stroke: #333333; stroke-linecap: butt;' clip-path='url(#cpMHw3MjB8NTc2fDA=)' />
     <g clip-path='url(#cpMHw3MjB8NTc2fDA=)'><text x='109.15' y='554.98' style='font-size: 8.80px; fill: #4D4D4D; font-family: Liberation Sans;' textLength='14.68px' lengthAdjust='spacingAndGlyphs'>100</text></g>
     <g clip-path='url(#cpMHw3MjB8NTc2fDA=)'><text x='259.53' y='554.98' style='font-size: 8.80px; fill: #4D4D4D; font-family: Liberation Sans;' textLength='14.68px' lengthAdjust='spacingAndGlyphs'>200</text></g>
     <g clip-path='url(#cpMHw3MjB8NTc2fDA=)'><text x='409.91' y='554.98' style='font-size: 8.80px; fill: #4D4D4D; font-family: Liberation Sans;' textLength='14.68px' lengthAdjust='spacingAndGlyphs'>300</text></g>
     <g clip-path='url(#cpMHw3MjB8NTc2fDA=)'><text x='560.30' y='554.98' style='font-size: 8.80px; fill: #4D4D4D; font-family: Liberation Sans;' textLength='14.68px' lengthAdjust='spacingAndGlyphs'>400</text></g>
     <g clip-path='url(#cpMHw3MjB8NTc2fDA=)'><text x='361.41' y='568.03' style='font-size: 11.00px; font-family: Liberation Sans;' textLength='20.18px' lengthAdjust='spacingAndGlyphs'>disp</text></g>
     <g clip-path='url(#cpMHw3MjB8NTc2fDA=)'><text transform='translate(13.05,297.27) rotate(-90)' style='font-size: 11.00px; font-family: Liberation Sans;' textLength='26.91px' lengthAdjust='spacingAndGlyphs'>count</text></g>
     <g clip-path='url(#cpMHw3MjB8NTc2fDA=)'><text x='28.47' y='14.56' style='font-size: 13.20px; font-family: Liberation Sans;' textLength='38.88px' lengthAdjust='spacingAndGlyphs'>myplot</text></g>
     </svg>
    
     >> Failed doppelganger: myplot
     > Original SVG:
     <?xml version='1.0' encoding='UTF-8' ?>
     <svg xmlns='http://www.w3.org/2000/svg' xmlns:xlink='http://www.w3.org/1999/xlink' viewBox='0 0 720.00 576.00'>
     <defs>
     <style type='text/css'><![CDATA[
     line, polyline, path, rect, circle {
     fill: none;
     stroke: #000000;
     stroke-linecap: round;
     stroke-linejoin: round;
     stroke-miterlimit: 10.00;
     }
     ]]></style>
     </defs>
     <rect width='100%' height='100%' style='stroke: none; fill: #FFFFFF;'/>
     <rect x='0.00' y='0.00' width='720.00' height='576.00' style='stroke-width: 1.07; stroke: #FFFFFF; fill: #FFFFFF;' />
     <defs>
     <clipPath id='cpMjguNDY5Nnw3MTQuNTIxfDU0My45OTd8MjMuNjI2NQ=='>
     <rect x='28.47' y='23.63' width='686.05' height='520.37' />
     </clipPath>
     </defs>
     <rect x='28.47' y='23.63' width='686.05' height='520.37' style='stroke-width: 1.07; stroke: none; fill: #FFFFFF;' clip-path='url(#cpMjguNDY5Nnw3MTQuNTIxfDU0My45OTd8MjMuNjI2NQ==)' />
     <rect x='59.65' y='283.81' width='20.79' height='236.53' style='stroke-width: 1.07; stroke: none; stroke-linecap: butt; fill: #595959;' clip-path='url(#cpMjguNDY5Nnw3MTQuNTIxfDU0My45OTd8MjMuNjI2NQ==)' />
     <rect x='80.44' y='283.81' width='20.79' height='236.53' style='stroke-width: 1.07; stroke: none; stroke-linecap: butt; fill: #595959;' clip-path='url(#cpMjguNDY5Nnw3MTQuNTIxfDU0My45OTd8MjMuNjI2NQ==)' />
     <rect x='101.23' y='402.08' width='20.79' height='118.27' style='stroke-width: 1.07; stroke: none; stroke-linecap: butt; fill: #595959;' clip-path='url(#cpMjguNDY5Nnw3MTQuNTIxfDU0My45OTd8MjMuNjI2NQ==)' />
     <rect x='122.02' y='402.08' width='20.79' height='118.27' style='stroke-width: 1.07; stroke: none; stroke-linecap: butt; fill: #595959;' clip-path='url(#cpMjguNDY5Nnw3MTQuNTIxfDU0My45OTd8MjMuNjI2NQ==)' />
     <rect x='142.81' y='165.55' width='20.79' height='354.80' style='stroke-width: 1.07; stroke: none; stroke-linecap: butt; fill: #595959;' clip-path='url(#cpMjguNDY5Nnw3MTQuNTIxfDU0My45OTd8MjMuNjI2NQ==)' />
     <rect x='163.60' y='283.81' width='20.79' height='236.53' style='stroke-width: 1.07; stroke: none; stroke-linecap: butt; fill: #595959;' clip-path='url(#cpMjguNDY5Nnw3MTQuNTIxfDU0My45OTd8MjMuNjI2NQ==)' />
     <rect x='184.39' y='402.08' width='20.79' height='118.27' style='stroke-width: 1.07; stroke: none; stroke-linecap: butt; fill: #595959;' clip-path='url(#cpMjguNDY5Nnw3MTQuNTIxfDU0My45OTd8MjMuNjI2NQ==)' />
     <rect x='205.18' y='47.28' width='20.79' height='473.06' style='stroke-width: 1.07; stroke: none; stroke-linecap: butt; fill: #595959;' clip-path='url(#cpMjguNDY5Nnw3MTQuNTIxfDU0My45OTd8MjMuNjI2NQ==)' />
     <rect x='225.97' y='520.34' width='20.79' height='0.00' style='stroke-width: 1.07; stroke: none; stroke-linecap: butt; fill: #595959;' clip-path='url(#cpMjguNDY5Nnw3MTQuNTIxfDU0My45OTd8MjMuNjI2NQ==)' />
     <rect x='246.76' y='520.34' width='20.79' height='0.00' style='stroke-width: 1.07; stroke: none; stroke-linecap: butt; fill: #595959;' clip-path='url(#cpMjguNDY5Nnw3MTQuNTIxfDU0My45OTd8MjMuNjI2NQ==)' />
     <rect x='267.55' y='520.34' width='20.79' height='0.00' style='stroke-width: 1.07; stroke: none; stroke-linecap: butt; fill: #595959;' clip-path='url(#cpMjguNDY5Nnw3MTQuNTIxfDU0My45OTd8MjMuNjI2NQ==)' />
     <rect x='288.34' y='402.08' width='20.79' height='118.27' style='stroke-width: 1.07; stroke: none; stroke-linecap: butt; fill: #595959;' clip-path='url(#cpMjguNDY5Nnw3MTQuNTIxfDU0My45OTd8MjMuNjI2NQ==)' />
     <rect x='309.13' y='520.34' width='20.79' height='0.00' style='stroke-width: 1.07; stroke: none; stroke-linecap: butt; fill: #595959;' clip-path='url(#cpMjguNDY5Nnw3MTQuNTIxfDU0My45OTd8MjMuNjI2NQ==)' />
     <rect x='329.92' y='520.34' width='20.79' height='0.00' style='stroke-width: 1.07; stroke: none; stroke-linecap: butt; fill: #595959;' clip-path='url(#cpMjguNDY5Nnw3MTQuNTIxfDU0My45OTd8MjMuNjI2NQ==)' />
     <rect x='350.71' y='402.08' width='20.79' height='118.27' style='stroke-width: 1.07; stroke: none; stroke-linecap: butt; fill: #595959;' clip-path='url(#cpMjguNDY5Nnw3MTQuNTIxfDU0My45OTd8MjMuNjI2NQ==)' />
     <rect x='371.50' y='165.55' width='20.79' height='354.80' style='stroke-width: 1.07; stroke: none; stroke-linecap: butt; fill: #595959;' clip-path='url(#cpMjguNDY5Nnw3MTQuNTIxfDU0My45OTd8MjMuNjI2NQ==)' />
     <rect x='392.28' y='520.34' width='20.79' height='0.00' style='stroke-width: 1.07; stroke: none; stroke-linecap: butt; fill: #595959;' clip-path='url(#cpMjguNDY5Nnw3MTQuNTIxfDU0My45OTd8MjMuNjI2NQ==)' />
     <rect x='413.07' y='283.81' width='20.79' height='236.53' style='stroke-width: 1.07; stroke: none; stroke-linecap: butt; fill: #595959;' clip-path='url(#cpMjguNDY5Nnw3MTQuNTIxfDU0My45OTd8MjMuNjI2NQ==)' />
     <rect x='433.86' y='402.08' width='20.79' height='118.27' style='stroke-width: 1.07; stroke: none; stroke-linecap: butt; fill: #595959;' clip-path='url(#cpMjguNDY5Nnw3MTQuNTIxfDU0My45OTd8MjMuNjI2NQ==)' />
     <rect x='454.65' y='520.34' width='20.79' height='0.00' style='stroke-width: 1.07; stroke: none; stroke-linecap: butt; fill: #595959;' clip-path='url(#cpMjguNDY5Nnw3MTQuNTIxfDU0My45OTd8MjMuNjI2NQ==)' />
     <rect x='475.44' y='283.81' width='20.79' height='236.53' style='stroke-width: 1.07; stroke: none; stroke-linecap: butt; fill: #595959;' clip-path='url(#cpMjguNDY5Nnw3MTQuNTIxfDU0My45OTd8MjMuNjI2NQ==)' />
     <rect x='496.23' y='283.81' width='20.79' height='236.53' style='stroke-width: 1.07; stroke: none; stroke-linecap: butt; fill: #595959;' clip-path='url(#cpMjguNDY5Nnw3MTQuNTIxfDU0My45OTd8MjMuNjI2NQ==)' />
     <rect x='517.02' y='520.34' width='20.79' height='0.00' style='stroke-width: 1.07; stroke: none; stroke-linecap: butt; fill: #595959;' clip-path='url(#cpMjguNDY5Nnw3MTQuNTIxfDU0My45OTd8MjMuNjI2NQ==)' />
     <rect x='537.81' y='520.34' width='20.79' height='0.00' style='stroke-width: 1.07; stroke: none; stroke-linecap: butt; fill: #595959;' clip-path='url(#cpMjguNDY5Nnw3MTQuNTIxfDU0My45OTd8MjMuNjI2NQ==)' />
     <rect x='558.60' y='402.08' width='20.79' height='118.27' style='stroke-width: 1.07; stroke: none; stroke-linecap: butt; fill: #595959;' clip-path='url(#cpMjguNDY5Nnw3MTQuNTIxfDU0My45OTd8MjMuNjI2NQ==)' />
     <rect x='579.39' y='520.34' width='20.79' height='0.00' style='stroke-width: 1.07; stroke: none; stroke-linecap: butt; fill: #595959;' clip-path='url(#cpMjguNDY5Nnw3MTQuNTIxfDU0My45OTd8MjMuNjI2NQ==)' />
     <rect x='600.18' y='520.34' width='20.79' height='0.00' style='stroke-width: 1.07; stroke: none; stroke-linecap: butt; fill: #595959;' clip-path='url(#cpMjguNDY5Nnw3MTQuNTIxfDU0My45OTd8MjMuNjI2NQ==)' />
     <rect x='620.97' y='402.08' width='20.79' height='118.27' style='stroke-width: 1.07; stroke: none; stroke-linecap: butt; fill: #595959;' clip-path='url(#cpMjguNDY5Nnw3MTQuNTIxfDU0My45OTd8MjMuNjI2NQ==)' />
     <rect x='641.76' y='402.08' width='20.79' height='118.27' style='stroke-width: 1.07; stroke: none; stroke-linecap: butt; fill: #595959;' clip-path='url(#cpMjguNDY5Nnw3MTQuNTIxfDU0My45OTd8MjMuNjI2NQ==)' />
     <rect x='662.55' y='402.08' width='20.79' height='118.27' style='stroke-width: 1.07; stroke: none; stroke-linecap: butt; fill: #595959;' clip-path='url(#cpMjguNDY5Nnw3MTQuNTIxfDU0My45OTd8MjMuNjI2NQ==)' />
     <rect x='28.47' y='23.63' width='686.05' height='520.37' style='stroke-width: 1.07; stroke: #333333;' clip-path='url(#cpMjguNDY5Nnw3MTQuNTIxfDU0My45OTd8MjMuNjI2NQ==)' />
     <defs>
     <clipPath id='cpMHw3MjB8NTc2fDA='>
     <rect x='0.00' y='0.00' width='720.00' height='576.00' />
     </clipPath>
     </defs>
     <g clip-path='url(#cpMHw3MjB8NTc2fDA=)'><text x='18.64' y='523.37' style='font-size: 8.80px; fill: #4D4D4D; font-family: Liberation Sans;' textLength='4.89px' lengthAdjust='spacingAndGlyphs'>0</text></g>
     <g clip-path='url(#cpMHw3MjB8NTc2fDA=)'><text x='18.64' y='405.11' style='font-size: 8.80px; fill: #4D4D4D; font-family: Liberation Sans;' textLength='4.89px' lengthAdjust='spacingAndGlyphs'>1</text></g>
     <g clip-path='url(#cpMHw3MjB8NTc2fDA=)'><text x='18.64' y='286.84' style='font-size: 8.80px; fill: #4D4D4D; font-family: Liberation Sans;' textLength='4.89px' lengthAdjust='spacingAndGlyphs'>2</text></g>
     <g clip-path='url(#cpMHw3MjB8NTc2fDA=)'><text x='18.64' y='168.57' style='font-size: 8.80px; fill: #4D4D4D; font-family: Liberation Sans;' textLength='4.89px' lengthAdjust='spacingAndGlyphs'>3</text></g>
     <g clip-path='url(#cpMHw3MjB8NTc2fDA=)'><text x='18.64' y='50.31' style='font-size: 8.80px; fill: #4D4D4D; font-family: Liberation Sans;' textLength='4.89px' lengthAdjust='spacingAndGlyphs'>4</text></g>
     <polyline points='25.73,520.34 28.47,520.34 ' style='stroke-width: 1.07; stroke: #333333; stroke-linecap: butt;' clip-path='url(#cpMHw3MjB8NTc2fDA=)' />
     <polyline points='25.73,402.08 28.47,402.08 ' style='stroke-width: 1.07; stroke: #333333; stroke-linecap: butt;' clip-path='url(#cpMHw3MjB8NTc2fDA=)' />
     <polyline points='25.73,283.81 28.47,283.81 ' style='stroke-width: 1.07; stroke: #333333; stroke-linecap: butt;' clip-path='url(#cpMHw3MjB8NTc2fDA=)' />
     <polyline points='25.73,165.55 28.47,165.55 ' style='stroke-width: 1.07; stroke: #333333; stroke-linecap: butt;' clip-path='url(#cpMHw3MjB8NTc2fDA=)' />
     <polyline points='25.73,47.28 28.47,47.28 ' style='stroke-width: 1.07; stroke: #333333; stroke-linecap: butt;' clip-path='url(#cpMHw3MjB8NTc2fDA=)' />
     <polyline points='116.49,546.74 116.49,544.00 ' style='stroke-width: 1.07; stroke: #333333; stroke-linecap: butt;' clip-path='url(#cpMHw3MjB8NTc2fDA=)' />
     <polyline points='266.87,546.74 266.87,544.00 ' style='stroke-width: 1.07; stroke: #333333; stroke-linecap: butt;' clip-path='url(#cpMHw3MjB8NTc2fDA=)' />
     <polyline points='417.26,546.74 417.26,544.00 ' style='stroke-width: 1.07; stroke: #333333; stroke-linecap: butt;' clip-path='url(#cpMHw3MjB8NTc2fDA=)' />
     <polyline points='567.64,546.74 567.64,544.00 ' style='stroke-width: 1.07; stroke: #333333; stroke-linecap: butt;' clip-path='url(#cpMHw3MjB8NTc2fDA=)' />
     <g clip-path='url(#cpMHw3MjB8NTc2fDA=)'><text x='109.15' y='554.98' style='font-size: 8.80px; fill: #4D4D4D; font-family: Liberation Sans;' textLength='14.68px' lengthAdjust='spacingAndGlyphs'>100</text></g>
     <g clip-path='url(#cpMHw3MjB8NTc2fDA=)'><text x='259.53' y='554.98' style='font-size: 8.80px; fill: #4D4D4D; font-family: Liberation Sans;' textLength='14.68px' lengthAdjust='spacingAndGlyphs'>200</text></g>
     <g clip-path='url(#cpMHw3MjB8NTc2fDA=)'><text x='409.91' y='554.98' style='font-size: 8.80px; fill: #4D4D4D; font-family: Liberation Sans;' textLength='14.68px' lengthAdjust='spacingAndGlyphs'>300</text></g>
     <g clip-path='url(#cpMHw3MjB8NTc2fDA=)'><text x='560.30' y='554.98' style='font-size: 8.80px; fill: #4D4D4D; font-family: Liberation Sans;' textLength='14.68px' lengthAdjust='spacingAndGlyphs'>400</text></g>
     <g clip-path='url(#cpMHw3MjB8NTc2fDA=)'><text x='361.41' y='568.03' style='font-size: 11.00px; font-family: Liberation Sans;' textLength='20.18px' lengthAdjust='spacingAndGlyphs'>disp</text></g>
     <g clip-path='url(#cpMHw3MjB8NTc2fDA=)'><text transform='translate(13.05,297.27) rotate(-90)' style='font-size: 11.00px; font-family: Liberation Sans;' textLength='26.91px' lengthAdjust='spacingAndGlyphs'>count</text></g>
     <g clip-path='url(#cpMHw3MjB8NTc2fDA=)'><text x='28.47' y='14.56' style='font-size: 13.20px; font-family: Liberation Sans;' textLength='38.88px' lengthAdjust='spacingAndGlyphs'>myplot</text></g>
     </svg>
    
     > Testcase SVG:
     <?xml version='1.0' encoding='UTF-8' ?>
     <svg xmlns='http://www.w3.org/2000/svg' xmlns:xlink='http://www.w3.org/1999/xlink' viewBox='0 0 720.00 576.00'>
     <defs>
     <style type='text/css'><![CDATA[
     line, polyline, path, rect, circle {
     fill: none;
     stroke: #000000;
     stroke-linecap: round;
     stroke-linejoin: round;
     stroke-miterlimit: 10.00;
     }
     ]]></style>
     </defs>
     <rect width='100%' height='100%' style='stroke: none; fill: #FFFFFF;'/>
     <rect x='0.00' y='0.00' width='720.00' height='576.00' style='stroke-width: 1.07; stroke: #FFFFFF; fill: #FFFFFF;' />
     <defs>
     <clipPath id='cpMjguNDY5Nnw3MTQuNTIxfDU0My45OTd8MjMuNjI2NQ=='>
     <rect x='28.47' y='23.63' width='686.05' height='520.37' />
     </clipPath>
     </defs>
     <rect x='28.47' y='23.63' width='686.05' height='520.37' style='stroke-width: 1.07; stroke: none; fill: #FFFFFF;' clip-path='url(#cpMjguNDY5Nnw3MTQuNTIxfDU0My45OTd8MjMuNjI2NQ==)' />
     <rect x='59.65' y='283.81' width='20.79' height='236.53' style='stroke-width: 1.07; stroke: none; stroke-linecap: butt; fill: #595959;' clip-path='url(#cpMjguNDY5Nnw3MTQuNTIxfDU0My45OTd8MjMuNjI2NQ==)' />
     <rect x='80.44' y='283.81' width='20.79' height='236.53' style='stroke-width: 1.07; stroke: none; stroke-linecap: butt; fill: #595959;' clip-path='url(#cpMjguNDY5Nnw3MTQuNTIxfDU0My45OTd8MjMuNjI2NQ==)' />
     <rect x='101.23' y='402.08' width='20.79' height='118.27' style='stroke-width: 1.07; stroke: none; stroke-linecap: butt; fill: #595959;' clip-path='url(#cpMjguNDY5Nnw3MTQuNTIxfDU0My45OTd8MjMuNjI2NQ==)' />
     <rect x='122.02' y='402.08' width='20.79' height='118.27' style='stroke-width: 1.07; stroke: none; stroke-linecap: butt; fill: #595959;' clip-path='url(#cpMjguNDY5Nnw3MTQuNTIxfDU0My45OTd8MjMuNjI2NQ==)' />
     <rect x='142.81' y='165.55' width='20.79' height='354.80' style='stroke-width: 1.07; stroke: none; stroke-linecap: butt; fill: #595959;' clip-path='url(#cpMjguNDY5Nnw3MTQuNTIxfDU0My45OTd8MjMuNjI2NQ==)' />
     <rect x='163.60' y='283.81' width='20.79' height='236.53' style='stroke-width: 1.07; stroke: none; stroke-linecap: butt; fill: #595959;' clip-path='url(#cpMjguNDY5Nnw3MTQuNTIxfDU0My45OTd8MjMuNjI2NQ==)' />
     <rect x='184.39' y='402.08' width='20.79' height='118.27' style='stroke-width: 1.07; stroke: none; stroke-linecap: butt; fill: #595959;' clip-path='url(#cpMjguNDY5Nnw3MTQuNTIxfDU0My45OTd8MjMuNjI2NQ==)' />
     <rect x='205.18' y='47.28' width='20.79' height='473.06' style='stroke-width: 1.07; stroke: none; stroke-linecap: butt; fill: #595959;' clip-path='url(#cpMjguNDY5Nnw3MTQuNTIxfDU0My45OTd8MjMuNjI2NQ==)' />
     <rect x='225.97' y='520.34' width='20.79' height='0.00' style='stroke-width: 1.07; stroke: none; stroke-linecap: butt; fill: #595959;' clip-path='url(#cpMjguNDY5Nnw3MTQuNTIxfDU0My45OTd8MjMuNjI2NQ==)' />
     <rect x='246.76' y='520.34' width='20.79' height='0.00' style='stroke-width: 1.07; stroke: none; stroke-linecap: butt; fill: #595959;' clip-path='url(#cpMjguNDY5Nnw3MTQuNTIxfDU0My45OTd8MjMuNjI2NQ==)' />
     <rect x='267.55' y='520.34' width='20.79' height='0.00' style='stroke-width: 1.07; stroke: none; stroke-linecap: butt; fill: #595959;' clip-path='url(#cpMjguNDY5Nnw3MTQuNTIxfDU0My45OTd8MjMuNjI2NQ==)' />
     <rect x='288.34' y='402.08' width='20.79' height='118.27' style='stroke-width: 1.07; stroke: none; stroke-linecap: butt; fill: #595959;' clip-path='url(#cpMjguNDY5Nnw3MTQuNTIxfDU0My45OTd8MjMuNjI2NQ==)' />
     <rect x='309.13' y='520.34' width='20.79' height='0.00' style='stroke-width: 1.07; stroke: none; stroke-linecap: butt; fill: #595959;' clip-path='url(#cpMjguNDY5Nnw3MTQuNTIxfDU0My45OTd8MjMuNjI2NQ==)' />
     <rect x='329.92' y='520.34' width='20.79' height='0.00' style='stroke-width: 1.07; stroke: none; stroke-linecap: butt; fill: #595959;' clip-path='url(#cpMjguNDY5Nnw3MTQuNTIxfDU0My45OTd8MjMuNjI2NQ==)' />
     <rect x='350.71' y='402.08' width='20.79' height='118.27' style='stroke-width: 1.07; stroke: none; stroke-linecap: butt; fill: #595959;' clip-path='url(#cpMjguNDY5Nnw3MTQuNTIxfDU0My45OTd8MjMuNjI2NQ==)' />
     <rect x='371.50' y='165.55' width='20.79' height='354.80' style='stroke-width: 1.07; stroke: none; stroke-linecap: butt; fill: #595959;' clip-path='url(#cpMjguNDY5Nnw3MTQuNTIxfDU0My45OTd8MjMuNjI2NQ==)' />
     <rect x='392.28' y='520.34' width='20.79' height='0.00' style='stroke-width: 1.07; stroke: none; stroke-linecap: butt; fill: #595959;' clip-path='url(#cpMjguNDY5Nnw3MTQuNTIxfDU0My45OTd8MjMuNjI2NQ==)' />
     <rect x='413.07' y='283.81' width='20.79' height='236.53' style='stroke-width: 1.07; stroke: none; stroke-linecap: butt; fill: #595959;' clip-path='url(#cpMjguNDY5Nnw3MTQuNTIxfDU0My45OTd8MjMuNjI2NQ==)' />
     <rect x='433.86' y='402.08' width='20.79' height='118.27' style='stroke-width: 1.07; stroke: none; stroke-linecap: butt; fill: #595959;' clip-path='url(#cpMjguNDY5Nnw3MTQuNTIxfDU0My45OTd8MjMuNjI2NQ==)' />
     <rect x='454.65' y='520.34' width='20.79' height='0.00' style='stroke-width: 1.07; stroke: none; stroke-linecap: butt; fill: #595959;' clip-path='url(#cpMjguNDY5Nnw3MTQuNTIxfDU0My45OTd8MjMuNjI2NQ==)' />
     <rect x='475.44' y='283.81' width='20.79' height='236.53' style='stroke-width: 1.07; stroke: none; stroke-linecap: butt; fill: #595959;' clip-path='url(#cpMjguNDY5Nnw3MTQuNTIxfDU0My45OTd8MjMuNjI2NQ==)' />
     <rect x='496.23' y='283.81' width='20.79' height='236.53' style='stroke-width: 1.07; stroke: none; stroke-linecap: butt; fill: #595959;' clip-path='url(#cpMjguNDY5Nnw3MTQuNTIxfDU0My45OTd8MjMuNjI2NQ==)' />
     <rect x='517.02' y='520.34' width='20.79' height='0.00' style='stroke-width: 1.07; stroke: none; stroke-linecap: butt; fill: #595959;' clip-path='url(#cpMjguNDY5Nnw3MTQuNTIxfDU0My45OTd8MjMuNjI2NQ==)' />
     <rect x='537.81' y='520.34' width='20.79' height='0.00' style='stroke-width: 1.07; stroke: none; stroke-linecap: butt; fill: #595959;' clip-path='url(#cpMjguNDY5Nnw3MTQuNTIxfDU0My45OTd8MjMuNjI2NQ==)' />
     <rect x='558.60' y='402.08' width='20.79' height='118.27' style='stroke-width: 1.07; stroke: none; stroke-linecap: butt; fill: #595959;' clip-path='url(#cpMjguNDY5Nnw3MTQuNTIxfDU0My45OTd8MjMuNjI2NQ==)' />
     <rect x='579.39' y='520.34' width='20.79' height='0.00' style='stroke-width: 1.07; stroke: none; stroke-linecap: butt; fill: #595959;' clip-path='url(#cpMjguNDY5Nnw3MTQuNTIxfDU0My45OTd8MjMuNjI2NQ==)' />
     <rect x='600.18' y='520.34' width='20.79' height='0.00' style='stroke-width: 1.07; stroke: none; stroke-linecap: butt; fill: #595959;' clip-path='url(#cpMjguNDY5Nnw3MTQuNTIxfDU0My45OTd8MjMuNjI2NQ==)' />
     <rect x='620.97' y='402.08' width='20.79' height='118.27' style='stroke-width: 1.07; stroke: none; stroke-linecap: butt; fill: #595959;' clip-path='url(#cpMjguNDY5Nnw3MTQuNTIxfDU0My45OTd8MjMuNjI2NQ==)' />
     <rect x='641.76' y='402.08' width='20.79' height='118.27' style='stroke-width: 1.07; stroke: none; stroke-linecap: butt; fill: #595959;' clip-path='url(#cpMjguNDY5Nnw3MTQuNTIxfDU0My45OTd8MjMuNjI2NQ==)' />
     <rect x='662.55' y='402.08' width='20.79' height='118.27' style='stroke-width: 1.07; stroke: none; stroke-linecap: butt; fill: #595959;' clip-path='url(#cpMjguNDY5Nnw3MTQuNTIxfDU0My45OTd8MjMuNjI2NQ==)' />
     <line x1='417.26' y1='544.00' x2='417.26' y2='23.63' style='stroke-width: 1.07; stroke-linecap: butt;' clip-path='url(#cpMjguNDY5Nnw3MTQuNTIxfDU0My45OTd8MjMuNjI2NQ==)' />
     <rect x='28.47' y='23.63' width='686.05' height='520.37' style='stroke-width: 1.07; stroke: #333333;' clip-path='url(#cpMjguNDY5Nnw3MTQuNTIxfDU0My45OTd8MjMuNjI2NQ==)' />
     <defs>
     <clipPath id='cpMHw3MjB8NTc2fDA='>
     <rect x='0.00' y='0.00' width='720.00' height='576.00' />
     </clipPath>
     </defs>
     <g clip-path='url(#cpMHw3MjB8NTc2fDA=)'><text x='18.64' y='523.37' style='font-size: 8.80px; fill: #4D4D4D; font-family: Liberation Sans;' textLength='4.89px' lengthAdjust='spacingAndGlyphs'>0</text></g>
     <g clip-path='url(#cpMHw3MjB8NTc2fDA=)'><text x='18.64' y='405.11' style='font-size: 8.80px; fill: #4D4D4D; font-family: Liberation Sans;' textLength='4.89px' lengthAdjust='spacingAndGlyphs'>1</text></g>
     <g clip-path='url(#cpMHw3MjB8NTc2fDA=)'><text x='18.64' y='286.84' style='font-size: 8.80px; fill: #4D4D4D; font-family: Liberation Sans;' textLength='4.89px' lengthAdjust='spacingAndGlyphs'>2</text></g>
     <g clip-path='url(#cpMHw3MjB8NTc2fDA=)'><text x='18.64' y='168.57' style='font-size: 8.80px; fill: #4D4D4D; font-family: Liberation Sans;' textLength='4.89px' lengthAdjust='spacingAndGlyphs'>3</text></g>
     <g clip-path='url(#cpMHw3MjB8NTc2fDA=)'><text x='18.64' y='50.31' style='font-size: 8.80px; fill: #4D4D4D; font-family: Liberation Sans;' textLength='4.89px' lengthAdjust='spacingAndGlyphs'>4</text></g>
     <polyline points='25.73,520.34 28.47,520.34 ' style='stroke-width: 1.07; stroke: #333333; stroke-linecap: butt;' clip-path='url(#cpMHw3MjB8NTc2fDA=)' />
     <polyline points='25.73,402.08 28.47,402.08 ' style='stroke-width: 1.07; stroke: #333333; stroke-linecap: butt;' clip-path='url(#cpMHw3MjB8NTc2fDA=)' />
     <polyline points='25.73,283.81 28.47,283.81 ' style='stroke-width: 1.07; stroke: #333333; stroke-linecap: butt;' clip-path='url(#cpMHw3MjB8NTc2fDA=)' />
     <polyline points='25.73,165.55 28.47,165.55 ' style='stroke-width: 1.07; stroke: #333333; stroke-linecap: butt;' clip-path='url(#cpMHw3MjB8NTc2fDA=)' />
     <polyline points='25.73,47.28 28.47,47.28 ' style='stroke-width: 1.07; stroke: #333333; stroke-linecap: butt;' clip-path='url(#cpMHw3MjB8NTc2fDA=)' />
     <polyline points='116.49,546.74 116.49,544.00 ' style='stroke-width: 1.07; stroke: #333333; stroke-linecap: butt;' clip-path='url(#cpMHw3MjB8NTc2fDA=)' />
     <polyline points='266.87,546.74 266.87,544.00 ' style='stroke-width: 1.07; stroke: #333333; stroke-linecap: butt;' clip-path='url(#cpMHw3MjB8NTc2fDA=)' />
     <polyline points='417.26,546.74 417.26,544.00 ' style='stroke-width: 1.07; stroke: #333333; stroke-linecap: butt;' clip-path='url(#cpMHw3MjB8NTc2fDA=)' />
     <polyline points='567.64,546.74 567.64,544.00 ' style='stroke-width: 1.07; stroke: #333333; stroke-linecap: butt;' clip-path='url(#cpMHw3MjB8NTc2fDA=)' />
     <g clip-path='url(#cpMHw3MjB8NTc2fDA=)'><text x='109.15' y='554.98' style='font-size: 8.80px; fill: #4D4D4D; font-family: Liberation Sans;' textLength='14.68px' lengthAdjust='spacingAndGlyphs'>100</text></g>
     <g clip-path='url(#cpMHw3MjB8NTc2fDA=)'><text x='259.53' y='554.98' style='font-size: 8.80px; fill: #4D4D4D; font-family: Liberation Sans;' textLength='14.68px' lengthAdjust='spacingAndGlyphs'>200</text></g>
     <g clip-path='url(#cpMHw3MjB8NTc2fDA=)'><text x='409.91' y='554.98' style='font-size: 8.80px; fill: #4D4D4D; font-family: Liberation Sans;' textLength='14.68px' lengthAdjust='spacingAndGlyphs'>300</text></g>
     <g clip-path='url(#cpMHw3MjB8NTc2fDA=)'><text x='560.30' y='554.98' style='font-size: 8.80px; fill: #4D4D4D; font-family: Liberation Sans;' textLength='14.68px' lengthAdjust='spacingAndGlyphs'>400</text></g>
     <g clip-path='url(#cpMHw3MjB8NTc2fDA=)'><text x='361.41' y='568.03' style='font-size: 11.00px; font-family: Liberation Sans;' textLength='20.18px' lengthAdjust='spacingAndGlyphs'>disp</text></g>
     <g clip-path='url(#cpMHw3MjB8NTc2fDA=)'><text transform='translate(13.05,297.27) rotate(-90)' style='font-size: 11.00px; font-family: Liberation Sans;' textLength='26.91px' lengthAdjust='spacingAndGlyphs'>count</text></g>
     <g clip-path='url(#cpMHw3MjB8NTc2fDA=)'><text x='28.47' y='14.56' style='font-size: 13.20px; font-family: Liberation Sans;' textLength='38.88px' lengthAdjust='spacingAndGlyphs'>myplot</text></g>
     </svg>
    
    Running the tests in ‘tests/testthat.R’ failed.
    Complete output:
     >
     > mock_path <- file.path("testthat", "mock-pkg", "tests")
     > cases_ver <- vdiffr:::cases_freetype_version(mock_path)
     > system_ver <- vdiffr:::system_freetype_version()
     >
     > cat(glue::glue("system: { as.character(gdtools::version_freetype()) }"), "\n")
     system: 2.8.1
     > cat(glue::glue("cases: { as.character(cases_ver) }"), "\n")
     cases: 2.8
     >
     >
     > if (cases_ver != system_ver) {
     + cat(glue::glue(
     + "Skipping tests because the mock package was generated with a different FreeType version
     + Mock package: { cases_ver }
     + System: { system_ver }
     +
     + "
     + ))
     + } else {
     + library("testthat")
     + library("vdiffr")
     + test_check("vdiffr")
     + }
     While collecting testing cases:
     Error: while collecting vdiffr cases. Last error:
     test: SVGs of failing cases are printed when `verbose` is TRUE
     message: object of type 'closure' is not subsettable
     Execution halted
Flavor: r-devel-linux-x86_64-debian-clang