CRAN Package Check Results for Package vegalite

Last updated on 2018-04-29 01:47:30 CEST.

Flavor Version Tinstall Tcheck Ttotal Status Flags
r-devel-linux-x86_64-debian-clang 0.6.1 3.41 46.52 49.93 OK
r-devel-linux-x86_64-debian-gcc 0.6.1 3.42 38.04 41.46 OK
r-devel-linux-x86_64-fedora-clang 0.6.1 60.83 OK
r-devel-linux-x86_64-fedora-gcc 0.6.1 58.41 OK
r-devel-windows-ix86+x86_64 0.6.1 13.00 82.00 95.00 ERROR
r-patched-linux-x86_64 0.6.1 3.78 45.56 49.34 OK
r-patched-solaris-x86 0.6.1 83.60 WARN
r-release-linux-x86_64 0.6.1 3.94 46.09 50.03 OK
r-release-windows-ix86+x86_64 0.6.1 13.00 82.00 95.00 ERROR
r-release-osx-x86_64 0.6.1 WARN
r-oldrel-windows-ix86+x86_64 0.6.1 7.00 94.00 101.00 ERROR
r-oldrel-osx-x86_64 0.6.1 WARN

Check Details

Version: 0.6.1
Check: examples
Result: ERROR
    Running examples in 'vegalite-Ex.R' failed
    The error most likely occurred in:
    
    > ### Name: from_spec
    > ### Title: Take a JSON Vega-Lite Spec and render as an htmlwidget
    > ### Aliases: from_spec
    >
    > ### ** Examples
    >
    > from_spec("http://rud.is/dl/embedded.json")
    Warning in file(con, "r") :
     InternetOpenUrl failed: 'Eine Umleitungsanforderung √§ndert eine nicht sichere in eine sichere Verbindung.'
    Error in file(con, "r") : cannot open the connection
    Calls: from_spec -> readLines -> file
    Execution halted
Flavors: r-devel-windows-ix86+x86_64, r-release-windows-ix86+x86_64, r-oldrel-windows-ix86+x86_64

Version: 0.6.1
Check: re-building of vignette outputs
Result: WARN
    Error in re-building vignettes:
     ...
    Warning in engine$weave(file, quiet = quiet, encoding = enc) :
     Pandoc (>= 1.12.3) and/or pandoc-citeproc not available. Falling back to R Markdown v1.
    Quitting from lines 24-36 (intro_to_vegalite.Rmd)
    Error: processing vignette 'intro_to_vegalite.Rmd' failed with diagnostics:
    cannot open the connection
    Execution halted
Flavors: r-patched-solaris-x86, r-release-osx-x86_64, r-oldrel-osx-x86_64