Last updated on 2018-04-29 01:47:31 CEST.
Flavor | Version | Tinstall | Tcheck | Ttotal | Status | Flags |
---|---|---|---|---|---|---|
r-devel-linux-x86_64-debian-clang | 0.1.1 | 18.83 | 144.37 | 163.20 | OK | |
r-devel-linux-x86_64-debian-gcc | 0.1.1 | 19.07 | 142.02 | 161.09 | OK | |
r-devel-linux-x86_64-fedora-clang | 0.1.1 | 204.25 | NOTE | |||
r-devel-linux-x86_64-fedora-gcc | 0.1.1 | 197.86 | NOTE | |||
r-devel-windows-ix86+x86_64 | 0.1.1 | 50.00 | 214.00 | 264.00 | OK | |
r-patched-linux-x86_64 | 0.1.1 | 16.04 | 141.73 | 157.77 | OK | |
r-patched-solaris-x86 | 0.1.1 | 343.20 | NOTE | |||
r-release-linux-x86_64 | 0.1.1 | 17.48 | 143.78 | 161.26 | OK | |
r-release-windows-ix86+x86_64 | 0.1.1 | 50.00 | 214.00 | 264.00 | OK | |
r-release-osx-x86_64 | 0.1.1 | NOTE | ||||
r-oldrel-windows-ix86+x86_64 | 0.1.1 | 21.00 | 207.00 | 228.00 | OK | |
r-oldrel-osx-x86_64 | 0.1.1 | NOTE |
Version: 0.1.1
Check: data for non-ASCII characters
Result: NOTE
Note: found 124 marked UTF-8 strings
Flavors: r-devel-linux-x86_64-fedora-clang, r-devel-linux-x86_64-fedora-gcc, r-patched-solaris-x86, r-release-osx-x86_64, r-oldrel-osx-x86_64