CRAN Package Check Results for Package vstsr

Last updated on 2018-04-29 01:47:31 CEST.

Flavor Version Tinstall Tcheck Ttotal Status Flags
r-devel-linux-x86_64-debian-clang 1.0.0 2.23 25.34 27.57 OK
r-devel-linux-x86_64-debian-gcc 1.0.0 1.68 21.72 23.40 OK
r-devel-linux-x86_64-fedora-clang 1.0.0 32.99 NOTE
r-devel-linux-x86_64-fedora-gcc 1.0.0 31.70 NOTE
r-devel-windows-ix86+x86_64 1.0.0 7.00 54.00 61.00 OK
r-patched-linux-x86_64 1.0.0 2.80 24.94 27.74 OK
r-patched-solaris-x86 1.0.0 56.10 NOTE
r-release-linux-x86_64 1.0.0 2.52 24.67 27.19 OK
r-release-windows-ix86+x86_64 1.0.0 7.00 54.00 61.00 OK
r-release-osx-x86_64 1.0.0 NOTE
r-oldrel-windows-ix86+x86_64 1.0.0 3.00 50.00 53.00 OK
r-oldrel-osx-x86_64 1.0.0 NOTE

Check Details

Version: 1.0.0
Check: dependencies in R code
Result: NOTE
    Namespace in Imports field not imported from: ‘xml2’
     All declared Imports should be used.
Flavors: r-devel-linux-x86_64-fedora-clang, r-devel-linux-x86_64-fedora-gcc, r-patched-solaris-x86, r-release-osx-x86_64, r-oldrel-osx-x86_64