CRAN Package Check Results for Package webmockr

Last updated on 2018-04-29 01:47:31 CEST.

Flavor Version Tinstall Tcheck Ttotal Status Flags
r-devel-linux-x86_64-debian-clang 0.2.0 7.32 23.14 30.46 OK
r-devel-linux-x86_64-debian-gcc 0.2.0 6.16 19.37 25.53 OK
r-devel-linux-x86_64-fedora-clang 0.2.0 37.80 NOTE
r-devel-linux-x86_64-fedora-gcc 0.2.0 36.55 NOTE
r-devel-windows-ix86+x86_64 0.2.0 13.00 51.00 64.00 OK
r-patched-linux-x86_64 0.2.0 6.64 22.83 29.47 OK
r-patched-solaris-x86 0.2.0 53.40 NOTE
r-release-linux-x86_64 0.2.0 6.45 22.91 29.36 OK
r-release-windows-ix86+x86_64 0.2.0 13.00 51.00 64.00 OK
r-release-osx-x86_64 0.2.0 NOTE
r-oldrel-windows-ix86+x86_64 0.2.0 3.00 49.00 52.00 OK
r-oldrel-osx-x86_64 0.2.0 NOTE

Check Details

Version: 0.2.0
Check: dependencies in R code
Result: NOTE
    Namespace in Imports field not imported from: ‘fauxpas’
     All declared Imports should be used.
Flavors: r-devel-linux-x86_64-fedora-clang, r-devel-linux-x86_64-fedora-gcc, r-patched-solaris-x86, r-release-osx-x86_64, r-oldrel-osx-x86_64