CRAN Package Check Results for Package wikibooks

Last updated on 2018-04-29 01:47:31 CEST.

Flavor Version Tinstall Tcheck Ttotal Status Flags
r-devel-linux-x86_64-debian-clang 0.2 0.93 26.95 27.88 NOTE
r-devel-linux-x86_64-debian-gcc 0.2 1.12 21.60 22.72 NOTE
r-devel-linux-x86_64-fedora-clang 0.2 34.64 NOTE
r-devel-linux-x86_64-fedora-gcc 0.2 32.99 NOTE
r-devel-windows-ix86+x86_64 0.2 5.00 37.00 42.00 NOTE
r-patched-linux-x86_64 0.2 0.99 27.26 28.25 NOTE
r-patched-solaris-x86 0.2 50.50 NOTE
r-release-linux-x86_64 0.2 1.43 27.37 28.80 NOTE
r-release-windows-ix86+x86_64 0.2 5.00 37.00 42.00 NOTE
r-release-osx-x86_64 0.2 NOTE
r-oldrel-windows-ix86+x86_64 0.2 2.00 36.00 38.00 NOTE
r-oldrel-osx-x86_64 0.2 NOTE

Check Details

Version: 0.2
Check: DESCRIPTION meta-information
Result: NOTE
    Malformed Description field: should contain one or more complete sentences.
Flavors: r-devel-linux-x86_64-debian-clang, r-devel-linux-x86_64-debian-gcc, r-devel-linux-x86_64-fedora-clang, r-devel-linux-x86_64-fedora-gcc, r-devel-windows-ix86+x86_64, r-patched-linux-x86_64, r-patched-solaris-x86, r-release-linux-x86_64, r-release-windows-ix86+x86_64, r-release-osx-x86_64, r-oldrel-windows-ix86+x86_64, r-oldrel-osx-x86_64

Version: 0.2
Check: R code for possible problems
Result: NOTE
    Bundesliga.Mannschaft: no visible global function definition for ‘data’
    Bundesliga.Mannschaft: no visible binding for global variable
     ‘Bundesliga’
    Bundesliga.Tabelle: no visible global function definition for ‘data’
    Bundesliga.Tabelle: no visible binding for global variable ‘Bundesliga’
    Bundesliga.XML: no visible global function definition for ‘data’
    Bundesliga.XML: no visible binding for global variable ‘Bundesliga’
    sens.spec: no visible global function definition for ‘na.omit’
    Undefined global functions or variables:
     Bundesliga data na.omit
    Consider adding
     importFrom("stats", "na.omit")
     importFrom("utils", "data")
    to your NAMESPACE file.
    
    Found the following calls to data() loading into the global environment:
    File ‘wikibooks/R/Bundesliga.Mannschaft.R’:
     data(Bundesliga)
    File ‘wikibooks/R/Bundesliga.Tabelle.R’:
     data(Bundesliga)
    File ‘wikibooks/R/Bundesliga.XML.R’:
     data(Bundesliga)
    See section ‘Good practice’ in ‘?data’.
Flavors: r-devel-linux-x86_64-debian-clang, r-devel-linux-x86_64-debian-gcc, r-devel-linux-x86_64-fedora-clang, r-patched-linux-x86_64, r-release-linux-x86_64

Version: 0.2
Check: R code for possible problems
Result: NOTE
    Bundesliga.Mannschaft: no visible global function definition for ‘data’
    Bundesliga.Mannschaft: no visible binding for global variable
     ‘Bundesliga’
    Bundesliga.Tabelle: no visible global function definition for ‘data’
    Bundesliga.Tabelle: no visible binding for global variable ‘Bundesliga’
    Bundesliga.XML: no visible global function definition for ‘data’
    Bundesliga.XML: no visible binding for global variable ‘Bundesliga’
    sens.spec: no visible global function definition for ‘na.omit’
    Undefined global functions or variables:
     Bundesliga data na.omit
    Consider adding
     importFrom("stats", "na.omit")
     importFrom("utils", "data")
    to your NAMESPACE file.
Flavors: r-devel-linux-x86_64-fedora-gcc, r-devel-windows-ix86+x86_64, r-patched-solaris-x86, r-release-windows-ix86+x86_64, r-release-osx-x86_64, r-oldrel-windows-ix86+x86_64, r-oldrel-osx-x86_64