Last updated on 2018-04-29 01:47:31 CEST.
Flavor | Version | Tinstall | Tcheck | Ttotal | Status | Flags |
---|---|---|---|---|---|---|
r-devel-linux-x86_64-debian-clang | 0.2.0 | 1.48 | 24.68 | 26.16 | OK | |
r-devel-linux-x86_64-debian-gcc | 0.2.0 | 0.91 | 20.33 | 21.24 | OK | |
r-devel-linux-x86_64-fedora-clang | 0.2.0 | 30.94 | NOTE | |||
r-devel-linux-x86_64-fedora-gcc | 0.2.0 | 29.25 | NOTE | |||
r-devel-windows-ix86+x86_64 | 0.2.0 | 4.00 | 58.00 | 62.00 | OK | |
r-patched-linux-x86_64 | 0.2.0 | 1.36 | 24.27 | 25.63 | OK | |
r-patched-solaris-x86 | 0.2.0 | 46.60 | NOTE | |||
r-release-linux-x86_64 | 0.2.0 | 1.15 | 24.51 | 25.66 | OK | |
r-release-windows-ix86+x86_64 | 0.2.0 | 4.00 | 58.00 | 62.00 | OK | |
r-release-osx-x86_64 | 0.2.0 | NOTE | ||||
r-oldrel-windows-ix86+x86_64 | 0.2.0 | 3.00 | 41.00 | 44.00 | OK | |
r-oldrel-osx-x86_64 | 0.2.0 | NOTE |
Version: 0.2.0
Check: data for non-ASCII characters
Result: NOTE
Note: found 166 marked UTF-8 strings
Flavors: r-devel-linux-x86_64-fedora-clang, r-devel-linux-x86_64-fedora-gcc, r-patched-solaris-x86, r-release-osx-x86_64, r-oldrel-osx-x86_64