CRAN Package Check Results for Package xgboost

Last updated on 2018-04-29 01:47:31 CEST.

Flavor Version Tinstall Tcheck Ttotal Status Flags
r-devel-linux-x86_64-debian-clang 0.6.4.1 65.74 144.47 210.21 WARN
r-devel-linux-x86_64-debian-gcc 0.6.4.1 58.07 115.99 174.06 WARN
r-devel-linux-x86_64-fedora-clang 0.6.4.1 278.33 WARN
r-devel-linux-x86_64-fedora-gcc 0.6.4.1 252.00 WARN
r-devel-windows-ix86+x86_64 0.6.4.1 177.00 280.00 457.00 WARN
r-patched-linux-x86_64 0.6.4.1 67.57 144.52 212.09 WARN
r-patched-solaris-x86 0.6.4.1 358.40 WARN
r-release-linux-x86_64 0.6.4.1 61.47 134.13 195.60 WARN
r-release-windows-ix86+x86_64 0.6.4.1 177.00 280.00 457.00 WARN
r-release-osx-x86_64 0.6.4.1 NOTE
r-oldrel-windows-ix86+x86_64 0.6.4.1 131.00 282.00 413.00 WARN
r-oldrel-osx-x86_64 0.6.4.1 NOTE

Check Details

Version: 0.6.4.1
Check: examples
Result: WARN
    Found the following significant warnings:
    
     Warning: 'cBind' is deprecated.
    Deprecated functions may be defunct as soon as of the next release of
    R.
    See ?Deprecated.
    Examples with CPU or elapsed time > 5s
     user system elapsed
    xgb.plot.deepness 5.12 0.085 4.952
    Examples with CPU time > 2.5 times elapsed time
     user system elapsed ratio
    predict.xgb.Booster 0.974 0.032 0.38 2.647
Flavor: r-devel-linux-x86_64-debian-clang

Version: 0.6.4.1
Check: examples
Result: WARN
    Found the following significant warnings:
    
     Warning: 'cBind' is deprecated.
    Deprecated functions may be defunct as soon as of the next release of
    R.
    See ?Deprecated.
Flavors: r-devel-linux-x86_64-debian-gcc, r-devel-linux-x86_64-fedora-clang, r-devel-linux-x86_64-fedora-gcc, r-patched-linux-x86_64, r-patched-solaris-x86, r-release-linux-x86_64

Version: 0.6.4.1
Check: installed package size
Result: NOTE
     installed size is 13.8Mb
     sub-directories of 1Mb or more:
     libs 13.1Mb
Flavors: r-devel-linux-x86_64-fedora-clang, r-devel-linux-x86_64-fedora-gcc, r-release-osx-x86_64, r-oldrel-osx-x86_64

Version: 0.6.4.1
Check: running examples for arch ‘i386’
Result: WARN
    Found the following significant warnings:
    
     Warning: 'cBind' is deprecated.
    Deprecated functions may be defunct as soon as of the next release of
    R.
    See ?Deprecated.
Flavors: r-devel-windows-ix86+x86_64, r-release-windows-ix86+x86_64, r-oldrel-windows-ix86+x86_64

Version: 0.6.4.1
Check: running examples for arch ‘x64’
Result: WARN
    Found the following significant warnings:
    
     Warning: 'cBind' is deprecated.
    Deprecated functions may be defunct as soon as of the next release of
    R.
    See ?Deprecated.
Flavors: r-devel-windows-ix86+x86_64, r-release-windows-ix86+x86_64, r-oldrel-windows-ix86+x86_64