Last updated on 2018-05-14 01:46:22 CEST.
Flavor | Version | Tinstall | Tcheck | Ttotal | Status | Flags |
---|---|---|---|---|---|---|
r-devel-linux-x86_64-debian-clang | 1.11.189 | 3.58 | 25.73 | 29.31 | OK | |
r-devel-linux-x86_64-debian-gcc | 1.11.189 | 2.42 | 22.30 | 24.72 | OK | |
r-devel-linux-x86_64-fedora-clang | 1.11.189 | 36.58 | NOTE | |||
r-devel-linux-x86_64-fedora-gcc | 1.11.189 | 35.93 | NOTE | |||
r-devel-windows-ix86+x86_64 | 1.11.189 | 9.00 | 40.00 | 49.00 | OK | |
r-patched-linux-x86_64 | 1.11.189 | 2.60 | 24.90 | 27.50 | OK | |
r-patched-solaris-x86 | 1.11.189 | 45.70 | NOTE | |||
r-release-linux-x86_64 | 1.11.189 | 2.80 | 24.84 | 27.64 | OK | |
r-release-windows-ix86+x86_64 | 1.11.189 | 9.00 | 40.00 | 49.00 | OK | |
r-release-osx-x86_64 | 1.11.189 | NOTE | ||||
r-oldrel-windows-ix86+x86_64 | 1.11.189 | 69.00 | 44.00 | 113.00 | NOTE | |
r-oldrel-osx-x86_64 | 1.11.189 | NOTE |
Version: 1.11.189
Check: installed package size
Result: NOTE
installed size is 67.2Mb
sub-directories of 1Mb or more:
java 67.2Mb
Flavors: r-devel-linux-x86_64-fedora-clang, r-devel-linux-x86_64-fedora-gcc, r-patched-solaris-x86, r-release-osx-x86_64, r-oldrel-windows-ix86+x86_64, r-oldrel-osx-x86_64