Last updated on 2018-05-14 01:46:22 CEST.
Flavor | Version | Tinstall | Tcheck | Ttotal | Status | Flags |
---|---|---|---|---|---|---|
r-devel-linux-x86_64-debian-clang | 1.0 | 1.71 | 20.27 | 21.98 | NOTE | |
r-devel-linux-x86_64-debian-gcc | 1.0 | 1.25 | 17.56 | 18.81 | NOTE | |
r-devel-linux-x86_64-fedora-clang | 1.0 | 28.93 | NOTE | |||
r-devel-linux-x86_64-fedora-gcc | 1.0 | 28.70 | NOTE | |||
r-devel-windows-ix86+x86_64 | 1.0 | 3.00 | 95.00 | 98.00 | NOTE | |
r-patched-linux-x86_64 | 1.0 | 1.45 | 21.00 | 22.45 | NOTE | |
r-patched-solaris-x86 | 1.0 | 44.70 | NOTE | |||
r-release-linux-x86_64 | 1.0 | 1.58 | 20.93 | 22.51 | NOTE | |
r-release-windows-ix86+x86_64 | 1.0 | 3.00 | 95.00 | 98.00 | NOTE | |
r-release-osx-x86_64 | 1.0 | NOTE | ||||
r-oldrel-windows-ix86+x86_64 | 1.0 | 4.00 | 69.00 | 73.00 | NOTE | |
r-oldrel-osx-x86_64 | 1.0 | NOTE |
Version: 1.0
Check: top-level files
Result: NOTE
Non-standard files/directories found at top level:
‘AnDE.pdf’ ‘DESCRIPTION.dcf’ ‘helpme’
Flavors: r-devel-linux-x86_64-debian-clang, r-devel-linux-x86_64-debian-gcc, r-devel-linux-x86_64-fedora-clang, r-devel-linux-x86_64-fedora-gcc, r-patched-linux-x86_64, r-release-linux-x86_64
Version: 1.0
Check: dependencies in R code
Result: NOTE
Packages in Depends field not imported from:
‘discretization’ ‘foreign’ ‘functional’ ‘stringr’
These packages need to be imported from (in the NAMESPACE file)
for when this namespace is loaded but not attached.
Flavors: r-devel-linux-x86_64-debian-clang, r-devel-linux-x86_64-debian-gcc, r-devel-linux-x86_64-fedora-clang, r-devel-linux-x86_64-fedora-gcc, r-devel-windows-ix86+x86_64, r-patched-linux-x86_64, r-patched-solaris-x86, r-release-linux-x86_64, r-release-windows-ix86+x86_64, r-release-osx-x86_64, r-oldrel-windows-ix86+x86_64, r-oldrel-osx-x86_64
Version: 1.0
Check: R code for possible problems
Result: NOTE
aode: no visible global function definition for ‘Compose’
mdl: no visible global function definition for ‘cutPoints’
setVar: no visible global function definition for ‘Compose’
Undefined global functions or variables:
Compose cutPoints
Flavors: r-devel-linux-x86_64-debian-clang, r-devel-linux-x86_64-debian-gcc, r-devel-linux-x86_64-fedora-clang, r-devel-linux-x86_64-fedora-gcc, r-devel-windows-ix86+x86_64, r-patched-linux-x86_64, r-patched-solaris-x86, r-release-linux-x86_64, r-release-windows-ix86+x86_64, r-release-osx-x86_64, r-oldrel-windows-ix86+x86_64, r-oldrel-osx-x86_64