CRAN Package Check Results for Package BlockFeST

Last updated on 2018-05-14 01:46:24 CEST.

Flavor Version Tinstall Tcheck Ttotal Status Flags
r-devel-linux-x86_64-debian-clang 1.6 3.13 23.64 26.77 NOTE
r-devel-linux-x86_64-debian-gcc 1.6 2.41 22.14 24.55 NOTE
r-devel-linux-x86_64-fedora-clang 1.6 38.85 NOTE
r-devel-linux-x86_64-fedora-gcc 1.6 38.98 NOTE
r-devel-windows-ix86+x86_64 1.6 16.00 82.00 98.00 OK
r-patched-linux-x86_64 1.6 2.64 26.70 29.34 NOTE
r-patched-solaris-x86 1.6 54.80 NOTE
r-release-linux-x86_64 1.6 3.03 26.77 29.80 NOTE
r-release-windows-ix86+x86_64 1.6 16.00 82.00 98.00 OK
r-release-osx-x86_64 1.6 OK
r-oldrel-windows-ix86+x86_64 1.6 16.00 73.00 89.00 OK
r-oldrel-osx-x86_64 1.3 OK

Additional issues

rchk

Check Details

Version: 1.6
Check: package dependencies
Result: NOTE
    Package suggested but not available for checking: ‘PopGenome’
Flavors: r-devel-linux-x86_64-debian-clang, r-devel-linux-x86_64-debian-gcc, r-devel-linux-x86_64-fedora-clang, r-devel-linux-x86_64-fedora-gcc, r-patched-linux-x86_64, r-patched-solaris-x86, r-release-linux-x86_64