CRAN Package Check Results for Package BrailleR

Last updated on 2018-05-14 01:46:25 CEST.

Flavor Version Tinstall Tcheck Ttotal Status Flags
r-devel-linux-x86_64-debian-clang 0.26.0 6.98 116.38 123.36 NOTE
r-devel-linux-x86_64-debian-gcc 0.26.0 6.26 103.40 109.66 NOTE
r-devel-linux-x86_64-fedora-clang 0.26.0 167.57 NOTE
r-devel-linux-x86_64-fedora-gcc 0.26.0 169.24 NOTE
r-devel-windows-ix86+x86_64 0.26.0 17.00 178.00 195.00 OK
r-patched-linux-x86_64 0.26.0 8.97 126.91 135.88 NOTE
r-patched-solaris-x86 0.26.0 207.50 NOTE
r-release-linux-x86_64 0.26.0 7.63 127.02 134.65 NOTE
r-release-windows-ix86+x86_64 0.26.0 17.00 178.00 195.00 OK
r-release-osx-x86_64 0.26.0 NOTE
r-oldrel-windows-ix86+x86_64 0.26.0 15.00 149.00 164.00 OK
r-oldrel-osx-x86_64 0.26.0 NOTE

Check Details

Version: 0.26.0
Check: package dependencies
Result: NOTE
    Package suggested but not available for checking: ‘installr’
Flavors: r-devel-linux-x86_64-debian-clang, r-devel-linux-x86_64-debian-gcc, r-devel-linux-x86_64-fedora-clang, r-devel-linux-x86_64-fedora-gcc, r-patched-linux-x86_64, r-patched-solaris-x86, r-release-linux-x86_64, r-release-osx-x86_64, r-oldrel-osx-x86_64