Last updated on 2018-05-14 01:46:32 CEST.
Flavor | Version | Tinstall | Tcheck | Ttotal | Status | Flags |
---|---|---|---|---|---|---|
r-devel-linux-x86_64-debian-clang | 1.0.0 | 4.88 | 34.75 | 39.63 | OK | |
r-devel-linux-x86_64-debian-gcc | 1.0.0 | 4.00 | 31.47 | 35.47 | OK | |
r-devel-linux-x86_64-fedora-clang | 1.0.0 | 54.72 | NOTE | |||
r-devel-linux-x86_64-fedora-gcc | 1.0.0 | 53.43 | NOTE | |||
r-devel-windows-ix86+x86_64 | 1.0.0 | 14.00 | 93.00 | 107.00 | OK | |
r-patched-linux-x86_64 | 1.0.0 | 3.43 | 34.51 | 37.94 | OK | |
r-patched-solaris-x86 | 1.0.0 | 80.50 | NOTE | |||
r-release-linux-x86_64 | 1.0.0 | 4.34 | 34.57 | 38.91 | OK | |
r-release-windows-ix86+x86_64 | 1.0.0 | 14.00 | 93.00 | 107.00 | OK | |
r-release-osx-x86_64 | 1.0.0 | NOTE | ||||
r-oldrel-windows-ix86+x86_64 | 1.0.0 | 10.00 | 66.00 | 76.00 | OK | |
r-oldrel-osx-x86_64 | 1.0.0 | NOTE |
Version: 1.0.0
Check: data for non-ASCII characters
Result: NOTE
Note: found 11 marked Latin-1 strings
Note: found 57 marked UTF-8 strings
Flavors: r-devel-linux-x86_64-fedora-clang, r-devel-linux-x86_64-fedora-gcc, r-patched-solaris-x86, r-release-osx-x86_64, r-oldrel-osx-x86_64