Last updated on 2018-05-14 01:46:31 CEST.
Flavor | Version | Tinstall | Tcheck | Ttotal | Status | Flags |
---|---|---|---|---|---|---|
r-devel-linux-x86_64-debian-clang | 1.1 | 9.92 | 101.85 | 111.77 | OK | |
r-devel-linux-x86_64-debian-gcc | 1.1 | 7.51 | 86.73 | 94.24 | OK | |
r-devel-linux-x86_64-fedora-clang | 1.1 | 148.03 | OK | |||
r-devel-linux-x86_64-fedora-gcc | 1.1 | 147.20 | OK | |||
r-devel-windows-ix86+x86_64 | 1.1 | 21.00 | 521.00 | 542.00 | OK | |
r-patched-linux-x86_64 | 1.1 | 7.34 | 94.59 | 101.93 | OK | |
r-patched-solaris-x86 | 1.1 | 1226.20 | OK | |||
r-release-linux-x86_64 | 1.1 | 7.58 | 95.12 | 102.70 | OK | |
r-release-windows-ix86+x86_64 | 1.1 | 21.00 | 521.00 | 542.00 | OK | |
r-release-osx-x86_64 | 1.1 | OK | ||||
r-oldrel-windows-ix86+x86_64 | 1.1 | 14.00 | 435.00 | 449.00 | OK | |
r-oldrel-osx-x86_64 | 1.1 | NOTE |
Version: 1.1
Check: re-building of vignette outputs
Result: NOTE
Error in re-building vignettes:
...
The following object is masked from ‘package:base’:
backsolve
The following objects are masked from engel (pos = 3):
foodexp, income
Warning: glm.fit: fitted probabilities numerically 0 or 1 occurred
Warning: glm.fit: fitted probabilities numerically 0 or 1 occurred
Warning: glm.fit: fitted probabilities numerically 0 or 1 occurred
Warning: glm.fit: fitted probabilities numerically 0 or 1 occurred
Error in texi2dvi(file = file, pdf = TRUE, clean = clean, quiet = quiet, :
Running 'texi2dvi' on 'vignette.tex' failed.
BibTeX errors:
The top-level auxiliary file: vignette.aux
I couldn't open style file chicago.bst
---line 45 of file vignette.aux
: \bibstyle{chicago
: }
I'm skipping whatever remains of this command
I found no style file---while reading file vignette.aux
Calls: buildVignettes -> texi2pdf -> texi2dvi
Execution halted
Flavor: r-oldrel-osx-x86_64