CRAN Package Check Results for Package Cyclops

Last updated on 2018-05-14 01:46:32 CEST.

Flavor Version Tinstall Tcheck Ttotal Status Flags
r-devel-linux-x86_64-debian-clang 1.3.2 160.54 73.83 234.37 OK
r-devel-linux-x86_64-debian-gcc 1.3.2 133.35 65.40 198.75 OK
r-devel-linux-x86_64-fedora-clang 1.3.2 361.69 NOTE
r-devel-linux-x86_64-fedora-gcc 1.3.2 326.07 NOTE
r-devel-windows-ix86+x86_64 1.3.2 380.00 177.00 557.00 OK
r-patched-linux-x86_64 1.3.2 158.02 73.60 231.62 OK
r-patched-solaris-x86 1.3.2 333.70 NOTE
r-release-linux-x86_64 1.3.2 163.34 73.12 236.46 OK
r-release-windows-ix86+x86_64 1.3.2 380.00 177.00 557.00 OK
r-release-osx-x86_64 1.3.2 ERROR
r-oldrel-windows-ix86+x86_64 1.3.2 424.00 124.00 548.00 OK
r-oldrel-osx-x86_64 1.3.0 ERROR

Additional issues

ATLAS clang-ASAN gcc8 valgrind

Check Details

Version: 1.3.2
Check: installed package size
Result: NOTE
     installed size is 21.7Mb
     sub-directories of 1Mb or more:
     libs 20.9Mb
Flavors: r-devel-linux-x86_64-fedora-clang, r-devel-linux-x86_64-fedora-gcc, r-patched-solaris-x86, r-release-osx-x86_64

Version: 1.3.2
Check: tests
Result: ERROR
     Running ‘testthat.R’ [9s/9s]
    Running the tests in ‘tests/testthat.R’ failed.
    Last 13 lines of output:
     Sparseness = 75.6 %
     Sorting covariates by covariateId and rowId
     ── 1. Failure: Data errors and casting in COO-constructor (@test-xyConstructor.R
     `loadNewSeqlCyclopsDataMultipleX(dataPtr, c(1, 1), c(1, 1), NULL)` threw an error with unexpected message.
     Expected match: "1 - 1"
     Actual message: "c++ exception (unknown reason)"
    
     Sparseness = 99.09 %
     Sorting covariates by covariateId and rowId
     ══ testthat results ═══════════════════════════════════════════════════════════
     OK: 201 SKIPPED: 17 FAILED: 1
     1. Failure: Data errors and casting in COO-constructor (@test-xyConstructor.R#212)
    
     Error: testthat unit tests failed
     Execution halted
Flavor: r-release-osx-x86_64

Version: 1.3.0
Check: whether package can be installed
Result: ERROR
    Installation failed.
Flavor: r-oldrel-osx-x86_64