Last updated on 2018-05-14 01:46:36 CEST.
Flavor | Version | Tinstall | Tcheck | Ttotal | Status | Flags |
---|---|---|---|---|---|---|
r-devel-linux-x86_64-debian-clang | 1.0.1 | 3.95 | 21.08 | 25.03 | NOTE | |
r-devel-linux-x86_64-debian-gcc | 1.0.1 | 2.15 | 18.20 | 20.35 | NOTE | |
r-devel-linux-x86_64-fedora-clang | 1.0.1 | 32.57 | NOTE | |||
r-devel-linux-x86_64-fedora-gcc | 1.0.1 | 29.66 | NOTE | |||
r-devel-windows-ix86+x86_64 | 1.0.1 | 12.00 | 38.00 | 50.00 | OK | |
r-patched-linux-x86_64 | 1.0.1 | 2.83 | 21.94 | 24.77 | NOTE | |
r-patched-solaris-x86 | 1.0.1 | 46.20 | OK | |||
r-release-linux-x86_64 | 1.0.1 | 3.17 | 22.07 | 25.24 | NOTE | |
r-release-windows-ix86+x86_64 | 1.0.1 | 12.00 | 38.00 | 50.00 | OK | |
r-release-osx-x86_64 | 1.0.1 | OK | ||||
r-oldrel-windows-ix86+x86_64 | 1.0.1 | 7.00 | 37.00 | 44.00 | OK | |
r-oldrel-osx-x86_64 | 1.0.1 | OK |
Version: 1.0.1
Check: compiled code
Result: NOTE
File ‘DIRECT/libs/DIRECT.so’:
Found no calls to: ‘R_registerRoutines’, ‘R_useDynamicSymbols’
It is good practice to register native routines and to disable symbol
search.
See ‘Writing portable packages’ in the ‘Writing R Extensions’ manual.
Flavors: r-devel-linux-x86_64-debian-clang, r-devel-linux-x86_64-debian-gcc, r-devel-linux-x86_64-fedora-clang, r-devel-linux-x86_64-fedora-gcc, r-patched-linux-x86_64, r-release-linux-x86_64