Last updated on 2018-05-14 01:46:36 CEST.
Flavor | Version | Tinstall | Tcheck | Ttotal | Status | Flags |
---|---|---|---|---|---|---|
r-devel-linux-x86_64-debian-clang | 1.1 | 10.75 | 35.66 | 46.41 | NOTE | |
r-devel-linux-x86_64-debian-gcc | 1.1 | 9.34 | 26.39 | 35.73 | NOTE | |
r-devel-linux-x86_64-fedora-clang | 1.1 | 62.32 | NOTE | |||
r-devel-linux-x86_64-fedora-gcc | 1.1 | 59.53 | NOTE | |||
r-devel-windows-ix86+x86_64 | 1.1 | 39.00 | 90.00 | 129.00 | OK | |
r-patched-linux-x86_64 | 1.1 | 10.44 | 36.56 | 47.00 | NOTE | |
r-patched-solaris-x86 | 1.1 | 82.00 | OK | |||
r-release-linux-x86_64 | 1.1 | 10.60 | 37.02 | 47.62 | NOTE | |
r-release-windows-ix86+x86_64 | 1.1 | 39.00 | 90.00 | 129.00 | OK | |
r-release-osx-x86_64 | 1.1 | OK | ||||
r-oldrel-windows-ix86+x86_64 | 1.1 | 45.00 | 71.00 | 116.00 | OK | |
r-oldrel-osx-x86_64 | 1.1 | OK |
Version: 1.1
Check: compiled code
Result: NOTE
File ‘DRIP/libs/DRIP.so’:
Found no calls to: ‘R_registerRoutines’, ‘R_useDynamicSymbols’
It is good practice to register native routines and to disable symbol
search.
See ‘Writing portable packages’ in the ‘Writing R Extensions’ manual.
Flavors: r-devel-linux-x86_64-debian-clang, r-devel-linux-x86_64-debian-gcc, r-devel-linux-x86_64-fedora-clang, r-devel-linux-x86_64-fedora-gcc, r-patched-linux-x86_64, r-release-linux-x86_64