Last updated on 2018-05-14 01:46:36 CEST.
Flavor | Version | Tinstall | Tcheck | Ttotal | Status | Flags |
---|---|---|---|---|---|---|
r-devel-linux-x86_64-debian-clang | 1.0.6 | 11.71 | 136.16 | 147.87 | OK | |
r-devel-linux-x86_64-debian-gcc | 1.0.6 | 11.27 | 121.79 | 133.06 | OK | |
r-devel-linux-x86_64-fedora-clang | 1.0.6 | 196.57 | OK | |||
r-devel-linux-x86_64-fedora-gcc | 1.0.6 | 192.83 | OK | |||
r-devel-windows-ix86+x86_64 | 1.0.6 | 29.00 | 181.00 | 210.00 | OK | |
r-patched-linux-x86_64 | 1.0.6 | 9.72 | 124.27 | 133.99 | OK | |
r-patched-solaris-x86 | 1.0.6 | 250.50 | OK | |||
r-release-linux-x86_64 | 1.0.6 | 10.08 | 126.24 | 136.32 | OK | |
r-release-windows-ix86+x86_64 | 1.0.6 | 29.00 | 181.00 | 210.00 | OK | |
r-release-osx-x86_64 | 1.0.6 | OK | ||||
r-oldrel-windows-ix86+x86_64 | 1.0.6 | 19.00 | 130.00 | 149.00 | OK | |
r-oldrel-osx-x86_64 | 1.0.6 | NOTE |
Version: 1.0.6
Check: package dependencies
Result: NOTE
Package suggested but not available for checking: ‘rgdal’
Flavor: r-oldrel-osx-x86_64