Last updated on 2018-05-14 01:46:37 CEST.
Flavor | Version | Tinstall | Tcheck | Ttotal | Status | Flags |
---|---|---|---|---|---|---|
r-devel-linux-x86_64-debian-clang | 1.0 | 2.56 | 57.19 | 59.75 | NOTE | |
r-devel-linux-x86_64-debian-gcc | 1.0 | 1.80 | 40.37 | 42.17 | NOTE | |
r-devel-linux-x86_64-fedora-clang | 1.0 | 77.55 | NOTE | |||
r-devel-linux-x86_64-fedora-gcc | 1.0 | 69.64 | NOTE | |||
r-devel-windows-ix86+x86_64 | 1.0 | 9.00 | 137.00 | 146.00 | NOTE | |
r-patched-linux-x86_64 | 1.0 | 2.22 | 57.50 | 59.72 | NOTE | |
r-patched-solaris-x86 | 1.0 | 93.60 | NOTE | |||
r-release-linux-x86_64 | 1.0 | 2.40 | 56.13 | 58.53 | NOTE | |
r-release-windows-ix86+x86_64 | 1.0 | 9.00 | 137.00 | 146.00 | NOTE | |
r-release-osx-x86_64 | 1.0 | NOTE | ||||
r-oldrel-windows-ix86+x86_64 | 1.0 | 6.00 | 122.00 | 128.00 | NOTE | |
r-oldrel-osx-x86_64 | 1.0 | NOTE |
Version: 1.0
Check: R code for possible problems
Result: NOTE
DHsmooth: no visible global function definition for ‘pnorm’
EL.Huber : mm: no visible global function definition for ‘pchisq’
EL.local: no visible binding for global variable ‘bw.nrd0’
EL.means : mm: no visible global function definition for ‘pchisq’
EL.plot: no visible binding for global variable ‘bw.nrd0’
EL.smooth: no visible binding for global variable ‘bw.nrd0’
EL.smooth : mm: no visible global function definition for ‘pchisq’
EL.statistic: no visible binding for global variable ‘bw.nrd0’
ELconf: no visible global function definition for ‘qchisq’
ELconf: no visible global function definition for ‘uniroot’
Hsmooth: no visible global function definition for ‘pnorm’
Hsmooth: no visible global function definition for ‘dnorm’
deltarange.opt.pp: no visible global function definition for ‘ecdf’
deltarange.opt.pp: no visible global function definition for ‘quantile’
deltarange.opt.qdiff: no visible global function definition for
‘quantile’
deltarange.opt.qq: no visible global function definition for ‘ecdf’
deltarange.opt.qq: no visible global function definition for ‘quantile’
deltarange.opt.roc: no visible global function definition for ‘ecdf’
deltarange.opt.roc: no visible global function definition for
‘quantile’
deltasolve: no visible global function definition for ‘optimize’
kernel.dnorm: no visible global function definition for ‘dnorm’
kernel.inorm: no visible global function definition for ‘qnorm’
kernel.norm: no visible global function definition for ‘pnorm’
thetarange.opt.pp: no visible global function definition for ‘quantile’
thetarange.opt.qdiff: no visible global function definition for
‘quantile’
thetarange.opt.roc: no visible global function definition for
‘quantile’
thetasolve: no visible global function definition for ‘uniroot’
Undefined global functions or variables:
bw.nrd0 dnorm ecdf optimize pchisq pnorm qchisq qnorm quantile
uniroot
Consider adding
importFrom("stats", "bw.nrd0", "dnorm", "ecdf", "optimize", "pchisq",
"pnorm", "qchisq", "qnorm", "quantile", "uniroot")
to your NAMESPACE file.
Flavors: r-devel-linux-x86_64-debian-clang, r-devel-linux-x86_64-debian-gcc, r-devel-linux-x86_64-fedora-clang, r-devel-linux-x86_64-fedora-gcc, r-devel-windows-ix86+x86_64, r-patched-linux-x86_64, r-patched-solaris-x86, r-release-linux-x86_64, r-release-windows-ix86+x86_64, r-release-osx-x86_64, r-oldrel-windows-ix86+x86_64, r-oldrel-osx-x86_64
Version: 1.0
Check: compiled code
Result: NOTE
File ‘EL/libs/EL.so’:
Found no calls to: ‘R_registerRoutines’, ‘R_useDynamicSymbols’
It is good practice to register native routines and to disable symbol
search.
See ‘Writing portable packages’ in the ‘Writing R Extensions’ manual.
Flavors: r-devel-linux-x86_64-debian-clang, r-devel-linux-x86_64-debian-gcc, r-devel-linux-x86_64-fedora-clang, r-devel-linux-x86_64-fedora-gcc, r-patched-linux-x86_64, r-release-linux-x86_64