Last updated on 2018-05-14 01:46:37 CEST.
Flavor | Version | Tinstall | Tcheck | Ttotal | Status | Flags |
---|---|---|---|---|---|---|
r-devel-linux-x86_64-debian-clang | 2.0.1 | 25.72 | 61.62 | 87.34 | OK | |
r-devel-linux-x86_64-debian-gcc | 2.0.1 | 22.85 | 52.49 | 75.34 | OK | |
r-devel-linux-x86_64-fedora-clang | 2.0.1 | 119.14 | OK | |||
r-devel-linux-x86_64-fedora-gcc | 2.0.1 | 112.15 | OK | |||
r-devel-windows-ix86+x86_64 | 2.0.1 | 56.00 | 163.00 | 219.00 | OK | |
r-patched-linux-x86_64 | 2.0.1 | 29.18 | 63.41 | 92.59 | OK | |
r-patched-solaris-x86 | 2.0.1 | 143.60 | OK | |||
r-release-linux-x86_64 | 2.0.1 | 27.42 | 62.43 | 89.85 | OK | |
r-release-windows-ix86+x86_64 | 2.0.1 | 56.00 | 163.00 | 219.00 | OK | |
r-release-osx-x86_64 | 2.0.1 | OK | ||||
r-oldrel-windows-ix86+x86_64 | 2.0.1 | 63.00 | 207.00 | 270.00 | OK | |
r-oldrel-osx-x86_64 | 2.0.0 | WARN |
Version: 2.0.0
Check: package dependencies
Result: NOTE
Package suggested but not available for checking: ‘move’
Flavor: r-oldrel-osx-x86_64
Version: 2.0.0
Check: re-building of vignette outputs
Result: WARN
Error in re-building vignettes:
...
Warning in engine$weave(file, quiet = quiet, encoding = enc) :
Pandoc (>= 1.12.3) and/or pandoc-citeproc not available. Falling back to R Markdown v1.
Quitting from lines 328-331 (EMbC_qckref.Rmd)
Error: processing vignette 'EMbC_qckref.Rmd' failed with diagnostics:
there is no package called 'move'
Execution halted
Flavor: r-oldrel-osx-x86_64