Last updated on 2018-05-14 01:46:38 CEST.
Flavor | Version | Tinstall | Tcheck | Ttotal | Status | Flags |
---|---|---|---|---|---|---|
r-devel-linux-x86_64-debian-clang | 1.0 | 1.17 | 17.18 | 18.35 | NOTE | |
r-devel-linux-x86_64-debian-gcc | 1.0 | 1.00 | 15.07 | 16.07 | NOTE | |
r-devel-linux-x86_64-fedora-clang | 1.0 | 24.13 | NOTE | |||
r-devel-linux-x86_64-fedora-gcc | 1.0 | 22.77 | NOTE | |||
r-devel-windows-ix86+x86_64 | 1.0 | 3.00 | 28.00 | 31.00 | NOTE | |
r-patched-linux-x86_64 | 1.0 | 1.07 | 17.90 | 18.97 | NOTE | |
r-patched-solaris-x86 | 1.0 | 36.30 | NOTE | |||
r-release-linux-x86_64 | 1.0 | 1.02 | 17.92 | 18.94 | NOTE | |
r-release-windows-ix86+x86_64 | 1.0 | 3.00 | 28.00 | 31.00 | NOTE | |
r-release-osx-x86_64 | 1.0 | NOTE | ||||
r-oldrel-windows-ix86+x86_64 | 1.0 | 2.00 | 27.00 | 29.00 | NOTE | |
r-oldrel-osx-x86_64 | 1.0 | NOTE |
Version: 1.0
Check: DESCRIPTION meta-information
Result: NOTE
Malformed Description field: should contain one or more complete sentences.
Flavors: r-devel-linux-x86_64-debian-clang, r-devel-linux-x86_64-debian-gcc, r-devel-linux-x86_64-fedora-clang, r-devel-linux-x86_64-fedora-gcc, r-devel-windows-ix86+x86_64, r-patched-linux-x86_64, r-patched-solaris-x86, r-release-linux-x86_64, r-release-windows-ix86+x86_64, r-release-osx-x86_64, r-oldrel-windows-ix86+x86_64, r-oldrel-osx-x86_64
Version: 1.0
Check: R code for possible problems
Result: NOTE
cv.ES: no visible binding for global variable ‘var’
Undefined global functions or variables:
var
Consider adding
importFrom("stats", "var")
to your NAMESPACE file.
Flavors: r-devel-linux-x86_64-debian-clang, r-devel-linux-x86_64-debian-gcc, r-devel-linux-x86_64-fedora-clang, r-devel-linux-x86_64-fedora-gcc, r-devel-windows-ix86+x86_64, r-patched-linux-x86_64, r-patched-solaris-x86, r-release-linux-x86_64, r-release-windows-ix86+x86_64, r-release-osx-x86_64, r-oldrel-windows-ix86+x86_64, r-oldrel-osx-x86_64