CRAN Package Check Results for Package EasyABC

Last updated on 2018-05-14 01:46:37 CEST.

Flavor Version Tinstall Tcheck Ttotal Status Flags
r-devel-linux-x86_64-debian-clang 1.5 12.64 79.72 92.36 NOTE
r-devel-linux-x86_64-debian-gcc 1.5 12.50 69.64 82.14 NOTE
r-devel-linux-x86_64-fedora-clang 1.5 127.61 NOTE
r-devel-linux-x86_64-fedora-gcc 1.5 123.73 NOTE
r-devel-windows-ix86+x86_64 1.5 26.00 158.00 184.00 OK
r-patched-linux-x86_64 1.5 9.12 79.64 88.76 NOTE
r-patched-solaris-x86 1.5 157.00 OK
r-release-linux-x86_64 1.5 11.29 78.95 90.24 NOTE
r-release-windows-ix86+x86_64 1.5 26.00 158.00 184.00 OK
r-release-osx-x86_64 1.5 OK
r-oldrel-windows-ix86+x86_64 1.5 18.00 104.00 122.00 OK
r-oldrel-osx-x86_64 1.5 OK

Check Details

Version: 1.5
Check: compiled code
Result: NOTE
    File ‘EasyABC/libs/EasyABC.so’:
     Found no calls to: ‘R_registerRoutines’, ‘R_useDynamicSymbols’
    
    It is good practice to register native routines and to disable symbol
    search.
    
    See ‘Writing portable packages’ in the ‘Writing R Extensions’ manual.
Flavors: r-devel-linux-x86_64-debian-clang, r-devel-linux-x86_64-debian-gcc, r-devel-linux-x86_64-fedora-clang, r-devel-linux-x86_64-fedora-gcc, r-patched-linux-x86_64, r-release-linux-x86_64