Last updated on 2018-05-14 01:46:39 CEST.
Flavor | Version | Tinstall | Tcheck | Ttotal | Status | Flags |
---|---|---|---|---|---|---|
r-devel-linux-x86_64-debian-clang | 1.1 | 31.60 | 19.85 | 51.45 | WARN | |
r-devel-linux-x86_64-debian-gcc | 1.1 | 20.91 | 16.60 | 37.51 | NOTE | |
r-devel-linux-x86_64-fedora-clang | 1.1 | 78.59 | NOTE | |||
r-devel-linux-x86_64-fedora-gcc | 1.1 | 49.11 | NOTE | |||
r-devel-windows-ix86+x86_64 | 1.1 | 66.00 | 67.00 | 133.00 | NOTE | |
r-patched-linux-x86_64 | 1.1 | 30.12 | 19.80 | 49.92 | NOTE | |
r-patched-solaris-x86 | 1.1 | 81.90 | NOTE | |||
r-release-linux-x86_64 | 1.1 | 29.06 | 19.86 | 48.92 | NOTE | |
r-release-windows-ix86+x86_64 | 1.1 | 66.00 | 67.00 | 133.00 | NOTE | |
r-release-osx-x86_64 | 1.1 | WARN | ||||
r-oldrel-windows-ix86+x86_64 | 1.1 | 94.00 | 44.00 | 138.00 | NOTE | |
r-oldrel-osx-x86_64 | 1.1 | NOTE |
Version: 1.1
Check: whether package can be installed
Result: WARN
Found the following significant warnings:
ANN.cpp:51:2: warning: 'register' storage class specifier is deprecated and incompatible with C++17 [-Wdeprecated-register]
ANN.cpp:52:2: warning: 'register' storage class specifier is deprecated and incompatible with C++17 [-Wdeprecated-register]
ANN.cpp:53:2: warning: 'register' storage class specifier is deprecated and incompatible with C++17 [-Wdeprecated-register]
KNN_ANN.cpp:30:2: warning: 'register' storage class specifier is deprecated and incompatible with C++17 [-Wdeprecated-register]
KNN_ANN.cpp:93:3: warning: 'register' storage class specifier is deprecated and incompatible with C++17 [-Wdeprecated-register]
KNN_ANN.cpp:132:2: warning: 'register' storage class specifier is deprecated and incompatible with C++17 [-Wdeprecated-register]
KNN_ANN.cpp:195:3: warning: 'register' storage class specifier is deprecated and incompatible with C++17 [-Wdeprecated-register]
./cover_tree.h:418:3: warning: 'register' storage class specifier is deprecated and incompatible with C++17 [-Wdeprecated-register]
KNN_cover_tree.cpp:21:3: warning: 'register' storage class specifier is deprecated and incompatible with C++17 [-Wdeprecated-register]
KNN_cover_tree.cpp:129:2: warning: 'register' storage class specifier is deprecated and incompatible with C++17 [-Wdeprecated-register]
KNN_cover_tree.cpp:196:2: warning: 'register' storage class specifier is deprecated and incompatible with C++17 [-Wdeprecated-register]
./pr_queue_k.h:103:4: warning: 'register' storage class specifier is deprecated and incompatible with C++17 [-Wdeprecated-register]
./pr_queue.h:89:4: warning: 'register' storage class specifier is deprecated and incompatible with C++17 [-Wdeprecated-register]
./pr_queue.h:91:5: warning: 'register' storage class specifier is deprecated and incompatible with C++17 [-Wdeprecated-register]
./pr_queue.h:108:4: warning: 'register' storage class specifier is deprecated and incompatible with C++17 [-Wdeprecated-register]
./pr_queue.h:109:4: warning: 'register' storage class specifier is deprecated and incompatible with C++17 [-Wdeprecated-register]
./pr_queue.h:110:4: warning: 'register' storage class specifier is deprecated and incompatible with C++17 [-Wdeprecated-register]
kd_fix_rad_search.cpp:150:2: warning: 'register' storage class specifier is deprecated and incompatible with C++17 [-Wdeprecated-register]
kd_fix_rad_search.cpp:151:2: warning: 'register' storage class specifier is deprecated and incompatible with C++17 [-Wdeprecated-register]
kd_fix_rad_search.cpp:152:2: warning: 'register' storage class specifier is deprecated and incompatible with C++17 [-Wdeprecated-register]
kd_fix_rad_search.cpp:153:2: warning: 'register' storage class specifier is deprecated and incompatible with C++17 [-Wdeprecated-register]
kd_fix_rad_search.cpp:154:2: warning: 'register' storage class specifier is deprecated and incompatible with C++17 [-Wdeprecated-register]
kd_pr_search.cpp:183:2: warning: 'register' storage class specifier is deprecated and incompatible with C++17 [-Wdeprecated-register]
kd_pr_search.cpp:184:2: warning: 'register' storage class specifier is deprecated and incompatible with C++17 [-Wdeprecated-register]
kd_pr_search.cpp:185:2: warning: 'register' storage class specifier is deprecated and incompatible with C++17 [-Wdeprecated-register]
kd_pr_search.cpp:186:2: warning: 'register' storage class specifier is deprecated and incompatible with C++17 [-Wdeprecated-register]
kd_pr_search.cpp:187:2: warning: 'register' storage class specifier is deprecated and incompatible with C++17 [-Wdeprecated-register]
kd_pr_search.cpp:188:2: warning: 'register' storage class specifier is deprecated and incompatible with C++17 [-Wdeprecated-register]
kd_search.cpp:174:2: warning: 'register' storage class specifier is deprecated and incompatible with C++17 [-Wdeprecated-register]
kd_search.cpp:175:2: warning: 'register' storage class specifier is deprecated and incompatible with C++17 [-Wdeprecated-register]
kd_search.cpp:176:2: warning: 'register' storage class specifier is deprecated and incompatible with C++17 [-Wdeprecated-register]
kd_search.cpp:177:2: warning: 'register' storage class specifier is deprecated and incompatible with C++17 [-Wdeprecated-register]
kd_search.cpp:178:2: warning: 'register' storage class specifier is deprecated and incompatible with C++17 [-Wdeprecated-register]
kd_search.cpp:179:2: warning: 'register' storage class specifier is deprecated and incompatible with C++17 [-Wdeprecated-register]
kd_util.cpp:130:2: warning: 'register' storage class specifier is deprecated and incompatible with C++17 [-Wdeprecated-register]
kd_util.cpp:131:2: warning: 'register' storage class specifier is deprecated and incompatible with C++17 [-Wdeprecated-register]
kd_util.cpp:133:7: warning: 'register' storage class specifier is deprecated and incompatible with C++17 [-Wdeprecated-register]
kd_util.cpp:241:3: warning: 'register' storage class specifier is deprecated and incompatible with C++17 [-Wdeprecated-register]
kd_util.cpp:242:3: warning: 'register' storage class specifier is deprecated and incompatible with C++17 [-Wdeprecated-register]
label_point.cpp:14:3: warning: 'register' storage class specifier is deprecated and incompatible with C++17 [-Wdeprecated-register]
label_point.cpp:15:3: warning: 'register' storage class specifier is deprecated and incompatible with C++17 [-Wdeprecated-register]
label_point.cpp:16:3: warning: 'register' storage class specifier is deprecated and incompatible with C++17 [-Wdeprecated-register]
Flavors: r-devel-linux-x86_64-debian-clang, r-release-osx-x86_64
Version: 1.1
Check: foreign function calls
Result: NOTE
Calls with DUP:
.C("KL_dist", t(X), t(Y), as.integer(k), d, n, m, KLD = double(k),
DUP = FALSE)
.C("KL_divergence", t(X), t(Y), as.integer(k), d, n, m, KL = double(k),
DUP = FALSE)
.C(Cname, t(X), as.integer(k), p, n, MLD = double(k), DUP = FALSE)
.C(Cname, t(data), as.integer(k), d, n, nn.index = integer(n *
k), nn.dist = double(n * k), DUP = FALSE)
.C(Cname, t(data), t(query), as.integer(k), d, n, m, nn.index = integer(m *
k), nn.dist = double(m * k), DUP = FALSE)
.C("mdmutinfo", t(X), t(Y), as.integer(p1), as.integer(p2), as.integer(k),
n, nx = integer(n), ny = integer(n), DUP = FALSE)
DUP is no longer supported and will be ignored.
Flavors: r-devel-linux-x86_64-debian-clang, r-devel-linux-x86_64-debian-gcc, r-devel-linux-x86_64-fedora-clang, r-devel-linux-x86_64-fedora-gcc, r-devel-windows-ix86+x86_64, r-patched-linux-x86_64, r-patched-solaris-x86, r-release-linux-x86_64, r-release-windows-ix86+x86_64, r-release-osx-x86_64, r-oldrel-windows-ix86+x86_64, r-oldrel-osx-x86_64
Version: 1.1
Check: compiled code
Result: NOTE
File ‘FNN/libs/FNN.so’:
Found no calls to: ‘R_registerRoutines’, ‘R_useDynamicSymbols’
It is good practice to register native routines and to disable symbol
search.
See ‘Writing portable packages’ in the ‘Writing R Extensions’ manual.
Flavors: r-devel-linux-x86_64-debian-clang, r-devel-linux-x86_64-debian-gcc, r-devel-linux-x86_64-fedora-clang, r-devel-linux-x86_64-fedora-gcc, r-patched-linux-x86_64, r-release-linux-x86_64