Last updated on 2018-05-14 01:46:39 CEST.
Flavor | Version | Tinstall | Tcheck | Ttotal | Status | Flags |
---|---|---|---|---|---|---|
r-devel-linux-x86_64-debian-clang | 0.9.0 | 14.86 | 131.50 | 146.36 | OK | |
r-devel-linux-x86_64-debian-gcc | 0.9.0 | 15.73 | 113.69 | 129.42 | OK | |
r-devel-linux-x86_64-fedora-clang | 0.9.0 | 202.88 | OK | |||
r-devel-linux-x86_64-fedora-gcc | 0.9.0 | 192.92 | OK | |||
r-devel-windows-ix86+x86_64 | 0.9.0 | 35.00 | 191.00 | 226.00 | OK | |
r-patched-linux-x86_64 | 0.9.0 | 17.11 | 142.30 | 159.41 | OK | |
r-patched-solaris-x86 | 0.9.0 | 241.50 | OK | |||
r-release-linux-x86_64 | 0.9.0 | 16.24 | 142.36 | 158.60 | OK | |
r-release-windows-ix86+x86_64 | 0.9.0 | 35.00 | 191.00 | 226.00 | OK | |
r-release-osx-x86_64 | 0.9.0 | OK | ||||
r-oldrel-windows-ix86+x86_64 | 0.9.0 | 7.00 | 144.00 | 151.00 | OK | |
r-oldrel-osx-x86_64 | 0.9.0 | WARN |
Version: 0.9.0
Check: re-building of vignette outputs
Result: WARN
Error in re-building vignettes:
...
Warning in private$.dnames[[1]][rows] = rownames(data) :
number of items to replace is not a multiple of replacement length
Warning in private$.dnames[[1]][rows] = rownames(data) :
number of items to replace is not a multiple of replacement length
Warning in private$.dnames[[1]][rows] = rownames(data) :
number of items to replace is not a multiple of replacement length
Warning: running command 'kpsewhich framed.sty' had status 1
Warning in test_latex_pkg("framed", system.file("misc", "framed.sty", package = "knitr")) :
unable to find LaTeX package 'framed'; will use a copy from knitr
Error in texi2dvi(file = file, pdf = TRUE, clean = clean, quiet = quiet, :
Running 'texi2dvi' on 'ClassDiagram.tex' failed.
LaTeX errors:
! LaTeX Error: File `pbox.sty' not found.
Type X to quit or <RETURN> to proceed,
or enter new name. (Default extension: sty)
! Emergency stop.
<read *>
l.56 \usepackage
{adjustbox}^^M
! ==> Fatal error occurred, no output PDF file produced!
Calls: buildVignettes -> texi2pdf -> texi2dvi
Execution halted
Flavor: r-oldrel-osx-x86_64