Last updated on 2018-05-14 01:46:42 CEST.
Flavor | Version | Tinstall | Tcheck | Ttotal | Status | Flags |
---|---|---|---|---|---|---|
r-devel-linux-x86_64-debian-clang | 1.3 | 16.37 | 134.80 | 151.17 | NOTE | |
r-devel-linux-x86_64-debian-gcc | 1.3 | 11.66 | 105.02 | 116.68 | NOTE | |
r-devel-linux-x86_64-fedora-clang | 1.3 | 202.73 | NOTE | |||
r-devel-linux-x86_64-fedora-gcc | 1.3 | 187.92 | NOTE | |||
r-devel-windows-ix86+x86_64 | 1.3 | 25.00 | 202.00 | 227.00 | OK | |
r-patched-linux-x86_64 | 1.3 | 16.35 | 140.44 | 156.79 | NOTE | |
r-patched-solaris-x86 | 1.3 | 421.40 | OK | |||
r-release-linux-x86_64 | 1.3 | 15.10 | 140.61 | 155.71 | NOTE | |
r-release-windows-ix86+x86_64 | 1.3 | 25.00 | 202.00 | 227.00 | OK | |
r-release-osx-x86_64 | 1.3 | OK | ||||
r-oldrel-windows-ix86+x86_64 | 1.3 | 36.00 | 156.00 | 192.00 | OK | |
r-oldrel-osx-x86_64 | 1.3 | OK |
Version: 1.3
Check: compiled code
Result: NOTE
File ‘GUILDS/libs/GUILDS.so’:
Found no calls to: ‘R_registerRoutines’, ‘R_useDynamicSymbols’
It is good practice to register native routines and to disable symbol
search.
See ‘Writing portable packages’ in the ‘Writing R Extensions’ manual.
Flavors: r-devel-linux-x86_64-debian-clang, r-devel-linux-x86_64-debian-gcc, r-devel-linux-x86_64-fedora-clang, r-devel-linux-x86_64-fedora-gcc, r-patched-linux-x86_64, r-release-linux-x86_64