CRAN Package Check Results for Package GeoRange

Last updated on 2018-05-14 01:46:41 CEST.

Flavor Version Tinstall Tcheck Ttotal Status Flags
r-devel-linux-x86_64-debian-clang 0.1.0 3.52 46.20 49.72 OK
r-devel-linux-x86_64-debian-gcc 0.1.0 2.06 40.88 42.94 OK
r-devel-linux-x86_64-fedora-clang 0.1.0 65.80 NOTE
r-devel-linux-x86_64-fedora-gcc 0.1.0 62.58 NOTE
r-devel-windows-ix86+x86_64 0.1.0 6.00 78.00 84.00 OK
r-patched-linux-x86_64 0.1.0 3.19 50.44 53.63 OK
r-patched-solaris-x86 0.1.0 86.70 NOTE
r-release-linux-x86_64 0.1.0 3.65 50.03 53.68 OK
r-release-windows-ix86+x86_64 0.1.0 6.00 78.00 84.00 OK
r-release-osx-x86_64 0.1.0 NOTE
r-oldrel-windows-ix86+x86_64 0.1.0 6.00 63.00 69.00 OK
r-oldrel-osx-x86_64 0.1.0 NOTE

Check Details

Version: 0.1.0
Check: dependencies in R code
Result: NOTE
    Namespace in Imports field not imported from: ‘velociraptr’
     All declared Imports should be used.
Flavors: r-devel-linux-x86_64-fedora-clang, r-devel-linux-x86_64-fedora-gcc, r-patched-solaris-x86, r-release-osx-x86_64, r-oldrel-osx-x86_64