Last updated on 2018-05-14 01:46:41 CEST.
Flavor | Version | Tinstall | Tcheck | Ttotal | Status | Flags |
---|---|---|---|---|---|---|
r-devel-linux-x86_64-debian-clang | 1.2 | 5.71 | 87.83 | 93.54 | OK | |
r-devel-linux-x86_64-debian-gcc | 1.2 | 6.72 | 78.78 | 85.50 | OK | |
r-devel-linux-x86_64-fedora-clang | 1.2 | 131.42 | NOTE | |||
r-devel-linux-x86_64-fedora-gcc | 1.2 | 127.51 | NOTE | |||
r-devel-windows-ix86+x86_64 | 1.2 | 23.00 | 133.00 | 156.00 | OK | |
r-patched-linux-x86_64 | 1.2 | 5.92 | 82.83 | 88.75 | OK | |
r-patched-solaris-x86 | 1.2 | 168.20 | NOTE | |||
r-release-linux-x86_64 | 1.2 | 6.33 | 82.45 | 88.78 | OK | |
r-release-windows-ix86+x86_64 | 1.2 | 23.00 | 133.00 | 156.00 | OK | |
r-release-osx-x86_64 | 1.2 | NOTE | ||||
r-oldrel-windows-ix86+x86_64 | 1.2 | 17.00 | 134.00 | 151.00 | OK | |
r-oldrel-osx-x86_64 | 1.2 | NOTE |
Version: 1.2
Check: dependencies in R code
Result: NOTE
Namespaces in Imports field not imported from:
‘DT’ ‘shinydashboard’
All declared Imports should be used.
Flavors: r-devel-linux-x86_64-fedora-clang, r-devel-linux-x86_64-fedora-gcc, r-patched-solaris-x86, r-release-osx-x86_64, r-oldrel-osx-x86_64