Last updated on 2018-05-14 01:46:43 CEST.
Flavor | Version | Tinstall | Tcheck | Ttotal | Status | Flags |
---|---|---|---|---|---|---|
r-devel-linux-x86_64-debian-clang | 1.1 | 4.75 | 39.40 | 44.15 | NOTE | |
r-devel-linux-x86_64-debian-gcc | 1.1 | 4.13 | 34.35 | 38.48 | NOTE | |
r-devel-linux-x86_64-fedora-clang | 1.1 | 58.89 | NOTE | |||
r-devel-linux-x86_64-fedora-gcc | 1.1 | 55.97 | NOTE | |||
r-devel-windows-ix86+x86_64 | 1.1 | 8.00 | 67.00 | 75.00 | NOTE | |
r-patched-linux-x86_64 | 1.1 | 3.76 | 41.20 | 44.96 | NOTE | |
r-patched-solaris-x86 | 1.1 | 77.10 | NOTE | |||
r-release-linux-x86_64 | 1.1 | 4.98 | 40.90 | 45.88 | NOTE | |
r-release-windows-ix86+x86_64 | 1.1 | 8.00 | 67.00 | 75.00 | NOTE | |
r-release-osx-x86_64 | 1.1 | NOTE | ||||
r-oldrel-windows-ix86+x86_64 | 1.1 | 6.00 | 50.00 | 56.00 | NOTE | |
r-oldrel-osx-x86_64 | 1.1 | NOTE |
Version: 1.1
Check: R code for possible problems
Result: NOTE
GxMestimator: no visible global function definition for ‘na.omit’
initialization_chol: no visible global function definition for ‘cov’
initialization_corr: no visible global function definition for ‘cov’
initialization_nlmain: no visible global function definition for
‘lm.fit’
print.summaryGxMclass: no visible global function definition for
‘pnorm’
print.summaryGxMclass: no visible global function definition for
‘printCoefmat’
Undefined global functions or variables:
cov lm.fit na.omit pnorm printCoefmat
Consider adding
importFrom("stats", "cov", "lm.fit", "na.omit", "pnorm",
"printCoefmat")
to your NAMESPACE file.
Flavors: r-devel-linux-x86_64-debian-clang, r-devel-linux-x86_64-debian-gcc, r-devel-linux-x86_64-fedora-clang, r-devel-linux-x86_64-fedora-gcc, r-devel-windows-ix86+x86_64, r-patched-linux-x86_64, r-patched-solaris-x86, r-release-linux-x86_64, r-release-windows-ix86+x86_64, r-release-osx-x86_64, r-oldrel-windows-ix86+x86_64, r-oldrel-osx-x86_64