CRAN Package Check Results for Package HDtest

Last updated on 2018-05-14 01:46:43 CEST.

Flavor Version Tinstall Tcheck Ttotal Status Flags
r-devel-linux-x86_64-debian-clang 0.1 6.51 64.25 70.76 NOTE
r-devel-linux-x86_64-debian-gcc 0.1 5.67 58.34 64.01 NOTE
r-devel-linux-x86_64-fedora-clang 0.1 100.41 NOTE
r-devel-linux-x86_64-fedora-gcc 0.1 97.96 NOTE
r-devel-windows-ix86+x86_64 0.1 12.00 134.00 146.00 OK
r-patched-linux-x86_64 0.1 5.44 66.41 71.85 NOTE
r-patched-solaris-x86 0.1 151.70 OK
r-release-linux-x86_64 0.1 5.26 65.66 70.92 NOTE
r-release-windows-ix86+x86_64 0.1 12.00 134.00 146.00 OK
r-release-osx-x86_64 0.1 OK
r-oldrel-windows-ix86+x86_64 0.1 12.00 101.00 113.00 OK
r-oldrel-osx-x86_64 0.1 OK

Check Details

Version: 0.1
Check: compiled code
Result: NOTE
    File ‘HDtest/libs/HDtest.so’:
     Found no calls to: ‘R_registerRoutines’, ‘R_useDynamicSymbols’
    
    It is good practice to register native routines and to disable symbol
    search.
    
    See ‘Writing portable packages’ in the ‘Writing R Extensions’ manual.
Flavors: r-devel-linux-x86_64-debian-clang, r-devel-linux-x86_64-debian-gcc, r-devel-linux-x86_64-fedora-clang, r-devel-linux-x86_64-fedora-gcc, r-patched-linux-x86_64, r-release-linux-x86_64